Current File : /home/n742ef5/access-logs/tk4tax.com.4742ef636f9889882.temporary.link-ssl_log
66.249.69.2 - - [19/Jul/2025:08:16:14 -0400] "GET /shopdetail/8386771162882 HTTP/1.1" 403 - "-" "Mozilla/5.0 (Linux; Android 6.0.1; Nexus 5X Build/MMB29P) AppleWebKit/537.36 (KHTML, like Gecko) Chrome/137.0.7151.103 Mobile Safari/537.36 (compatible; Googlebot/2.1; +http://www.google.com/bot.html)"
66.249.69.1 - - [19/Jul/2025:08:22:27 -0400] "GET /shopdetail/8386771162802 HTTP/1.1" 403 - "-" "Mozilla/5.0 (Linux; Android 6.0.1; Nexus 5X Build/MMB29P) AppleWebKit/537.36 (KHTML, like Gecko) Chrome/137.0.7151.103 Mobile Safari/537.36 (compatible; Googlebot/2.1; +http://www.google.com/bot.html)"
66.249.69.1 - - [19/Jul/2025:08:41:24 -0400] "GET /shopdetail/838677116841 HTTP/1.1" 403 - "-" "Mozilla/5.0 (Linux; Android 6.0.1; Nexus 5X Build/MMB29P) AppleWebKit/537.36 (KHTML, like Gecko) Chrome/137.0.7151.103 Mobile Safari/537.36 (compatible; Googlebot/2.1; +http://www.google.com/bot.html)"
66.249.69.1 - - [19/Jul/2025:08:49:23 -0400] "GET /shopdetail/8386771161960 HTTP/1.1" 403 - "-" "Mozilla/5.0 (Linux; Android 6.0.1; Nexus 5X Build/MMB29P) AppleWebKit/537.36 (KHTML, like Gecko) Chrome/137.0.7151.103 Mobile Safari/537.36 (compatible; Googlebot/2.1; +http://www.google.com/bot.html)"
66.249.69.1 - - [19/Jul/2025:08:50:51 -0400] "GET /shopdetail/8386771162472 HTTP/1.1" 403 - "-" "Mozilla/5.0 (Linux; Android 6.0.1; Nexus 5X Build/MMB29P) AppleWebKit/537.36 (KHTML, like Gecko) Chrome/137.0.7151.103 Mobile Safari/537.36 (compatible; Googlebot/2.1; +http://www.google.com/bot.html)"
66.249.69.1 - - [19/Jul/2025:08:50:52 -0400] "GET /shopdetail/838677116806 HTTP/1.1" 403 - "-" "Mozilla/5.0 (Linux; Android 6.0.1; Nexus 5X Build/MMB29P) AppleWebKit/537.36 (KHTML, like Gecko) Chrome/137.0.7151.103 Mobile Safari/537.36 (compatible; Googlebot/2.1; +http://www.google.com/bot.html)"
66.249.69.1 - - [19/Jul/2025:08:50:53 -0400] "GET /shopdetail/8386771161712 HTTP/1.1" 403 - "-" "Mozilla/5.0 (Linux; Android 6.0.1; Nexus 5X Build/MMB29P) AppleWebKit/537.36 (KHTML, like Gecko) Chrome/137.0.7151.103 Mobile Safari/537.36 (compatible; Googlebot/2.1; +http://www.google.com/bot.html)"
66.249.69.3 - - [19/Jul/2025:08:50:54 -0400] "GET /shopdetail/838677116936 HTTP/1.1" 403 - "-" "Mozilla/5.0 (Linux; Android 6.0.1; Nexus 5X Build/MMB29P) AppleWebKit/537.36 (KHTML, like Gecko) Chrome/137.0.7151.103 Mobile Safari/537.36 (compatible; Googlebot/2.1; +http://www.google.com/bot.html)"
66.249.69.3 - - [19/Jul/2025:08:50:55 -0400] "GET /shopdetail/8386771162569 HTTP/1.1" 403 - "-" "Mozilla/5.0 (Linux; Android 6.0.1; Nexus 5X Build/MMB29P) AppleWebKit/537.36 (KHTML, like Gecko) Chrome/137.0.7151.103 Mobile Safari/537.36 (compatible; Googlebot/2.1; +http://www.google.com/bot.html)"
66.249.69.1 - - [19/Jul/2025:08:50:56 -0400] "GET /shopdetail/838677116449 HTTP/1.1" 403 - "-" "Mozilla/5.0 (Linux; Android 6.0.1; Nexus 5X Build/MMB29P) AppleWebKit/537.36 (KHTML, like Gecko) Chrome/137.0.7151.103 Mobile Safari/537.36 (compatible; Googlebot/2.1; +http://www.google.com/bot.html)"
66.249.69.1 - - [19/Jul/2025:08:51:31 -0400] "GET /shopdetail/83867711693 HTTP/1.1" 403 - "-" "Mozilla/5.0 (Linux; Android 6.0.1; Nexus 5X Build/MMB29P) AppleWebKit/537.36 (KHTML, like Gecko) Chrome/137.0.7151.103 Mobile Safari/537.36 (compatible; Googlebot/2.1; +http://www.google.com/bot.html)"
66.249.69.1 - - [19/Jul/2025:08:53:04 -0400] "GET /wp-sitemap-posts-page-1.xml HTTP/1.1" 403 - "-" "Mozilla/5.0 (compatible; Googlebot/2.1; +http://www.google.com/bot.html)"
57.129.139.60 - - [19/Jul/2025:08:55:37 -0400] "GET / HTTP/1.1" 403 - "-" "Mozilla/5.0 (Macintosh; Intel Mac OS X 10_15_7) AppleWebKit/537.36 (KHTML, like Gecko) Chrome/127.0.0 Safari/537.36"
66.249.69.2 - - [19/Jul/2025:08:56:18 -0400] "GET /wp-sitemap-taxonomies-category-1.xml HTTP/1.1" 403 - "-" "Mozilla/5.0 (compatible; Googlebot/2.1; +http://www.google.com/bot.html)"
66.249.69.1 - - [19/Jul/2025:09:00:35 -0400] "GET /shopdetail/8386771162531 HTTP/1.1" 403 - "-" "Mozilla/5.0 (Linux; Android 6.0.1; Nexus 5X Build/MMB29P) AppleWebKit/537.36 (KHTML, like Gecko) Chrome/137.0.7151.103 Mobile Safari/537.36 (compatible; Googlebot/2.1; +http://www.google.com/bot.html)"
66.249.69.2 - - [19/Jul/2025:09:00:36 -0400] "GET /shopdetail/8386771161275 HTTP/1.1" 403 - "-" "Mozilla/5.0 (Linux; Android 6.0.1; Nexus 5X Build/MMB29P) AppleWebKit/537.36 (KHTML, like Gecko) Chrome/137.0.7151.103 Mobile Safari/537.36 (compatible; Googlebot/2.1; +http://www.google.com/bot.html)"
66.249.69.2 - - [19/Jul/2025:09:00:37 -0400] "GET /shopdetail/8386771161032 HTTP/1.1" 403 - "-" "Mozilla/5.0 (Linux; Android 6.0.1; Nexus 5X Build/MMB29P) AppleWebKit/537.36 (KHTML, like Gecko) Chrome/137.0.7151.103 Mobile Safari/537.36 (compatible; Googlebot/2.1; +http://www.google.com/bot.html)"
66.249.69.1 - - [19/Jul/2025:09:01:36 -0400] "GET /shopdetail/83867711697 HTTP/1.1" 403 - "-" "Mozilla/5.0 (Linux; Android 6.0.1; Nexus 5X Build/MMB29P) AppleWebKit/537.36 (KHTML, like Gecko) Chrome/137.0.7151.103 Mobile Safari/537.36 (compatible; Googlebot/2.1; +http://www.google.com/bot.html)"
66.249.69.3 - - [19/Jul/2025:09:10:16 -0400] "GET /shopdetail/838677116589 HTTP/1.1" 403 - "-" "Mozilla/5.0 (Linux; Android 6.0.1; Nexus 5X Build/MMB29P) AppleWebKit/537.36 (KHTML, like Gecko) Chrome/137.0.7151.103 Mobile Safari/537.36 (compatible; Googlebot/2.1; +http://www.google.com/bot.html)"
104.244.72.22 - - [19/Jul/2025:09:15:18 -0400] "GET /testsitemap.xml HTTP/1.1" 403 - "-" "google,yahoo,bot,googlebot"
66.249.69.1 - - [19/Jul/2025:09:19:21 -0400] "GET /shopdetail/8386771161198 HTTP/1.1" 403 - "-" "Mozilla/5.0 (Linux; Android 6.0.1; Nexus 5X Build/MMB29P) AppleWebKit/537.36 (KHTML, like Gecko) Chrome/137.0.7151.103 Mobile Safari/537.36 (compatible; Googlebot/2.1; +http://www.google.com/bot.html)"
45.148.10.80 - - [19/Jul/2025:09:19:40 -0400] "GET / HTTP/1.1" 200 12104 "-" "Opera/9.80 (S60; SymbOS; Opera Mobi/499; U; ru) Presto/2.4.18 Version/10.00"
45.148.10.80 - - [19/Jul/2025:09:21:36 -0400] "GET //submit_post.js HTTP/1.1" 200 12120 "-" "Mozilla/5.0 (Linux; Android 8.0.0; SM-G955F) AppleWebKit/537.36 (KHTML, like Gecko) Chrome/76.0.3809.111 Mobile Safari/537.36"
45.148.10.80 - - [19/Jul/2025:09:21:38 -0400] "GET //cptimezone_optimized.js HTTP/1.1" 200 12105 "-" "Mozilla/5.0 (Symbian/3; Series60/5.2 NokiaE7-00/010.016; Profile/MIDP-2.1 Configuration/CLDC-1.1 ) AppleWebKit/525 (KHTML, like Gecko) Version/3.0 BrowserNG/7.2.7.3 3gpp-gba"
45.148.10.80 - - [19/Jul/2025:09:21:38 -0400] "GET //jstz.min.js HTTP/1.1" 200 12118 "-" "Mozilla/5.0 (Windows NT 10.0; Win64; x64) AppleWebKit/537.36 (KHTML, like Gecko) Chrome/77.0.3865.19 Safari/537.36 OPR/64.0.3409.0 (Edition developer)"
45.148.10.80 - - [19/Jul/2025:09:21:38 -0400] "GET //login.js HTTP/1.1" 200 12115 "-" "Mozilla/5.0 (Linux; Android 8.0.0; LLD-L31) AppleWebKit/537.36 (KHTML, like Gecko) Chrome/73.0.3683.90 Mobile Safari/537.36"
207.180.204.84 - - [19/Jul/2025:09:22:06 -0400] "GET /.env HTTP/1.1" 403 - "-" "Mozilla/5.0 (Windows NT 6.1; WOW64) AppleWebKit/537.36 (KHTML, like Gecko) Chrome/49.0.2623.87 Safari/537.36"
41.140.32.135 - - [19/Jul/2025:09:30:27 -0400] "HEAD / HTTP/1.1" 403 - "https://tk4tax.com" "Mozilla/5.0 (Windows NT 10.0; Win64; x64) AppleWebKit/537.36 (KHTML, like Gecko) Chrome/100.0.4896.127 Safari/537.36"
41.140.32.135 - - [19/Jul/2025:09:30:27 -0400] "GET / HTTP/1.1" 403 - "https://tk4tax.com" "Mozilla/5.0 (Windows NT 10.0; Win64; x64) AppleWebKit/537.36 (KHTML, like Gecko) Chrome/100.0.4896.127 Safari/537.36"
66.249.69.2 - - [19/Jul/2025:09:37:40 -0400] "GET /shopdetail/8386771161868 HTTP/1.1" 403 - "-" "Mozilla/5.0 (Linux; Android 6.0.1; Nexus 5X Build/MMB29P) AppleWebKit/537.36 (KHTML, like Gecko) Chrome/137.0.7151.103 Mobile Safari/537.36 (compatible; Googlebot/2.1; +http://www.google.com/bot.html)"
66.249.69.1 - - [19/Jul/2025:09:38:29 -0400] "GET /shopdetail/8386771162805 HTTP/1.1" 403 - "-" "Mozilla/5.0 (Linux; Android 6.0.1; Nexus 5X Build/MMB29P) AppleWebKit/537.36 (KHTML, like Gecko) Chrome/137.0.7151.103 Mobile Safari/537.36 (compatible; Googlebot/2.1; +http://www.google.com/bot.html)"
66.249.69.3 - - [19/Jul/2025:09:52:23 -0400] "GET /shopdetail/8386771162939 HTTP/1.1" 403 - "-" "Mozilla/5.0 (Linux; Android 6.0.1; Nexus 5X Build/MMB29P) AppleWebKit/537.36 (KHTML, like Gecko) Chrome/137.0.7151.103 Mobile Safari/537.36 (compatible; GoogleOther)"
66.249.69.2 - - [19/Jul/2025:09:55:48 -0400] "GET /shopdetail/8386771161307 HTTP/1.1" 403 - "-" "Mozilla/5.0 (Linux; Android 6.0.1; Nexus 5X Build/MMB29P) AppleWebKit/537.36 (KHTML, like Gecko) Chrome/137.0.7151.103 Mobile Safari/537.36 (compatible; Googlebot/2.1; +http://www.google.com/bot.html)"
66.249.69.3 - - [19/Jul/2025:09:57:26 -0400] "GET /shopdetail/8386771161640 HTTP/1.1" 403 - "-" "Mozilla/5.0 (Linux; Android 6.0.1; Nexus 5X Build/MMB29P) AppleWebKit/537.36 (KHTML, like Gecko) Chrome/137.0.7151.103 Mobile Safari/537.36 (compatible; Googlebot/2.1; +http://www.google.com/bot.html)"
66.249.69.3 - - [19/Jul/2025:10:06:55 -0400] "GET /shopdetail/8386771161985 HTTP/1.1" 403 - "-" "Mozilla/5.0 (Linux; Android 6.0.1; Nexus 5X Build/MMB29P) AppleWebKit/537.36 (KHTML, like Gecko) Chrome/137.0.7151.103 Mobile Safari/537.36 (compatible; Googlebot/2.1; +http://www.google.com/bot.html)"
104.244.72.22 - - [19/Jul/2025:10:10:13 -0400] "GET /testsitemap.xml HTTP/1.1" 403 - "-" "google,yahoo,bot,googlebot"
66.249.69.2 - - [19/Jul/2025:10:16:23 -0400] "GET /shopdetail/8386771162178 HTTP/1.1" 403 - "-" "Mozilla/5.0 (Linux; Android 6.0.1; Nexus 5X Build/MMB29P) AppleWebKit/537.36 (KHTML, like Gecko) Chrome/137.0.7151.103 Mobile Safari/537.36 (compatible; Googlebot/2.1; +http://www.google.com/bot.html)"
40.77.167.54 - - [19/Jul/2025:10:23:25 -0400] "GET /products/empty64202?id=16 HTTP/1.1" 403 - "-" "Mozilla/5.0 AppleWebKit/537.36 (KHTML, like Gecko; compatible; bingbot/2.0; +http://www.bing.com/bingbot.htm) Chrome/116.0.1938.76 Safari/537.36"
114.119.153.247 - - [19/Jul/2025:10:24:29 -0400] "GET /small-business-tax/ HTTP/1.1" 403 - "https://tk4tax.com/personal-tax/" "Mozilla/5.0 (Linux; Android 7.0;) AppleWebKit/537.36 (KHTML, like Gecko) Mobile Safari/537.36 (compatible; PetalBot;+https://webmaster.petalsearch.com/site/petalbot)"
45.148.10.80 - - [19/Jul/2025:10:33:48 -0400] "GET / HTTP/1.1" 401 52 "-" "Mozilla/5.0 (Linux; Android 9; G8341) AppleWebKit/537.36 (KHTML, like Gecko) Chrome/76.0.3809.111 Mobile Safari/537.36"
176.195.3.225 - - [19/Jul/2025:10:54:52 -0400] "GET / HTTP/1.0" 403 - "https://tk4tax.com/" "Mozilla/5.0 (Windows NT 10.0; Win64; x64) AppleWebKit/537.36 (KHTML, like Gecko) Chrome/129.0.0.0 Safari/537.36"
176.195.3.225 - - [19/Jul/2025:10:54:53 -0400] "GET / HTTP/1.0" 403 - "https://tk4tax.com/" "Mozilla/5.0 (Windows NT 10.0; Win64; x64) AppleWebKit/537.36 (KHTML, like Gecko) Chrome/129.0.0.0 Safari/537.36"
156.246.220.218 - - [19/Jul/2025:10:54:54 -0400] "GET / HTTP/1.0" 403 - "https://tk4tax.com/" "Mozilla/5.0 (Windows NT 10.0; Win64; x64) AppleWebKit/537.36 (KHTML, like Gecko) Chrome/129.0.0.0 Safari/537.36"
66.249.69.2 - - [19/Jul/2025:10:58:14 -0400] "GET /shopdetail/8386771161771 HTTP/1.1" 403 - "-" "Mozilla/5.0 (Linux; Android 6.0.1; Nexus 5X Build/MMB29P) AppleWebKit/537.36 (KHTML, like Gecko) Chrome/137.0.7151.103 Mobile Safari/537.36 (compatible; Googlebot/2.1; +http://www.google.com/bot.html)"
66.249.69.1 - - [19/Jul/2025:10:58:15 -0400] "GET /shopdetail/838677116173 HTTP/1.1" 403 - "-" "Mozilla/5.0 (Linux; Android 6.0.1; Nexus 5X Build/MMB29P) AppleWebKit/537.36 (KHTML, like Gecko) Chrome/137.0.7151.103 Mobile Safari/537.36 (compatible; Googlebot/2.1; +http://www.google.com/bot.html)"
66.249.69.2 - - [19/Jul/2025:10:58:34 -0400] "GET /shopdetail/8386771162668 HTTP/1.1" 403 - "-" "Mozilla/5.0 (Linux; Android 6.0.1; Nexus 5X Build/MMB29P) AppleWebKit/537.36 (KHTML, like Gecko) Chrome/137.0.7151.103 Mobile Safari/537.36 (compatible; Googlebot/2.1; +http://www.google.com/bot.html)"
66.249.69.1 - - [19/Jul/2025:10:58:43 -0400] "GET /shopdetail/8386771162550 HTTP/1.1" 403 - "-" "Mozilla/5.0 (Linux; Android 6.0.1; Nexus 5X Build/MMB29P) AppleWebKit/537.36 (KHTML, like Gecko) Chrome/137.0.7151.103 Mobile Safari/537.36 (compatible; Googlebot/2.1; +http://www.google.com/bot.html)"
66.249.69.1 - - [19/Jul/2025:10:58:45 -0400] "GET /shopdetail/8386771162094 HTTP/1.1" 403 - "-" "Mozilla/5.0 (Linux; Android 6.0.1; Nexus 5X Build/MMB29P) AppleWebKit/537.36 (KHTML, like Gecko) Chrome/137.0.7151.103 Mobile Safari/537.36 (compatible; Googlebot/2.1; +http://www.google.com/bot.html)"
66.249.69.1 - - [19/Jul/2025:11:03:28 -0400] "GET /shopdetail/8386771161090 HTTP/1.1" 403 - "-" "Mozilla/5.0 (Linux; Android 6.0.1; Nexus 5X Build/MMB29P) AppleWebKit/537.36 (KHTML, like Gecko) Chrome/137.0.7151.103 Mobile Safari/537.36 (compatible; Googlebot/2.1; +http://www.google.com/bot.html)"
66.249.69.1 - - [19/Jul/2025:11:03:29 -0400] "GET /shopdetail/8386771161065 HTTP/1.1" 403 - "-" "Mozilla/5.0 (Linux; Android 6.0.1; Nexus 5X Build/MMB29P) AppleWebKit/537.36 (KHTML, like Gecko) Chrome/137.0.7151.103 Mobile Safari/537.36 (compatible; Googlebot/2.1; +http://www.google.com/bot.html)"
66.249.69.2 - - [19/Jul/2025:11:03:30 -0400] "GET /shopdetail/8386771162949 HTTP/1.1" 403 - "-" "Mozilla/5.0 (Linux; Android 6.0.1; Nexus 5X Build/MMB29P) AppleWebKit/537.36 (KHTML, like Gecko) Chrome/137.0.7151.103 Mobile Safari/537.36 (compatible; Googlebot/2.1; +http://www.google.com/bot.html)"
66.249.69.1 - - [19/Jul/2025:11:03:31 -0400] "GET /shopdetail/838677116578 HTTP/1.1" 403 - "-" "Mozilla/5.0 (Linux; Android 6.0.1; Nexus 5X Build/MMB29P) AppleWebKit/537.36 (KHTML, like Gecko) Chrome/137.0.7151.103 Mobile Safari/537.36 (compatible; Googlebot/2.1; +http://www.google.com/bot.html)"
66.249.69.2 - - [19/Jul/2025:11:03:32 -0400] "GET /shopdetail/8386771161961 HTTP/1.1" 403 - "-" "Mozilla/5.0 (Linux; Android 6.0.1; Nexus 5X Build/MMB29P) AppleWebKit/537.36 (KHTML, like Gecko) Chrome/137.0.7151.103 Mobile Safari/537.36 (compatible; Googlebot/2.1; +http://www.google.com/bot.html)"
66.249.69.1 - - [19/Jul/2025:11:03:52 -0400] "GET /shopdetail/8386771162517 HTTP/1.1" 403 - "-" "Mozilla/5.0 (Linux; Android 6.0.1; Nexus 5X Build/MMB29P) AppleWebKit/537.36 (KHTML, like Gecko) Chrome/137.0.7151.103 Mobile Safari/537.36 (compatible; Googlebot/2.1; +http://www.google.com/bot.html)"
66.249.69.2 - - [19/Jul/2025:11:07:14 -0400] "GET /shopdetail/838677116285 HTTP/1.1" 403 - "-" "Mozilla/5.0 (Linux; Android 6.0.1; Nexus 5X Build/MMB29P) AppleWebKit/537.36 (KHTML, like Gecko) Chrome/137.0.7151.103 Mobile Safari/537.36 (compatible; Googlebot/2.1; +http://www.google.com/bot.html)"
66.249.69.2 - - [19/Jul/2025:11:07:31 -0400] "GET /shopdetail/8386771162204 HTTP/1.1" 403 - "-" "Mozilla/5.0 (Linux; Android 6.0.1; Nexus 5X Build/MMB29P) AppleWebKit/537.36 (KHTML, like Gecko) Chrome/137.0.7151.103 Mobile Safari/537.36 (compatible; Googlebot/2.1; +http://www.google.com/bot.html)"
66.249.69.1 - - [19/Jul/2025:11:13:16 -0400] "GET /shopdetail/8386771161141 HTTP/1.1" 403 - "-" "Mozilla/5.0 (Linux; Android 6.0.1; Nexus 5X Build/MMB29P) AppleWebKit/537.36 (KHTML, like Gecko) Chrome/137.0.7151.103 Mobile Safari/537.36 (compatible; Googlebot/2.1; +http://www.google.com/bot.html)"
66.249.69.3 - - [19/Jul/2025:11:13:16 -0400] "GET /shopdetail/8386771162509 HTTP/1.1" 403 - "-" "Mozilla/5.0 (Linux; Android 6.0.1; Nexus 5X Build/MMB29P) AppleWebKit/537.36 (KHTML, like Gecko) Chrome/137.0.7151.103 Mobile Safari/537.36 (compatible; Googlebot/2.1; +http://www.google.com/bot.html)"
66.249.69.1 - - [19/Jul/2025:11:13:20 -0400] "GET /shopdetail/8386771162871 HTTP/1.1" 403 - "-" "Mozilla/5.0 (Linux; Android 6.0.1; Nexus 5X Build/MMB29P) AppleWebKit/537.36 (KHTML, like Gecko) Chrome/137.0.7151.103 Mobile Safari/537.36 (compatible; Googlebot/2.1; +http://www.google.com/bot.html)"
104.244.72.22 - - [19/Jul/2025:11:15:20 -0400] "GET /testsitemap.xml HTTP/1.1" 403 - "-" "google,yahoo,bot,googlebot"
66.249.69.1 - - [19/Jul/2025:11:22:26 -0400] "GET /shopdetail/8386771161608 HTTP/1.1" 403 - "-" "Mozilla/5.0 (Linux; Android 6.0.1; Nexus 5X Build/MMB29P) AppleWebKit/537.36 (KHTML, like Gecko) Chrome/137.0.7151.103 Mobile Safari/537.36 (compatible; Googlebot/2.1; +http://www.google.com/bot.html)"
199.45.155.111 - - [19/Jul/2025:11:35:17 -0400] "GET / HTTP/1.1" 503 - "-" "Mozilla/5.0 (compatible; CensysInspect/1.1; +https://about.censys.io/)"
199.45.155.111 - - [19/Jul/2025:11:35:36 -0400] "GET /favicon.ico HTTP/1.1" 503 - "-" "Mozilla/5.0 (compatible; CensysInspect/1.1; +https://about.censys.io/)"
199.45.155.111 - - [19/Jul/2025:11:35:43 -0400] "GET /login HTTP/1.1" 503 - "-" "Mozilla/5.0 (compatible; CensysInspect/1.1; +https://about.censys.io/)"
178.20.44.82 - - [19/Jul/2025:11:38:10 -0400] "GET / HTTP/1.0" 403 - "https://tk4tax.com/" "Mozilla/5.0 (Windows NT 10.0; Win64; x64) AppleWebKit/537.36 (KHTML, like Gecko) Chrome/131.0.0.0 Safari/537.36 Avast/131.0.0.0"
178.20.44.82 - - [19/Jul/2025:11:38:11 -0400] "GET / HTTP/1.0" 403 - "https://tk4tax.com/" "Mozilla/5.0 (Windows NT 10.0; Win64; x64) AppleWebKit/537.36 (KHTML, like Gecko) Chrome/131.0.0.0 Safari/537.36 Avast/131.0.0.0"
178.20.44.82 - - [19/Jul/2025:11:38:22 -0400] "GET / HTTP/1.0" 403 - "https://tk4tax.com/" "Mozilla/5.0 (Windows NT 10.0; Win64; x64) AppleWebKit/537.36 (KHTML, like Gecko) Chrome/131.0.0.0 Safari/537.36 Avast/131.0.0.0"
178.20.44.82 - - [19/Jul/2025:11:38:22 -0400] "GET / HTTP/1.0" 403 - "https://tk4tax.com/" "Mozilla/5.0 (Windows NT 10.0; Win64; x64) AppleWebKit/537.36 (KHTML, like Gecko) Chrome/131.0.0.0 Safari/537.36 Avast/131.0.0.0"
199.45.155.104 - - [19/Jul/2025:11:48:20 -0400] "GET / HTTP/1.1" 503 - "-" "Mozilla/5.0 (compatible; CensysInspect/1.1; +https://about.censys.io/)"
199.45.155.104 - - [19/Jul/2025:11:48:43 -0400] "GET /favicon.ico HTTP/1.1" 503 - "-" "Mozilla/5.0 (compatible; CensysInspect/1.1; +https://about.censys.io/)"
199.45.155.104 - - [19/Jul/2025:11:48:50 -0400] "GET /sitemap.xml HTTP/1.1" 503 - "-" "Mozilla/5.0 (compatible; CensysInspect/1.1; +https://about.censys.io/)"
66.249.69.1 - - [19/Jul/2025:11:51:00 -0400] "GET /shopdetail/8386771161571 HTTP/1.1" 403 - "-" "Mozilla/5.0 (Linux; Android 6.0.1; Nexus 5X Build/MMB29P) AppleWebKit/537.36 (KHTML, like Gecko) Chrome/137.0.7151.103 Mobile Safari/537.36 (compatible; Googlebot/2.1; +http://www.google.com/bot.html)"
66.249.69.3 - - [19/Jul/2025:12:00:19 -0400] "GET /shopdetail/838677116172 HTTP/1.1" 403 - "-" "Mozilla/5.0 (Linux; Android 6.0.1; Nexus 5X Build/MMB29P) AppleWebKit/537.36 (KHTML, like Gecko) Chrome/137.0.7151.103 Mobile Safari/537.36 (compatible; Googlebot/2.1; +http://www.google.com/bot.html)"
66.249.69.2 - - [19/Jul/2025:12:09:47 -0400] "GET /shopdetail/8386771161696 HTTP/1.1" 403 - "-" "Mozilla/5.0 (Linux; Android 6.0.1; Nexus 5X Build/MMB29P) AppleWebKit/537.36 (KHTML, like Gecko) Chrome/137.0.7151.103 Mobile Safari/537.36 (compatible; Googlebot/2.1; +http://www.google.com/bot.html)"
104.244.72.22 - - [19/Jul/2025:12:10:14 -0400] "GET /testsitemap.xml HTTP/1.1" 403 - "-" "google,yahoo,bot,googlebot"
52.167.144.163 - - [19/Jul/2025:12:29:55 -0400] "GET /products/commercialism49248?id=770 HTTP/1.1" 403 - "-" "Mozilla/5.0 AppleWebKit/537.36 (KHTML, like Gecko; compatible; bingbot/2.0; +http://www.bing.com/bingbot.htm) Chrome/116.0.1938.76 Safari/537.36"
88.210.11.43 - - [19/Jul/2025:12:32:28 -0400] "GET / HTTP/1.1" 403 - "-" "Mozilla/5.0 (Macintosh; Intel Mac OS X 10_15_7) AppleWebKit/537.36 (KHTML, like Gecko) Chrome/133.0.0.0 Safari/537.36"
69.63.189.21 - - [19/Jul/2025:12:33:58 -0400] "GET /robots.txt HTTP/1.1" 403 - "-" "facebookexternalhit/1.1 (+http://www.facebook.com/externalhit_uatext.php)"
66.249.69.1 - - [19/Jul/2025:12:46:48 -0400] "GET /shopdetail/838677116275 HTTP/1.1" 403 - "-" "Mozilla/5.0 (Linux; Android 6.0.1; Nexus 5X Build/MMB29P) AppleWebKit/537.36 (KHTML, like Gecko) Chrome/137.0.7151.103 Mobile Safari/537.36 (compatible; Googlebot/2.1; +http://www.google.com/bot.html)"
66.249.69.1 - - [19/Jul/2025:12:46:49 -0400] "GET /shopdetail/838677116261 HTTP/1.1" 403 - "-" "Mozilla/5.0 (Linux; Android 6.0.1; Nexus 5X Build/MMB29P) AppleWebKit/537.36 (KHTML, like Gecko) Chrome/137.0.7151.103 Mobile Safari/537.36 (compatible; Googlebot/2.1; +http://www.google.com/bot.html)"
66.249.69.3 - - [19/Jul/2025:12:47:24 -0400] "GET /shopdetail/838677116798 HTTP/1.1" 403 - "-" "Mozilla/5.0 (Linux; Android 6.0.1; Nexus 5X Build/MMB29P) AppleWebKit/537.36 (KHTML, like Gecko) Chrome/137.0.7151.103 Mobile Safari/537.36 (compatible; Googlebot/2.1; +http://www.google.com/bot.html)"
66.249.69.2 - - [19/Jul/2025:12:47:55 -0400] "GET /shopdetail/838677116922 HTTP/1.1" 403 - "-" "Mozilla/5.0 (Linux; Android 6.0.1; Nexus 5X Build/MMB29P) AppleWebKit/537.36 (KHTML, like Gecko) Chrome/137.0.7151.103 Mobile Safari/537.36 (compatible; Googlebot/2.1; +http://www.google.com/bot.html)"
66.249.69.1 - - [19/Jul/2025:12:47:56 -0400] "GET /shopdetail/8386771162791 HTTP/1.1" 403 - "-" "Mozilla/5.0 (Linux; Android 6.0.1; Nexus 5X Build/MMB29P) AppleWebKit/537.36 (KHTML, like Gecko) Chrome/137.0.7151.103 Mobile Safari/537.36 (compatible; Googlebot/2.1; +http://www.google.com/bot.html)"
66.249.69.2 - - [19/Jul/2025:12:48:08 -0400] "GET /shopdetail/8386771162742 HTTP/1.1" 403 - "-" "Mozilla/5.0 (Linux; Android 6.0.1; Nexus 5X Build/MMB29P) AppleWebKit/537.36 (KHTML, like Gecko) Chrome/137.0.7151.103 Mobile Safari/537.36 (compatible; Googlebot/2.1; +http://www.google.com/bot.html)"
66.249.69.2 - - [19/Jul/2025:12:51:17 -0400] "GET /shopdetail/8386771161230 HTTP/1.1" 403 - "-" "Mozilla/5.0 (Linux; Android 6.0.1; Nexus 5X Build/MMB29P) AppleWebKit/537.36 (KHTML, like Gecko) Chrome/137.0.7151.103 Mobile Safari/537.36 (compatible; Googlebot/2.1; +http://www.google.com/bot.html)"
66.249.69.1 - - [19/Jul/2025:12:51:28 -0400] "GET /shopdetail/8386771161171 HTTP/1.1" 403 - "-" "Mozilla/5.0 (Linux; Android 6.0.1; Nexus 5X Build/MMB29P) AppleWebKit/537.36 (KHTML, like Gecko) Chrome/137.0.7151.103 Mobile Safari/537.36 (compatible; Googlebot/2.1; +http://www.google.com/bot.html)"
66.249.69.1 - - [19/Jul/2025:12:51:51 -0400] "GET /shopdetail/8386771162405 HTTP/1.1" 403 - "-" "Mozilla/5.0 (Linux; Android 6.0.1; Nexus 5X Build/MMB29P) AppleWebKit/537.36 (KHTML, like Gecko) Chrome/137.0.7151.103 Mobile Safari/537.36 (compatible; Googlebot/2.1; +http://www.google.com/bot.html)"
20.15.133.161 - - [19/Jul/2025:12:54:25 -0400] "GET /robots.txt HTTP/1.1" 403 - "-" "Mozilla/5.0 AppleWebKit/537.36 (KHTML, like Gecko; compatible; bingbot/2.0; +http://www.bing.com/bingbot.htm) Chrome/116.0.1938.76 Safari/537.36"
20.15.133.175 - - [19/Jul/2025:12:54:36 -0400] "GET /shop/ HTTP/1.1" 403 - "-" "Mozilla/5.0 AppleWebKit/537.36 (KHTML, like Gecko; compatible; bingbot/2.0; +http://www.bing.com/bingbot.htm) Chrome/116.0.1938.76 Safari/537.36"
66.249.69.2 - - [19/Jul/2025:12:56:11 -0400] "GET /shopdetail/8386771161212 HTTP/1.1" 403 - "-" "Mozilla/5.0 (Linux; Android 6.0.1; Nexus 5X Build/MMB29P) AppleWebKit/537.36 (KHTML, like Gecko) Chrome/137.0.7151.103 Mobile Safari/537.36 (compatible; Googlebot/2.1; +http://www.google.com/bot.html)"
66.249.69.1 - - [19/Jul/2025:13:02:14 -0400] "GET /shopdetail/8386771161797 HTTP/1.1" 403 - "-" "Mozilla/5.0 (Linux; Android 6.0.1; Nexus 5X Build/MMB29P) AppleWebKit/537.36 (KHTML, like Gecko) Chrome/137.0.7151.103 Mobile Safari/537.36 (compatible; Googlebot/2.1; +http://www.google.com/bot.html)"
66.249.69.2 - - [19/Jul/2025:13:02:27 -0400] "GET /shopdetail/8386771161374 HTTP/1.1" 403 - "-" "Mozilla/5.0 (Linux; Android 6.0.1; Nexus 5X Build/MMB29P) AppleWebKit/537.36 (KHTML, like Gecko) Chrome/137.0.7151.103 Mobile Safari/537.36 (compatible; Googlebot/2.1; +http://www.google.com/bot.html)"
66.249.69.1 - - [19/Jul/2025:13:07:05 -0400] "GET /shopdetail/838677116815 HTTP/1.1" 403 - "-" "Mozilla/5.0 (Linux; Android 6.0.1; Nexus 5X Build/MMB29P) AppleWebKit/537.36 (KHTML, like Gecko) Chrome/137.0.7151.103 Mobile Safari/537.36 (compatible; Googlebot/2.1; +http://www.google.com/bot.html)"
66.249.69.3 - - [19/Jul/2025:13:13:15 -0400] "GET /shopdetail/8386771161459 HTTP/1.1" 403 - "-" "Mozilla/5.0 (Linux; Android 6.0.1; Nexus 5X Build/MMB29P) AppleWebKit/537.36 (KHTML, like Gecko) Chrome/137.0.7151.103 Mobile Safari/537.36 (compatible; Googlebot/2.1; +http://www.google.com/bot.html)"
66.249.69.2 - - [19/Jul/2025:13:16:23 -0400] "GET /shopdetail/8386771161861 HTTP/1.1" 403 - "-" "Mozilla/5.0 (Linux; Android 6.0.1; Nexus 5X Build/MMB29P) AppleWebKit/537.36 (KHTML, like Gecko) Chrome/137.0.7151.103 Mobile Safari/537.36 (compatible; Googlebot/2.1; +http://www.google.com/bot.html)"
66.249.69.1 - - [19/Jul/2025:13:16:33 -0400] "GET /shopdetail/8386771162905 HTTP/1.1" 403 - "-" "Mozilla/5.0 (Linux; Android 6.0.1; Nexus 5X Build/MMB29P) AppleWebKit/537.36 (KHTML, like Gecko) Chrome/137.0.7151.103 Mobile Safari/537.36 (compatible; Googlebot/2.1; +http://www.google.com/bot.html)"
104.244.72.22 - - [19/Jul/2025:13:18:14 -0400] "GET /testsitemap.xml HTTP/1.1" 403 - "-" "google,yahoo,bot,googlebot"
66.249.69.2 - - [19/Jul/2025:13:19:01 -0400] "GET /shopdetail/838677116289 HTTP/1.1" 403 - "-" "Mozilla/5.0 (Linux; Android 6.0.1; Nexus 5X Build/MMB29P) AppleWebKit/537.36 (KHTML, like Gecko) Chrome/137.0.7151.103 Mobile Safari/537.36 (compatible; Googlebot/2.1; +http://www.google.com/bot.html)"
66.249.69.1 - - [19/Jul/2025:13:32:52 -0400] "GET /shopdetail/8386771162130 HTTP/1.1" 403 - "-" "Mozilla/5.0 (Linux; Android 6.0.1; Nexus 5X Build/MMB29P) AppleWebKit/537.36 (KHTML, like Gecko) Chrome/137.0.7151.103 Mobile Safari/537.36 (compatible; Googlebot/2.1; +http://www.google.com/bot.html)"
66.249.69.2 - - [19/Jul/2025:13:46:43 -0400] "GET /shopdetail/8386771161671 HTTP/1.1" 403 - "-" "Mozilla/5.0 (Linux; Android 6.0.1; Nexus 5X Build/MMB29P) AppleWebKit/537.36 (KHTML, like Gecko) Chrome/137.0.7151.103 Mobile Safari/537.36 (compatible; Googlebot/2.1; +http://www.google.com/bot.html)"
66.249.69.3 - - [19/Jul/2025:13:49:27 -0400] "GET /shopdetail/838677116811 HTTP/1.1" 403 - "-" "Mozilla/5.0 (Linux; Android 6.0.1; Nexus 5X Build/MMB29P) AppleWebKit/537.36 (KHTML, like Gecko) Chrome/137.0.7151.103 Mobile Safari/537.36 (compatible; Googlebot/2.1; +http://www.google.com/bot.html)"
104.244.72.22 - - [19/Jul/2025:14:10:17 -0400] "GET /testsitemap.xml HTTP/1.1" 403 - "-" "google,yahoo,bot,googlebot"
104.248.16.199 - - [19/Jul/2025:14:29:17 -0400] "GET / HTTP/1.1" 403 - "-" "Mozilla/5.0 (X11; Linux x86_64) AppleWebKit/537.36 (KHTML, like Gecko) Chrome/137.0.0.0 Safari/537.36"
104.248.16.199 - - [19/Jul/2025:14:29:19 -0400] "GET /favicon.ico HTTP/1.1" 403 - "https://tk4tax.com/" "Mozilla/5.0 (X11; Linux x86_64) AppleWebKit/537.36 (KHTML, like Gecko) Chrome/137.0.0.0 Safari/537.36"
52.167.144.225 - - [19/Jul/2025:14:35:20 -0400] "GET /wp-sitemap.xml HTTP/1.1" 403 - "-" "Mozilla/5.0 AppleWebKit/537.36 (KHTML, like Gecko; compatible; bingbot/2.0; +http://www.bing.com/bingbot.htm) Chrome/116.0.1938.76 Safari/537.36"
40.77.167.47 - - [19/Jul/2025:14:36:04 -0400] "GET /dbe HTTP/1.1" 403 - "-" "Mozilla/5.0 AppleWebKit/537.36 (KHTML, like Gecko; compatible; bingbot/2.0; +http://www.bing.com/bingbot.htm) Chrome/116.0.1938.76 Safari/537.36"
66.249.69.3 - - [19/Jul/2025:14:50:15 -0400] "GET /shopdetail/8386771161632 HTTP/1.1" 403 - "-" "Mozilla/5.0 (Linux; Android 6.0.1; Nexus 5X Build/MMB29P) AppleWebKit/537.36 (KHTML, like Gecko) Chrome/137.0.7151.103 Mobile Safari/537.36 (compatible; Googlebot/2.1; +http://www.google.com/bot.html)"
66.249.69.2 - - [19/Jul/2025:14:50:16 -0400] "GET /shopdetail/8386771162501 HTTP/1.1" 403 - "-" "Mozilla/5.0 (Linux; Android 6.0.1; Nexus 5X Build/MMB29P) AppleWebKit/537.36 (KHTML, like Gecko) Chrome/137.0.7151.103 Mobile Safari/537.36 (compatible; Googlebot/2.1; +http://www.google.com/bot.html)"
66.249.69.3 - - [19/Jul/2025:14:50:16 -0400] "GET /shopdetail/838677116988 HTTP/1.1" 403 - "-" "Mozilla/5.0 (Linux; Android 6.0.1; Nexus 5X Build/MMB29P) AppleWebKit/537.36 (KHTML, like Gecko) Chrome/137.0.7151.103 Mobile Safari/537.36 (compatible; Googlebot/2.1; +http://www.google.com/bot.html)"
66.249.69.2 - - [19/Jul/2025:14:50:17 -0400] "GET /shopdetail/838677116475 HTTP/1.1" 403 - "-" "Mozilla/5.0 (Linux; Android 6.0.1; Nexus 5X Build/MMB29P) AppleWebKit/537.36 (KHTML, like Gecko) Chrome/137.0.7151.103 Mobile Safari/537.36 (compatible; Googlebot/2.1; +http://www.google.com/bot.html)"
66.249.69.1 - - [19/Jul/2025:14:50:18 -0400] "GET /shopdetail/8386771161428 HTTP/1.1" 403 - "-" "Mozilla/5.0 (Linux; Android 6.0.1; Nexus 5X Build/MMB29P) AppleWebKit/537.36 (KHTML, like Gecko) Chrome/137.0.7151.103 Mobile Safari/537.36 (compatible; Googlebot/2.1; +http://www.google.com/bot.html)"
66.249.69.2 - - [19/Jul/2025:14:50:18 -0400] "GET /shopdetail/8386771161552 HTTP/1.1" 403 - "-" "Mozilla/5.0 (Linux; Android 6.0.1; Nexus 5X Build/MMB29P) AppleWebKit/537.36 (KHTML, like Gecko) Chrome/137.0.7151.103 Mobile Safari/537.36 (compatible; Googlebot/2.1; +http://www.google.com/bot.html)"
66.249.69.2 - - [19/Jul/2025:14:50:58 -0400] "GET /shopdetail/8386771162665 HTTP/1.1" 403 - "-" "Mozilla/5.0 (Linux; Android 6.0.1; Nexus 5X Build/MMB29P) AppleWebKit/537.36 (KHTML, like Gecko) Chrome/137.0.7151.103 Mobile Safari/537.36 (compatible; Googlebot/2.1; +http://www.google.com/bot.html)"
66.249.69.1 - - [19/Jul/2025:14:50:59 -0400] "GET /shopdetail/838677116553 HTTP/1.1" 403 - "-" "Mozilla/5.0 (Linux; Android 6.0.1; Nexus 5X Build/MMB29P) AppleWebKit/537.36 (KHTML, like Gecko) Chrome/137.0.7151.103 Mobile Safari/537.36 (compatible; Googlebot/2.1; +http://www.google.com/bot.html)"
66.249.69.2 - - [19/Jul/2025:14:52:15 -0400] "GET /shopdetail/8386771162170 HTTP/1.1" 403 - "-" "Mozilla/5.0 (Linux; Android 6.0.1; Nexus 5X Build/MMB29P) AppleWebKit/537.36 (KHTML, like Gecko) Chrome/137.0.7151.103 Mobile Safari/537.36 (compatible; Googlebot/2.1; +http://www.google.com/bot.html)"
66.249.69.3 - - [19/Jul/2025:14:53:12 -0400] "GET /shopdetail/8386771161515 HTTP/1.1" 403 - "-" "Mozilla/5.0 (Linux; Android 6.0.1; Nexus 5X Build/MMB29P) AppleWebKit/537.36 (KHTML, like Gecko) Chrome/137.0.7151.103 Mobile Safari/537.36 (compatible; Googlebot/2.1; +http://www.google.com/bot.html)"
66.249.69.2 - - [19/Jul/2025:14:54:10 -0400] "GET /shopdetail/838677116559 HTTP/1.1" 403 - "-" "Mozilla/5.0 (Linux; Android 6.0.1; Nexus 5X Build/MMB29P) AppleWebKit/537.36 (KHTML, like Gecko) Chrome/137.0.7151.103 Mobile Safari/537.36 (compatible; Googlebot/2.1; +http://www.google.com/bot.html)"
66.249.69.1 - - [19/Jul/2025:14:54:44 -0400] "GET /shopdetail/8386771161970 HTTP/1.1" 403 - "-" "Mozilla/5.0 (Linux; Android 6.0.1; Nexus 5X Build/MMB29P) AppleWebKit/537.36 (KHTML, like Gecko) Chrome/137.0.7151.103 Mobile Safari/537.36 (compatible; Googlebot/2.1; +http://www.google.com/bot.html)"
66.249.69.1 - - [19/Jul/2025:14:54:58 -0400] "GET /shopdetail/8386771162616 HTTP/1.1" 403 - "-" "Mozilla/5.0 (Linux; Android 6.0.1; Nexus 5X Build/MMB29P) AppleWebKit/537.36 (KHTML, like Gecko) Chrome/137.0.7151.103 Mobile Safari/537.36 (compatible; Googlebot/2.1; +http://www.google.com/bot.html)"
66.249.69.1 - - [19/Jul/2025:14:54:59 -0400] "GET /shopdetail/838677116512 HTTP/1.1" 403 - "-" "Mozilla/5.0 (Linux; Android 6.0.1; Nexus 5X Build/MMB29P) AppleWebKit/537.36 (KHTML, like Gecko) Chrome/137.0.7151.103 Mobile Safari/537.36 (compatible; Googlebot/2.1; +http://www.google.com/bot.html)"
66.249.69.1 - - [19/Jul/2025:14:55:15 -0400] "GET /shopdetail/8386771162200 HTTP/1.1" 403 - "-" "Mozilla/5.0 (Linux; Android 6.0.1; Nexus 5X Build/MMB29P) AppleWebKit/537.36 (KHTML, like Gecko) Chrome/137.0.7151.103 Mobile Safari/537.36 (compatible; Googlebot/2.1; +http://www.google.com/bot.html)"
89.175.12.245 - - [19/Jul/2025:14:56:59 -0400] "GET / HTTP/1.0" 403 - "https://tk4tax.com/" "Mozilla/5.0 (Windows NT 10.0; Win64; x64) AppleWebKit/537.36 (KHTML, like Gecko) Chrome/130.0.0.0 Safari/537.36"
89.175.12.245 - - [19/Jul/2025:14:56:59 -0400] "GET / HTTP/1.0" 403 - "https://tk4tax.com/" "Mozilla/5.0 (Windows NT 10.0; Win64; x64) AppleWebKit/537.36 (KHTML, like Gecko) Chrome/130.0.0.0 Safari/537.36"
89.175.12.245 - - [19/Jul/2025:14:57:00 -0400] "GET / HTTP/1.0" 403 - "https://tk4tax.com/" "Mozilla/5.0 (Windows NT 10.0; Win64; x64) AppleWebKit/537.36 (KHTML, like Gecko) Chrome/130.0.0.0 Safari/537.36"
89.175.12.245 - - [19/Jul/2025:14:57:00 -0400] "GET / HTTP/1.0" 403 - "https://tk4tax.com/" "Mozilla/5.0 (Windows NT 10.0; Win64; x64) AppleWebKit/537.36 (KHTML, like Gecko) Chrome/130.0.0.0 Safari/537.36"
66.249.69.3 - - [19/Jul/2025:14:57:11 -0400] "GET /shopdetail/838677116775 HTTP/1.1" 403 - "-" "Mozilla/5.0 (Linux; Android 6.0.1; Nexus 5X Build/MMB29P) AppleWebKit/537.36 (KHTML, like Gecko) Chrome/137.0.7151.103 Mobile Safari/537.36 (compatible; Googlebot/2.1; +http://www.google.com/bot.html)"
66.249.69.1 - - [19/Jul/2025:14:58:33 -0400] "GET /shopdetail/838677116329 HTTP/1.1" 403 - "-" "Mozilla/5.0 (Linux; Android 6.0.1; Nexus 5X Build/MMB29P) AppleWebKit/537.36 (KHTML, like Gecko) Chrome/137.0.7151.103 Mobile Safari/537.36 (compatible; Googlebot/2.1; +http://www.google.com/bot.html)"
66.249.69.1 - - [19/Jul/2025:14:59:42 -0400] "GET /shopdetail/8386771161967 HTTP/1.1" 403 - "-" "Mozilla/5.0 (Linux; Android 6.0.1; Nexus 5X Build/MMB29P) AppleWebKit/537.36 (KHTML, like Gecko) Chrome/137.0.7151.103 Mobile Safari/537.36 (compatible; Googlebot/2.1; +http://www.google.com/bot.html)"
66.249.69.3 - - [19/Jul/2025:14:59:46 -0400] "GET /shopdetail/8386771162476 HTTP/1.1" 403 - "-" "Mozilla/5.0 (Linux; Android 6.0.1; Nexus 5X Build/MMB29P) AppleWebKit/537.36 (KHTML, like Gecko) Chrome/137.0.7151.103 Mobile Safari/537.36 (compatible; Googlebot/2.1; +http://www.google.com/bot.html)"
66.249.69.1 - - [19/Jul/2025:15:00:26 -0400] "GET /shopdetail/8386771161277 HTTP/1.1" 403 - "-" "Mozilla/5.0 (Linux; Android 6.0.1; Nexus 5X Build/MMB29P) AppleWebKit/537.36 (KHTML, like Gecko) Chrome/137.0.7151.103 Mobile Safari/537.36 (compatible; Googlebot/2.1; +http://www.google.com/bot.html)"
66.249.69.1 - - [19/Jul/2025:15:04:35 -0400] "GET /shopdetail/8386771162433 HTTP/1.1" 403 - "-" "Mozilla/5.0 (Linux; Android 6.0.1; Nexus 5X Build/MMB29P) AppleWebKit/537.36 (KHTML, like Gecko) Chrome/137.0.7151.103 Mobile Safari/537.36 (compatible; Googlebot/2.1; +http://www.google.com/bot.html)"
66.249.69.1 - - [19/Jul/2025:15:06:53 -0400] "GET /robots.txt HTTP/1.1" 403 - "-" "Mozilla/5.0 (compatible; Googlebot/2.1; +http://www.google.com/bot.html)"
66.249.69.3 - - [19/Jul/2025:15:06:54 -0400] "GET /shopdetail/838677116854 HTTP/1.1" 403 - "-" "Mozilla/5.0 (Linux; Android 6.0.1; Nexus 5X Build/MMB29P) AppleWebKit/537.36 (KHTML, like Gecko) Chrome/137.0.7151.103 Mobile Safari/537.36 (compatible; Googlebot/2.1; +http://www.google.com/bot.html)"
104.244.72.22 - - [19/Jul/2025:15:17:42 -0400] "GET /testsitemap.xml HTTP/1.1" 403 - "-" "google,yahoo,bot,googlebot"
157.245.44.151 - - [19/Jul/2025:15:27:25 -0400] "GET / HTTP/1.1" 403 - "-" "Mozilla/5.0 (X11; Linux x86_64) AppleWebKit/537.36 (KHTML, like Gecko) Chrome/137.0.0.0 Safari/537.36"
157.245.44.151 - - [19/Jul/2025:15:27:27 -0400] "GET /favicon.ico HTTP/1.1" 403 - "https://tk4tax.com/" "Mozilla/5.0 (X11; Linux x86_64) AppleWebKit/537.36 (KHTML, like Gecko) Chrome/137.0.0.0 Safari/537.36"
66.249.69.3 - - [19/Jul/2025:15:28:46 -0400] "GET /shopdetail/838677116835 HTTP/1.1" 403 - "-" "Mozilla/5.0 (Linux; Android 6.0.1; Nexus 5X Build/MMB29P) AppleWebKit/537.36 (KHTML, like Gecko) Chrome/137.0.7151.103 Mobile Safari/537.36 (compatible; Googlebot/2.1; +http://www.google.com/bot.html)"
51.89.3.212 - - [19/Jul/2025:15:31:24 -0400] "GET /about.php?520 HTTP/1.1" 403 - "-" "Mozilla/5.0 (Windows NT 10.0; Win64; x64) AppleWebKit/537.36 (KHTML, like Gecko) Chrome/127.0.0.0 Safari/537.36"
51.89.3.212 - - [19/Jul/2025:15:31:24 -0400] "GET /admin.php?520 HTTP/1.1" 403 - "-" "Mozilla/5.0 (Windows NT 10.0; Win64; x64) AppleWebKit/537.36 (KHTML, like Gecko) Chrome/127.0.0.0 Safari/537.36"
66.249.69.2 - - [19/Jul/2025:15:32:04 -0400] "GET /shopdetail/8386771161675 HTTP/1.1" 403 - "-" "Mozilla/5.0 (Linux; Android 6.0.1; Nexus 5X Build/MMB29P) AppleWebKit/537.36 (KHTML, like Gecko) Chrome/137.0.7151.103 Mobile Safari/537.36 (compatible; Googlebot/2.1; +http://www.google.com/bot.html)"
40.77.167.30 - - [19/Jul/2025:15:53:34 -0400] "GET /category/275-475-491 HTTP/1.1" 403 - "-" "Mozilla/5.0 AppleWebKit/537.36 (KHTML, like Gecko; compatible; bingbot/2.0; +http://www.bing.com/bingbot.htm) Chrome/116.0.1938.76 Safari/537.36"
104.244.72.22 - - [19/Jul/2025:16:10:17 -0400] "GET /testsitemap.xml HTTP/1.1" 403 - "-" "google,yahoo,bot,googlebot"
40.77.167.61 - - [19/Jul/2025:16:12:32 -0400] "GET /product/Q?2494135=btenacesc HTTP/1.1" 403 - "-" "Mozilla/5.0 AppleWebKit/537.36 (KHTML, like Gecko; compatible; bingbot/2.0; +http://www.bing.com/bingbot.htm) Chrome/116.0.1938.76 Safari/537.36"
40.77.167.152 - - [19/Jul/2025:16:40:15 -0400] "GET /tahz8zuvr HTTP/1.1" 403 - "-" "Mozilla/5.0 AppleWebKit/537.36 (KHTML, like Gecko; compatible; bingbot/2.0; +http://www.bing.com/bingbot.htm) Chrome/116.0.1938.76 Safari/537.36"
66.249.69.3 - - [19/Jul/2025:16:47:43 -0400] "GET /shopdetail/8386771162035 HTTP/1.1" 403 - "-" "Mozilla/5.0 (Linux; Android 6.0.1; Nexus 5X Build/MMB29P) AppleWebKit/537.36 (KHTML, like Gecko) Chrome/137.0.7151.103 Mobile Safari/537.36 (compatible; Googlebot/2.1; +http://www.google.com/bot.html)"
66.249.69.3 - - [19/Jul/2025:16:47:47 -0400] "GET /shopdetail/8386771161490 HTTP/1.1" 403 - "-" "Mozilla/5.0 (Linux; Android 6.0.1; Nexus 5X Build/MMB29P) AppleWebKit/537.36 (KHTML, like Gecko) Chrome/137.0.7151.103 Mobile Safari/537.36 (compatible; Googlebot/2.1; +http://www.google.com/bot.html)"
66.249.69.2 - - [19/Jul/2025:16:52:23 -0400] "GET /shopdetail/8386771161603 HTTP/1.1" 403 - "-" "Mozilla/5.0 (Linux; Android 6.0.1; Nexus 5X Build/MMB29P) AppleWebKit/537.36 (KHTML, like Gecko) Chrome/137.0.7151.103 Mobile Safari/537.36 (compatible; Googlebot/2.1; +http://www.google.com/bot.html)"
66.249.69.2 - - [19/Jul/2025:16:54:53 -0400] "GET /shopdetail/8386771162681 HTTP/1.1" 403 - "-" "Mozilla/5.0 (Linux; Android 6.0.1; Nexus 5X Build/MMB29P) AppleWebKit/537.36 (KHTML, like Gecko) Chrome/137.0.7151.103 Mobile Safari/537.36 (compatible; Googlebot/2.1; +http://www.google.com/bot.html)"
170.199.228.120 - - [19/Jul/2025:16:56:24 -0400] "GET / HTTP/1.1" 403 - "-" "Mozilla/5.0 (Macintosh; Intel Mac OS X 12_5) AppleWebKit/537.36 (KHTML, like Gecko) Chrome/114.0.0.0 YaBrowser/22.7.0 Yowser/2.5 Safari/537.36"
107.175.80.21 - - [19/Jul/2025:16:56:26 -0400] "GET / HTTP/1.1" 403 - "-" "Mozilla/5.0 (Macintosh; Intel Mac OS X 12_5) AppleWebKit/537.36 (KHTML, like Gecko) Chrome/114.0.0.0 YaBrowser/22.7.0 Yowser/2.5 Safari/537.36"
23.230.39.178 - - [19/Jul/2025:16:56:34 -0400] "GET / HTTP/1.1" 403 - "-" "Mozilla/5.0 (Macintosh; Intel Mac OS X 12_5) AppleWebKit/537.36 (KHTML, like Gecko) Chrome/114.0.0.0 YaBrowser/22.7.0 Yowser/2.5 Safari/537.36"
66.249.69.3 - - [19/Jul/2025:17:01:23 -0400] "GET /shopdetail/8386771162886 HTTP/1.1" 403 - "-" "Mozilla/5.0 (Linux; Android 6.0.1; Nexus 5X Build/MMB29P) AppleWebKit/537.36 (KHTML, like Gecko) Chrome/137.0.7151.103 Mobile Safari/537.36 (compatible; Googlebot/2.1; +http://www.google.com/bot.html)"
66.249.69.3 - - [19/Jul/2025:17:02:09 -0400] "GET /shopdetail/83867711677 HTTP/1.1" 403 - "-" "Mozilla/5.0 (Linux; Android 6.0.1; Nexus 5X Build/MMB29P) AppleWebKit/537.36 (KHTML, like Gecko) Chrome/137.0.7151.103 Mobile Safari/537.36 (compatible; Googlebot/2.1; +http://www.google.com/bot.html)"
66.249.69.3 - - [19/Jul/2025:17:13:07 -0400] "GET /shopdetail/8386771162369 HTTP/1.1" 403 - "-" "Mozilla/5.0 (Linux; Android 6.0.1; Nexus 5X Build/MMB29P) AppleWebKit/537.36 (KHTML, like Gecko) Chrome/137.0.7151.103 Mobile Safari/537.36 (compatible; Googlebot/2.1; +http://www.google.com/bot.html)"
104.244.72.22 - - [19/Jul/2025:17:18:04 -0400] "GET /testsitemap.xml HTTP/1.1" 403 - "-" "google,yahoo,bot,googlebot"
20.26.44.161 - - [19/Jul/2025:17:19:06 -0400] "GET /category/275-475-491 HTTP/1.1" 403 - "-" "Mozilla/5.0 (Windows NT 10.0; Win64; x64) AppleWebKit/537.36 (KHTML, like Gecko) Chrome/131.0.0.0 Safari/537.36 Edg/131.0.0.0"
223.29.152.67 - - [19/Jul/2025:17:45:16 -0400] "GET / HTTP/1.1" 403 - "-" "Mozilla/5.0 (Macintosh; Intel Mac OS X 10_15_7) AppleWebKit/537.36 (KHTML, like Gecko) Chrome/131.0.0.0 Safari/537.36"
94.103.87.196 - - [19/Jul/2025:17:48:02 -0400] "GET / HTTP/1.1" 403 - "-" "Mozilla/5.0 (Macintosh; Intel Mac OS X 10_15_7) AppleWebKit/537.36 (KHTML, like Gecko) Chrome/133.0.0.0 Safari/537.36"
45.135.232.10 - - [19/Jul/2025:17:53:28 -0400] "GET /wp-login.php?wp_lang=en_US HTTP/1.1" 403 - "https://tk4tax.com/wp-login.php" "Mozilla/5.0 (Windows NT 10.0; Win64; x64) AppleWebKit/537.36 (KHTML, like Gecko) Chrome/132.0.0.0 Safari/537.36"
45.135.232.10 - - [19/Jul/2025:17:55:00 -0400] "GET /wp-login.php?wp_lang=en_US HTTP/1.1" 403 - "https://tk4tax.com/wp-login.php" "Mozilla/5.0 (Windows NT 10.0; Win64; x64; rv:134.0) Gecko/20100101 Firefox/134.0"
45.135.232.10 - - [19/Jul/2025:17:55:10 -0400] "GET /wp-login.php?wp_lang=en_US HTTP/1.1" 403 - "https://tk4tax.com/wp-login.php" "Mozilla/5.0 (Windows NT 10.0; Win64; x64) AppleWebKit/537.36 (KHTML, like Gecko) Chrome/132.0.0.0 Safari/537.36"
104.244.72.22 - - [19/Jul/2025:18:10:19 -0400] "GET /testsitemap.xml HTTP/1.1" 403 - "-" "google,yahoo,bot,googlebot"
45.135.232.10 - - [19/Jul/2025:18:13:07 -0400] "GET /wp-login.php?wp_lang=en_US HTTP/1.1" 403 - "https://tk4tax.com/wp-login.php" "Mozilla/5.0 (Windows NT 10.0; Win64; x64; rv:134.0) Gecko/20100101 Firefox/134.0"
45.135.232.10 - - [19/Jul/2025:18:16:41 -0400] "GET /wp-login.php?wp_lang=en_US HTTP/1.1" 403 - "https://tk4tax.com/wp-login.php" "Mozilla/5.0 (Windows NT 10.0; Win64; x64; rv:134.0) Gecko/20100101 Firefox/134.0"
45.135.232.10 - - [19/Jul/2025:18:16:51 -0400] "GET /wp-login.php?wp_lang=en_US HTTP/1.1" 403 - "https://tk4tax.com/wp-login.php" "Mozilla/5.0 (Windows NT 10.0; Win64; x64; rv:134.0) Gecko/20100101 Firefox/134.0"
52.167.144.137 - - [19/Jul/2025:18:29:24 -0400] "GET /amj0k80 HTTP/1.1" 403 - "-" "Mozilla/5.0 AppleWebKit/537.36 (KHTML, like Gecko; compatible; bingbot/2.0; +http://www.bing.com/bingbot.htm) Chrome/116.0.1938.76 Safari/537.36"
45.135.232.10 - - [19/Jul/2025:18:32:56 -0400] "GET /wp-login.php?wp_lang=en_US HTTP/1.1" 403 - "https://tk4tax.com/wp-login.php" "Mozilla/5.0 (Windows NT 10.0; Win64; x64; rv:134.0) Gecko/20100101 Firefox/134.0"
66.249.69.2 - - [19/Jul/2025:18:36:43 -0400] "GET /shopdetail/838677116698 HTTP/1.1" 403 - "-" "Mozilla/5.0 (Linux; Android 6.0.1; Nexus 5X Build/MMB29P) AppleWebKit/537.36 (KHTML, like Gecko) Chrome/137.0.7151.103 Mobile Safari/537.36 (compatible; Googlebot/2.1; +http://www.google.com/bot.html)"
66.249.69.1 - - [19/Jul/2025:18:37:53 -0400] "GET /shopdetail/8386771162754 HTTP/1.1" 403 - "-" "Mozilla/5.0 (Linux; Android 6.0.1; Nexus 5X Build/MMB29P) AppleWebKit/537.36 (KHTML, like Gecko) Chrome/137.0.7151.103 Mobile Safari/537.36 (compatible; Googlebot/2.1; +http://www.google.com/bot.html)"
45.135.232.10 - - [19/Jul/2025:18:38:24 -0400] "GET /wp-login.php?wp_lang=en_US HTTP/1.1" 403 - "https://tk4tax.com/wp-login.php" "Mozilla/5.0 (Windows NT 10.0; Win64; x64) AppleWebKit/537.36 (KHTML, like Gecko) Chrome/132.0.0.0 Safari/537.36"
45.135.232.10 - - [19/Jul/2025:18:38:35 -0400] "GET /wp-login.php?wp_lang=en_US HTTP/1.1" 403 - "https://tk4tax.com/wp-login.php" "Mozilla/5.0 (Windows NT 10.0; Win64; x64; rv:134.0) Gecko/20100101 Firefox/134.0"
66.249.69.1 - - [19/Jul/2025:18:51:47 -0400] "GET /shopdetail/838677116761 HTTP/1.1" 403 - "-" "Mozilla/5.0 (Linux; Android 6.0.1; Nexus 5X Build/MMB29P) AppleWebKit/537.36 (KHTML, like Gecko) Chrome/137.0.7151.103 Mobile Safari/537.36 (compatible; Googlebot/2.1; +http://www.google.com/bot.html)"
45.135.232.10 - - [19/Jul/2025:18:52:45 -0400] "GET /wp-login.php?wp_lang=en_US HTTP/1.1" 403 - "https://tk4tax.com/wp-login.php" "Mozilla/5.0 (Windows NT 10.0; Win64; x64) AppleWebKit/537.36 (KHTML, like Gecko) Chrome/132.0.0.0 Safari/537.36"
45.135.232.10 - - [19/Jul/2025:19:00:11 -0400] "GET /wp-login.php?wp_lang=en_US HTTP/1.1" 403 - "https://tk4tax.com/wp-login.php" "Mozilla/5.0 (Windows NT 10.0; Win64; x64; rv:134.0) Gecko/20100101 Firefox/134.0"
45.148.10.80 - - [19/Jul/2025:19:03:26 -0400] "GET / HTTP/1.1" 503 - "-" "Mozilla/5.0 (OS/2; Warp 4.5; rv:38.0) Gecko/20100101 Firefox/38.0"
104.244.72.22 - - [19/Jul/2025:19:17:58 -0400] "GET /testsitemap.xml HTTP/1.1" 403 - "-" "google,yahoo,bot,googlebot"
45.135.232.10 - - [19/Jul/2025:19:21:26 -0400] "GET /wp-login.php?wp_lang=en_US HTTP/1.1" 403 - "https://tk4tax.com/wp-login.php" "Mozilla/5.0 (Windows NT 10.0; Win64; x64; rv:134.0) Gecko/20100101 Firefox/134.0"
114.119.147.71 - - [19/Jul/2025:19:25:26 -0400] "GET /kailain-thillai/ HTTP/1.1" 403 - "https://tk4tax.com/category/client/" "Mozilla/5.0 (Linux; Android 7.0;) AppleWebKit/537.36 (KHTML, like Gecko) Mobile Safari/537.36 (compatible; PetalBot;+https://webmaster.petalsearch.com/site/petalbot)"
45.146.54.55 - - [19/Jul/2025:19:39:04 -0400] "GET / HTTP/1.1" 403 - "-" "Mozilla/5.0 (Macintosh; Intel Mac OS X 12_5) AppleWebKit/537.36 (KHTML, like Gecko) Chrome/114.0.0.0 Safari/537.36 Vivaldi/5.3.2679.68"
57.141.6.13 - - [19/Jul/2025:20:07:03 -0400] "GET / HTTP/1.1" 403 - "-" "meta-externalagent/1.1 (+https://developers.facebook.com/docs/sharing/webmasters/crawler)"
40.77.167.5 - - [19/Jul/2025:20:08:35 -0400] "GET /products/certifier1351988?id=15 HTTP/1.1" 403 - "-" "Mozilla/5.0 AppleWebKit/537.36 (KHTML, like Gecko; compatible; bingbot/2.0; +http://www.bing.com/bingbot.htm) Chrome/116.0.1938.76 Safari/537.36"
104.244.72.22 - - [19/Jul/2025:20:10:19 -0400] "GET /testsitemap.xml HTTP/1.1" 403 - "-" "google,yahoo,bot,googlebot"
185.220.70.158 - - [19/Jul/2025:20:13:30 -0400] "GET / HTTP/1.1" 403 - "-" "Mozilla/5.0 (Linux; Android 10; K) AppleWebKit/537.36 (KHTML, like Gecko) Chrome/131.0.0.0 Mobile Safari/537.36"
185.220.70.158 - - [19/Jul/2025:20:13:30 -0400] "GET /favicon.ico HTTP/1.1" 403 - "https://tk4tax.com/" "Mozilla/5.0 (Linux; Android 10; K) AppleWebKit/537.36 (KHTML, like Gecko) Chrome/131.0.0.0 Mobile Safari/537.36"
45.135.232.178 - - [19/Jul/2025:20:15:21 -0400] "GET /wp-login.php?wp_lang=en_US HTTP/1.1" 403 - "https://tk4tax.com/wp-login.php" "Mozilla/5.0 (Windows NT 10.0; Win64; x64) AppleWebKit/537.36 (KHTML, like Gecko) Chrome/133.0.0.0 Safari/537.36"
45.135.232.178 - - [19/Jul/2025:20:15:31 -0400] "GET /wp-login.php?wp_lang=en_US HTTP/1.1" 403 - "https://tk4tax.com/wp-login.php" "Mozilla/5.0 (Windows NT 10.0; Win64; x64; rv:134.0) Gecko/20100101 Firefox/135.0"
173.252.107.116 - - [19/Jul/2025:20:18:35 -0400] "GET /robots.txt HTTP/1.1" 403 - "-" "facebookexternalhit/1.1 (+http://www.facebook.com/externalhit_uatext.php)"
57.141.6.29 - - [19/Jul/2025:20:18:43 -0400] "GET /index.html HTTP/1.1" 403 - "-" "meta-externalagent/1.1 (+https://developers.facebook.com/docs/sharing/webmasters/crawler)"
66.249.69.3 - - [19/Jul/2025:20:24:38 -0400] "GET /shopdetail/8386771161545 HTTP/1.1" 403 - "-" "Mozilla/5.0 (Linux; Android 6.0.1; Nexus 5X Build/MMB29P) AppleWebKit/537.36 (KHTML, like Gecko) Chrome/137.0.7151.103 Mobile Safari/537.36 (compatible; Googlebot/2.1; +http://www.google.com/bot.html)"
45.135.232.178 - - [19/Jul/2025:20:33:20 -0400] "GET /wp-login.php?wp_lang=en_US HTTP/1.1" 403 - "https://tk4tax.com/wp-login.php" "Mozilla/5.0 (Windows NT 10.0; Win64; x64; rv:134.0) Gecko/20100101 Firefox/135.0"
45.135.232.178 - - [19/Jul/2025:20:33:30 -0400] "GET /wp-login.php?wp_lang=en_US HTTP/1.1" 403 - "https://tk4tax.com/wp-login.php" "Mozilla/5.0 (Windows NT 10.0; Win64; x64; rv:134.0) Gecko/20100101 Firefox/135.0"
45.135.232.178 - - [19/Jul/2025:20:50:37 -0400] "GET /wp-login.php?wp_lang=en_US HTTP/1.1" 403 - "https://tk4tax.com/wp-login.php" "Mozilla/5.0 (Windows NT 10.0; Win64; x64; rv:134.0) Gecko/20100101 Firefox/135.0"
66.249.69.2 - - [19/Jul/2025:21:05:52 -0400] "GET /shopdetail/838677116725 HTTP/1.1" 403 - "-" "Mozilla/5.0 (Linux; Android 6.0.1; Nexus 5X Build/MMB29P) AppleWebKit/537.36 (KHTML, like Gecko) Chrome/137.0.7151.103 Mobile Safari/537.36 (compatible; Googlebot/2.1; +http://www.google.com/bot.html)"
66.249.69.3 - - [19/Jul/2025:21:08:24 -0400] "GET /shopdetail/8386771161660 HTTP/1.1" 403 - "-" "Mozilla/5.0 (Linux; Android 6.0.1; Nexus 5X Build/MMB29P) AppleWebKit/537.36 (KHTML, like Gecko) Chrome/137.0.7151.103 Mobile Safari/537.36 (compatible; Googlebot/2.1; +http://www.google.com/bot.html)"
45.135.232.178 - - [19/Jul/2025:21:08:28 -0400] "GET /wp-login.php?wp_lang=en_US HTTP/1.1" 403 - "https://tk4tax.com/wp-login.php" "Mozilla/5.0 (Windows NT 10.0; Win64; x64) AppleWebKit/537.36 (KHTML, like Gecko) Chrome/133.0.0.0 Safari/537.36"
104.244.72.22 - - [19/Jul/2025:21:17:49 -0400] "GET /testsitemap.xml HTTP/1.1" 403 - "-" "google,yahoo,bot,googlebot"
45.135.232.178 - - [19/Jul/2025:21:26:16 -0400] "GET /wp-login.php?wp_lang=en_US HTTP/1.1" 403 - "https://tk4tax.com/wp-login.php" "Mozilla/5.0 (Windows NT 10.0; Win64; x64; rv:134.0) Gecko/20100101 Firefox/135.0"
52.167.144.16 - - [19/Jul/2025:21:49:13 -0400] "GET /products/crocused826989?id=21 HTTP/1.1" 403 - "-" "Mozilla/5.0 AppleWebKit/537.36 (KHTML, like Gecko; compatible; bingbot/2.0; +http://www.bing.com/bingbot.htm) Chrome/116.0.1938.76 Safari/537.36"
66.249.69.1 - - [19/Jul/2025:21:50:57 -0400] "GET /shopdetail/838677116303 HTTP/1.1" 403 - "-" "Mozilla/5.0 (Linux; Android 6.0.1; Nexus 5X Build/MMB29P) AppleWebKit/537.36 (KHTML, like Gecko) Chrome/137.0.7151.103 Mobile Safari/537.36 (compatible; Googlebot/2.1; +http://www.google.com/bot.html)"
66.249.69.3 - - [19/Jul/2025:21:52:17 -0400] "GET /shopdetail/8386771161135 HTTP/1.1" 403 - "-" "Mozilla/5.0 (Linux; Android 6.0.1; Nexus 5X Build/MMB29P) AppleWebKit/537.36 (KHTML, like Gecko) Chrome/137.0.7151.103 Mobile Safari/537.36 (compatible; Googlebot/2.1; +http://www.google.com/bot.html)"
