13.212.149.243 - - [19/Jul/2025:08:36:35 -0400] "POST /xmlrpc.php HTTP/1.1" 200 401 "-" "Mozilla/5.0 (Windows NT 10.0; Win64; x64) AppleWebKit/537.36 (KHTML, like Gecko) Chrome/78.0.3904.108 Safari/537.36"
13.212.149.243 - - [19/Jul/2025:08:36:36 -0400] "POST /xmlrpc.php HTTP/1.1" 200 401 "-" "Mozilla/5.0 (Windows NT 10.0; Win64; x64) AppleWebKit/537.36 (KHTML, like Gecko) Chrome/78.0.3904.108 Safari/537.36"
13.212.149.243 - - [19/Jul/2025:08:36:37 -0400] "POST /xmlrpc.php HTTP/1.1" 200 401 "-" "Mozilla/5.0 (Windows NT 10.0; Win64; x64) AppleWebKit/537.36 (KHTML, like Gecko) Chrome/78.0.3904.108 Safari/537.36"
13.212.149.243 - - [19/Jul/2025:08:36:38 -0400] "POST /xmlrpc.php HTTP/1.1" 200 401 "-" "Mozilla/5.0 (Windows NT 10.0; Win64; x64) AppleWebKit/537.36 (KHTML, like Gecko) Chrome/78.0.3904.108 Safari/537.36"
13.212.149.243 - - [19/Jul/2025:08:36:38 -0400] "POST /xmlrpc.php HTTP/1.1" 200 401 "-" "Mozilla/5.0 (Windows NT 10.0; Win64; x64) AppleWebKit/537.36 (KHTML, like Gecko) Chrome/78.0.3904.108 Safari/537.36"
13.212.149.243 - - [19/Jul/2025:08:36:39 -0400] "POST /xmlrpc.php HTTP/1.1" 200 401 "-" "Mozilla/5.0 (Windows NT 10.0; Win64; x64) AppleWebKit/537.36 (KHTML, like Gecko) Chrome/78.0.3904.108 Safari/537.36"
13.212.149.243 - - [19/Jul/2025:08:36:40 -0400] "POST /xmlrpc.php HTTP/1.1" 200 401 "-" "Mozilla/5.0 (Windows NT 10.0; Win64; x64) AppleWebKit/537.36 (KHTML, like Gecko) Chrome/78.0.3904.108 Safari/537.36"
13.212.149.243 - - [19/Jul/2025:08:36:41 -0400] "POST /xmlrpc.php HTTP/1.1" 200 401 "-" "Mozilla/5.0 (Windows NT 10.0; Win64; x64) AppleWebKit/537.36 (KHTML, like Gecko) Chrome/78.0.3904.108 Safari/537.36"
13.212.149.243 - - [19/Jul/2025:08:36:41 -0400] "POST /xmlrpc.php HTTP/1.1" 200 401 "-" "Mozilla/5.0 (Windows NT 10.0; Win64; x64) AppleWebKit/537.36 (KHTML, like Gecko) Chrome/78.0.3904.108 Safari/537.36"
13.212.149.243 - - [19/Jul/2025:08:36:42 -0400] "POST /xmlrpc.php HTTP/1.1" 200 401 "-" "Mozilla/5.0 (Windows NT 10.0; Win64; x64) AppleWebKit/537.36 (KHTML, like Gecko) Chrome/78.0.3904.108 Safari/537.36"
13.212.149.243 - - [19/Jul/2025:08:36:43 -0400] "POST /xmlrpc.php HTTP/1.1" 200 401 "-" "Mozilla/5.0 (Windows NT 10.0; Win64; x64) AppleWebKit/537.36 (KHTML, like Gecko) Chrome/78.0.3904.108 Safari/537.36"
13.212.149.243 - - [19/Jul/2025:08:36:43 -0400] "POST /xmlrpc.php HTTP/1.1" 200 401 "-" "Mozilla/5.0 (Windows NT 10.0; Win64; x64) AppleWebKit/537.36 (KHTML, like Gecko) Chrome/78.0.3904.108 Safari/537.36"
13.212.149.243 - - [19/Jul/2025:08:36:44 -0400] "POST /xmlrpc.php HTTP/1.1" 200 401 "-" "Mozilla/5.0 (Windows NT 10.0; Win64; x64) AppleWebKit/537.36 (KHTML, like Gecko) Chrome/78.0.3904.108 Safari/537.36"
13.212.149.243 - - [19/Jul/2025:08:36:45 -0400] "POST /xmlrpc.php HTTP/1.1" 200 401 "-" "Mozilla/5.0 (Windows NT 10.0; Win64; x64) AppleWebKit/537.36 (KHTML, like Gecko) Chrome/78.0.3904.108 Safari/537.36"
13.212.149.243 - - [19/Jul/2025:08:36:45 -0400] "POST /xmlrpc.php HTTP/1.1" 200 401 "-" "Mozilla/5.0 (Windows NT 10.0; Win64; x64) AppleWebKit/537.36 (KHTML, like Gecko) Chrome/78.0.3904.108 Safari/537.36"
13.212.149.243 - - [19/Jul/2025:08:36:46 -0400] "POST /xmlrpc.php HTTP/1.1" 200 401 "-" "Mozilla/5.0 (Windows NT 10.0; Win64; x64) AppleWebKit/537.36 (KHTML, like Gecko) Chrome/78.0.3904.108 Safari/537.36"
13.212.149.243 - - [19/Jul/2025:08:36:47 -0400] "POST /xmlrpc.php HTTP/1.1" 200 401 "-" "Mozilla/5.0 (Windows NT 10.0; Win64; x64) AppleWebKit/537.36 (KHTML, like Gecko) Chrome/78.0.3904.108 Safari/537.36"
13.212.149.243 - - [19/Jul/2025:08:36:47 -0400] "POST /xmlrpc.php HTTP/1.1" 200 401 "-" "Mozilla/5.0 (Windows NT 10.0; Win64; x64) AppleWebKit/537.36 (KHTML, like Gecko) Chrome/78.0.3904.108 Safari/537.36"
13.212.149.243 - - [19/Jul/2025:08:36:48 -0400] "POST /xmlrpc.php HTTP/1.1" 200 401 "-" "Mozilla/5.0 (Windows NT 10.0; Win64; x64) AppleWebKit/537.36 (KHTML, like Gecko) Chrome/78.0.3904.108 Safari/537.36"
13.212.149.243 - - [19/Jul/2025:08:36:49 -0400] "POST /xmlrpc.php HTTP/1.1" 200 401 "-" "Mozilla/5.0 (Windows NT 10.0; Win64; x64) AppleWebKit/537.36 (KHTML, like Gecko) Chrome/78.0.3904.108 Safari/537.36"
13.212.149.243 - - [19/Jul/2025:08:36:50 -0400] "POST /xmlrpc.php HTTP/1.1" 200 401 "-" "Mozilla/5.0 (Windows NT 10.0; Win64; x64) AppleWebKit/537.36 (KHTML, like Gecko) Chrome/78.0.3904.108 Safari/537.36"
13.212.149.243 - - [19/Jul/2025:08:36:50 -0400] "POST /xmlrpc.php HTTP/1.1" 200 401 "-" "Mozilla/5.0 (Windows NT 10.0; Win64; x64) AppleWebKit/537.36 (KHTML, like Gecko) Chrome/78.0.3904.108 Safari/537.36"
13.212.149.243 - - [19/Jul/2025:08:36:51 -0400] "POST /xmlrpc.php HTTP/1.1" 200 401 "-" "Mozilla/5.0 (Windows NT 10.0; Win64; x64) AppleWebKit/537.36 (KHTML, like Gecko) Chrome/78.0.3904.108 Safari/537.36"
13.212.149.243 - - [19/Jul/2025:08:36:52 -0400] "POST /xmlrpc.php HTTP/1.1" 200 401 "-" "Mozilla/5.0 (Windows NT 10.0; Win64; x64) AppleWebKit/537.36 (KHTML, like Gecko) Chrome/78.0.3904.108 Safari/537.36"
13.212.149.243 - - [19/Jul/2025:08:36:52 -0400] "POST /xmlrpc.php HTTP/1.1" 200 401 "-" "Mozilla/5.0 (Windows NT 10.0; Win64; x64) AppleWebKit/537.36 (KHTML, like Gecko) Chrome/78.0.3904.108 Safari/537.36"
13.212.149.243 - - [19/Jul/2025:08:36:53 -0400] "POST /xmlrpc.php HTTP/1.1" 200 401 "-" "Mozilla/5.0 (Windows NT 10.0; Win64; x64) AppleWebKit/537.36 (KHTML, like Gecko) Chrome/78.0.3904.108 Safari/537.36"
13.212.149.243 - - [19/Jul/2025:08:36:54 -0400] "POST /xmlrpc.php HTTP/1.1" 200 401 "-" "Mozilla/5.0 (Windows NT 10.0; Win64; x64) AppleWebKit/537.36 (KHTML, like Gecko) Chrome/78.0.3904.108 Safari/537.36"
13.212.149.243 - - [19/Jul/2025:08:36:55 -0400] "POST /xmlrpc.php HTTP/1.1" 200 401 "-" "Mozilla/5.0 (Windows NT 10.0; Win64; x64) AppleWebKit/537.36 (KHTML, like Gecko) Chrome/78.0.3904.108 Safari/537.36"
13.212.149.243 - - [19/Jul/2025:08:36:55 -0400] "POST /xmlrpc.php HTTP/1.1" 200 401 "-" "Mozilla/5.0 (Windows NT 10.0; Win64; x64) AppleWebKit/537.36 (KHTML, like Gecko) Chrome/78.0.3904.108 Safari/537.36"
13.212.149.243 - - [19/Jul/2025:08:36:56 -0400] "POST /xmlrpc.php HTTP/1.1" 200 401 "-" "Mozilla/5.0 (Windows NT 10.0; Win64; x64) AppleWebKit/537.36 (KHTML, like Gecko) Chrome/78.0.3904.108 Safari/537.36"
13.212.149.243 - - [19/Jul/2025:08:36:57 -0400] "POST /xmlrpc.php HTTP/1.1" 200 401 "-" "Mozilla/5.0 (Windows NT 10.0; Win64; x64) AppleWebKit/537.36 (KHTML, like Gecko) Chrome/78.0.3904.108 Safari/537.36"
13.212.149.243 - - [19/Jul/2025:08:36:58 -0400] "POST /xmlrpc.php HTTP/1.1" 200 401 "-" "Mozilla/5.0 (Windows NT 10.0; Win64; x64) AppleWebKit/537.36 (KHTML, like Gecko) Chrome/78.0.3904.108 Safari/537.36"
13.212.149.243 - - [19/Jul/2025:08:36:58 -0400] "POST /xmlrpc.php HTTP/1.1" 200 401 "-" "Mozilla/5.0 (Windows NT 10.0; Win64; x64) AppleWebKit/537.36 (KHTML, like Gecko) Chrome/78.0.3904.108 Safari/537.36"
13.212.149.243 - - [19/Jul/2025:08:36:59 -0400] "POST /xmlrpc.php HTTP/1.1" 200 401 "-" "Mozilla/5.0 (Windows NT 10.0; Win64; x64) AppleWebKit/537.36 (KHTML, like Gecko) Chrome/78.0.3904.108 Safari/537.36"
13.212.149.243 - - [19/Jul/2025:08:37:00 -0400] "POST /xmlrpc.php HTTP/1.1" 200 401 "-" "Mozilla/5.0 (Windows NT 10.0; Win64; x64) AppleWebKit/537.36 (KHTML, like Gecko) Chrome/78.0.3904.108 Safari/537.36"
13.212.149.243 - - [19/Jul/2025:08:37:00 -0400] "POST /xmlrpc.php HTTP/1.1" 200 401 "-" "Mozilla/5.0 (Windows NT 10.0; Win64; x64) AppleWebKit/537.36 (KHTML, like Gecko) Chrome/78.0.3904.108 Safari/537.36"
13.212.149.243 - - [19/Jul/2025:08:37:01 -0400] "POST /xmlrpc.php HTTP/1.1" 200 401 "-" "Mozilla/5.0 (Windows NT 10.0; Win64; x64) AppleWebKit/537.36 (KHTML, like Gecko) Chrome/78.0.3904.108 Safari/537.36"
13.212.149.243 - - [19/Jul/2025:08:37:02 -0400] "POST /xmlrpc.php HTTP/1.1" 200 401 "-" "Mozilla/5.0 (Windows NT 10.0; Win64; x64) AppleWebKit/537.36 (KHTML, like Gecko) Chrome/78.0.3904.108 Safari/537.36"
13.212.149.243 - - [19/Jul/2025:08:37:03 -0400] "POST /xmlrpc.php HTTP/1.1" 200 401 "-" "Mozilla/5.0 (Windows NT 10.0; Win64; x64) AppleWebKit/537.36 (KHTML, like Gecko) Chrome/78.0.3904.108 Safari/537.36"
13.212.149.243 - - [19/Jul/2025:08:37:03 -0400] "POST /xmlrpc.php HTTP/1.1" 200 401 "-" "Mozilla/5.0 (Windows NT 10.0; Win64; x64) AppleWebKit/537.36 (KHTML, like Gecko) Chrome/78.0.3904.108 Safari/537.36"
13.212.149.243 - - [19/Jul/2025:08:37:04 -0400] "POST /xmlrpc.php HTTP/1.1" 200 401 "-" "Mozilla/5.0 (Windows NT 10.0; Win64; x64) AppleWebKit/537.36 (KHTML, like Gecko) Chrome/78.0.3904.108 Safari/537.36"
13.212.149.243 - - [19/Jul/2025:08:37:04 -0400] "POST /xmlrpc.php HTTP/1.1" 200 401 "-" "Mozilla/5.0 (Windows NT 10.0; Win64; x64) AppleWebKit/537.36 (KHTML, like Gecko) Chrome/78.0.3904.108 Safari/537.36"
13.212.149.243 - - [19/Jul/2025:08:37:05 -0400] "POST /xmlrpc.php HTTP/1.1" 200 401 "-" "Mozilla/5.0 (Windows NT 10.0; Win64; x64) AppleWebKit/537.36 (KHTML, like Gecko) Chrome/78.0.3904.108 Safari/537.36"
13.212.149.243 - - [19/Jul/2025:08:37:06 -0400] "POST /xmlrpc.php HTTP/1.1" 200 401 "-" "Mozilla/5.0 (Windows NT 10.0; Win64; x64) AppleWebKit/537.36 (KHTML, like Gecko) Chrome/78.0.3904.108 Safari/537.36"
13.212.149.243 - - [19/Jul/2025:08:37:07 -0400] "POST /xmlrpc.php HTTP/1.1" 200 401 "-" "Mozilla/5.0 (Windows NT 10.0; Win64; x64) AppleWebKit/537.36 (KHTML, like Gecko) Chrome/78.0.3904.108 Safari/537.36"
13.212.149.243 - - [19/Jul/2025:08:37:07 -0400] "POST /xmlrpc.php HTTP/1.1" 200 401 "-" "Mozilla/5.0 (Windows NT 10.0; Win64; x64) AppleWebKit/537.36 (KHTML, like Gecko) Chrome/78.0.3904.108 Safari/537.36"
13.212.149.243 - - [19/Jul/2025:08:37:08 -0400] "POST /xmlrpc.php HTTP/1.1" 200 401 "-" "Mozilla/5.0 (Windows NT 10.0; Win64; x64) AppleWebKit/537.36 (KHTML, like Gecko) Chrome/78.0.3904.108 Safari/537.36"
13.212.149.243 - - [19/Jul/2025:08:37:09 -0400] "POST /xmlrpc.php HTTP/1.1" 200 401 "-" "Mozilla/5.0 (Windows NT 10.0; Win64; x64) AppleWebKit/537.36 (KHTML, like Gecko) Chrome/78.0.3904.108 Safari/537.36"
13.212.149.243 - - [19/Jul/2025:08:37:10 -0400] "POST /xmlrpc.php HTTP/1.1" 200 401 "-" "Mozilla/5.0 (Windows NT 10.0; Win64; x64) AppleWebKit/537.36 (KHTML, like Gecko) Chrome/78.0.3904.108 Safari/537.36"
13.212.149.243 - - [19/Jul/2025:08:37:11 -0400] "POST /xmlrpc.php HTTP/1.1" 200 401 "-" "Mozilla/5.0 (Windows NT 10.0; Win64; x64) AppleWebKit/537.36 (KHTML, like Gecko) Chrome/78.0.3904.108 Safari/537.36"
13.212.149.243 - - [19/Jul/2025:08:37:11 -0400] "POST /xmlrpc.php HTTP/1.1" 200 401 "-" "Mozilla/5.0 (Windows NT 10.0; Win64; x64) AppleWebKit/537.36 (KHTML, like Gecko) Chrome/78.0.3904.108 Safari/537.36"
13.212.149.243 - - [19/Jul/2025:08:37:12 -0400] "POST /xmlrpc.php HTTP/1.1" 200 401 "-" "Mozilla/5.0 (Windows NT 10.0; Win64; x64) AppleWebKit/537.36 (KHTML, like Gecko) Chrome/78.0.3904.108 Safari/537.36"
13.212.149.243 - - [19/Jul/2025:08:37:13 -0400] "POST /xmlrpc.php HTTP/1.1" 200 401 "-" "Mozilla/5.0 (Windows NT 10.0; Win64; x64) AppleWebKit/537.36 (KHTML, like Gecko) Chrome/78.0.3904.108 Safari/537.36"
13.212.149.243 - - [19/Jul/2025:08:37:14 -0400] "POST /xmlrpc.php HTTP/1.1" 200 401 "-" "Mozilla/5.0 (Windows NT 10.0; Win64; x64) AppleWebKit/537.36 (KHTML, like Gecko) Chrome/78.0.3904.108 Safari/537.36"
13.212.149.243 - - [19/Jul/2025:08:37:14 -0400] "POST /xmlrpc.php HTTP/1.1" 200 401 "-" "Mozilla/5.0 (Windows NT 10.0; Win64; x64) AppleWebKit/537.36 (KHTML, like Gecko) Chrome/78.0.3904.108 Safari/537.36"
13.212.149.243 - - [19/Jul/2025:08:37:15 -0400] "POST /xmlrpc.php HTTP/1.1" 200 401 "-" "Mozilla/5.0 (Windows NT 10.0; Win64; x64) AppleWebKit/537.36 (KHTML, like Gecko) Chrome/78.0.3904.108 Safari/537.36"
13.212.149.243 - - [19/Jul/2025:08:37:15 -0400] "POST /xmlrpc.php HTTP/1.1" 200 401 "-" "Mozilla/5.0 (Windows NT 10.0; Win64; x64) AppleWebKit/537.36 (KHTML, like Gecko) Chrome/78.0.3904.108 Safari/537.36"
13.212.149.243 - - [19/Jul/2025:08:37:16 -0400] "POST /xmlrpc.php HTTP/1.1" 200 401 "-" "Mozilla/5.0 (Windows NT 10.0; Win64; x64) AppleWebKit/537.36 (KHTML, like Gecko) Chrome/78.0.3904.108 Safari/537.36"
13.212.149.243 - - [19/Jul/2025:08:37:17 -0400] "POST /xmlrpc.php HTTP/1.1" 200 401 "-" "Mozilla/5.0 (Windows NT 10.0; Win64; x64) AppleWebKit/537.36 (KHTML, like Gecko) Chrome/78.0.3904.108 Safari/537.36"
13.212.149.243 - - [19/Jul/2025:08:37:17 -0400] "POST /xmlrpc.php HTTP/1.1" 200 401 "-" "Mozilla/5.0 (Windows NT 10.0; Win64; x64) AppleWebKit/537.36 (KHTML, like Gecko) Chrome/78.0.3904.108 Safari/537.36"
13.212.149.243 - - [19/Jul/2025:08:37:18 -0400] "POST /xmlrpc.php HTTP/1.1" 200 401 "-" "Mozilla/5.0 (Windows NT 10.0; Win64; x64) AppleWebKit/537.36 (KHTML, like Gecko) Chrome/78.0.3904.108 Safari/537.36"
13.212.149.243 - - [19/Jul/2025:08:37:19 -0400] "POST /xmlrpc.php HTTP/1.1" 200 401 "-" "Mozilla/5.0 (Windows NT 10.0; Win64; x64) AppleWebKit/537.36 (KHTML, like Gecko) Chrome/78.0.3904.108 Safari/537.36"
13.212.149.243 - - [19/Jul/2025:08:37:19 -0400] "POST /xmlrpc.php HTTP/1.1" 200 401 "-" "Mozilla/5.0 (Windows NT 10.0; Win64; x64) AppleWebKit/537.36 (KHTML, like Gecko) Chrome/78.0.3904.108 Safari/537.36"
13.212.149.243 - - [19/Jul/2025:08:37:20 -0400] "POST /xmlrpc.php HTTP/1.1" 200 401 "-" "Mozilla/5.0 (Windows NT 10.0; Win64; x64) AppleWebKit/537.36 (KHTML, like Gecko) Chrome/78.0.3904.108 Safari/537.36"
13.212.149.243 - - [19/Jul/2025:08:37:21 -0400] "POST /xmlrpc.php HTTP/1.1" 200 401 "-" "Mozilla/5.0 (Windows NT 10.0; Win64; x64) AppleWebKit/537.36 (KHTML, like Gecko) Chrome/78.0.3904.108 Safari/537.36"
13.212.149.243 - - [19/Jul/2025:08:37:21 -0400] "POST /xmlrpc.php HTTP/1.1" 200 401 "-" "Mozilla/5.0 (Windows NT 10.0; Win64; x64) AppleWebKit/537.36 (KHTML, like Gecko) Chrome/78.0.3904.108 Safari/537.36"
13.212.149.243 - - [19/Jul/2025:08:37:22 -0400] "POST /xmlrpc.php HTTP/1.1" 200 401 "-" "Mozilla/5.0 (Windows NT 10.0; Win64; x64) AppleWebKit/537.36 (KHTML, like Gecko) Chrome/78.0.3904.108 Safari/537.36"
13.212.149.243 - - [19/Jul/2025:08:37:23 -0400] "POST /xmlrpc.php HTTP/1.1" 200 401 "-" "Mozilla/5.0 (Windows NT 10.0; Win64; x64) AppleWebKit/537.36 (KHTML, like Gecko) Chrome/78.0.3904.108 Safari/537.36"
13.212.149.243 - - [19/Jul/2025:08:37:23 -0400] "POST /xmlrpc.php HTTP/1.1" 200 401 "-" "Mozilla/5.0 (Windows NT 10.0; Win64; x64) AppleWebKit/537.36 (KHTML, like Gecko) Chrome/78.0.3904.108 Safari/537.36"
13.212.149.243 - - [19/Jul/2025:08:37:24 -0400] "POST /xmlrpc.php HTTP/1.1" 200 401 "-" "Mozilla/5.0 (Windows NT 10.0; Win64; x64) AppleWebKit/537.36 (KHTML, like Gecko) Chrome/78.0.3904.108 Safari/537.36"
13.212.149.243 - - [19/Jul/2025:08:37:25 -0400] "POST /xmlrpc.php HTTP/1.1" 200 401 "-" "Mozilla/5.0 (Windows NT 10.0; Win64; x64) AppleWebKit/537.36 (KHTML, like Gecko) Chrome/78.0.3904.108 Safari/537.36"
13.212.149.243 - - [19/Jul/2025:08:37:25 -0400] "POST /xmlrpc.php HTTP/1.1" 200 401 "-" "Mozilla/5.0 (Windows NT 10.0; Win64; x64) AppleWebKit/537.36 (KHTML, like Gecko) Chrome/78.0.3904.108 Safari/537.36"
13.212.149.243 - - [19/Jul/2025:08:37:26 -0400] "POST /xmlrpc.php HTTP/1.1" 200 401 "-" "Mozilla/5.0 (Windows NT 10.0; Win64; x64) AppleWebKit/537.36 (KHTML, like Gecko) Chrome/78.0.3904.108 Safari/537.36"
13.212.149.243 - - [19/Jul/2025:08:37:27 -0400] "POST /xmlrpc.php HTTP/1.1" 200 401 "-" "Mozilla/5.0 (Windows NT 10.0; Win64; x64) AppleWebKit/537.36 (KHTML, like Gecko) Chrome/78.0.3904.108 Safari/537.36"
13.212.149.243 - - [19/Jul/2025:08:37:27 -0400] "POST /xmlrpc.php HTTP/1.1" 200 401 "-" "Mozilla/5.0 (Windows NT 10.0; Win64; x64) AppleWebKit/537.36 (KHTML, like Gecko) Chrome/78.0.3904.108 Safari/537.36"
13.212.149.243 - - [19/Jul/2025:08:37:28 -0400] "POST /xmlrpc.php HTTP/1.1" 200 401 "-" "Mozilla/5.0 (Windows NT 10.0; Win64; x64) AppleWebKit/537.36 (KHTML, like Gecko) Chrome/78.0.3904.108 Safari/537.36"
13.212.149.243 - - [19/Jul/2025:08:37:29 -0400] "POST /xmlrpc.php HTTP/1.1" 200 401 "-" "Mozilla/5.0 (Windows NT 10.0; Win64; x64) AppleWebKit/537.36 (KHTML, like Gecko) Chrome/78.0.3904.108 Safari/537.36"
13.212.149.243 - - [19/Jul/2025:08:37:30 -0400] "POST /xmlrpc.php HTTP/1.1" 200 401 "-" "Mozilla/5.0 (Windows NT 10.0; Win64; x64) AppleWebKit/537.36 (KHTML, like Gecko) Chrome/78.0.3904.108 Safari/537.36"
13.212.149.243 - - [19/Jul/2025:08:37:31 -0400] "POST /xmlrpc.php HTTP/1.1" 200 401 "-" "Mozilla/5.0 (Windows NT 10.0; Win64; x64) AppleWebKit/537.36 (KHTML, like Gecko) Chrome/78.0.3904.108 Safari/537.36"
13.212.149.243 - - [19/Jul/2025:08:37:31 -0400] "POST /xmlrpc.php HTTP/1.1" 200 401 "-" "Mozilla/5.0 (Windows NT 10.0; Win64; x64) AppleWebKit/537.36 (KHTML, like Gecko) Chrome/78.0.3904.108 Safari/537.36"
13.212.149.243 - - [19/Jul/2025:08:37:32 -0400] "POST /xmlrpc.php HTTP/1.1" 200 401 "-" "Mozilla/5.0 (Windows NT 10.0; Win64; x64) AppleWebKit/537.36 (KHTML, like Gecko) Chrome/78.0.3904.108 Safari/537.36"
13.212.149.243 - - [19/Jul/2025:08:37:33 -0400] "POST /xmlrpc.php HTTP/1.1" 200 401 "-" "Mozilla/5.0 (Windows NT 10.0; Win64; x64) AppleWebKit/537.36 (KHTML, like Gecko) Chrome/78.0.3904.108 Safari/537.36"
49.51.243.156 - - [19/Jul/2025:08:38:04 -0400] "GET /wp-admin/import.php?keluar=true HTTP/1.1" 403 43478 "-" "Mozilla/5.0 (iPhone; CPU iPhone OS 13_2_3 like Mac OS X) AppleWebKit/605.1.15 (KHTML, like Gecko) Version/13.0.3 Mobile/15E148 Safari/604.1"
216.244.66.232 - - [19/Jul/2025:08:38:05 -0400] "GET /neighborhood/american-drive/feed/ HTTP/1.1" 200 43478 "-" "Mozilla/5.0 (compatible; DotBot/1.2; +https://opensiteexplorer.org/dotbot; help@moz.com)"
216.244.66.232 - - [19/Jul/2025:08:38:09 -0400] "GET /neighborhood/carding-mill-place/feed/ HTTP/1.1" 200 43478 "-" "Mozilla/5.0 (compatible; DotBot/1.2; +https://opensiteexplorer.org/dotbot; help@moz.com)"
216.244.66.232 - - [19/Jul/2025:08:38:12 -0400] "GET /neighborhood/coledale-road/feed/ HTTP/1.1" 200 43478 "-" "Mozilla/5.0 (compatible; DotBot/1.2; +https://opensiteexplorer.org/dotbot; help@moz.com)"
216.244.66.232 - - [19/Jul/2025:08:38:14 -0400] "GET /neighborhood/havenwood-drive/feed/ HTTP/1.1" 200 43478 "-" "Mozilla/5.0 (compatible; DotBot/1.2; +https://opensiteexplorer.org/dotbot; help@moz.com)"
216.244.66.232 - - [19/Jul/2025:08:38:16 -0400] "GET /neighborhood/lake-driveway-n-a/feed/ HTTP/1.1" 200 43478 "-" "Mozilla/5.0 (compatible; DotBot/1.2; +https://opensiteexplorer.org/dotbot; help@moz.com)"
216.244.66.232 - - [19/Jul/2025:08:38:17 -0400] "GET /properties/residential-condo-other/mississauga/2705-510-curran-place-mississauga-on-l5b-0j8-mississauga-peel-l5b-0j8-w12222789/ HTTP/1.1" 200 43478 "-" "Mozilla/5.0 (compatible; DotBot/1.2; +https://opensiteexplorer.org/dotbot; help@moz.com)"
216.244.66.232 - - [19/Jul/2025:08:38:19 -0400] "GET /properties/residential-condo-other/mississauga/909-2177-burnhamthorpe-road-mississauga-on-l5l-5p9-mississauga-peel-l5l-5p9-w12220991/ HTTP/1.1" 200 43478 "-" "Mozilla/5.0 (compatible; DotBot/1.2; +https://opensiteexplorer.org/dotbot; help@moz.com)"
216.244.66.232 - - [19/Jul/2025:08:38:20 -0400] "GET /street/roadmaster/feed/ HTTP/1.1" 200 43478 "-" "Mozilla/5.0 (compatible; DotBot/1.2; +https://opensiteexplorer.org/dotbot; help@moz.com)"
162.214.124.144 - - [19/Jul/2025:08:43:23 -0400] "POST /xmlrpc.php HTTP/1.1" 200 403 "http://royalanteam.com" "Mozilla/5.0 (Windows NT 10.0; Win64; x64) AppleWebKit/537.36 (KHTML, like Gecko) Chrome/113.0.5672.93 Safari/537.36"
43.166.238.12 - - [19/Jul/2025:08:46:58 -0400] "GET /?path=//.cpt_hardlink_dir_a920e4ddc233afddc9fb53d26c392319 HTTP/1.1" 200 5657 "-" "Mozilla/5.0 (iPhone; CPU iPhone OS 13_2_3 like Mac OS X) AppleWebKit/605.1.15 (KHTML, like Gecko) Version/13.0.3 Mobile/15E148 Safari/604.1"
104.247.76.25 - - [19/Jul/2025:08:52:31 -0400] "POST /wp-cron.php?doing_wp_cron=1752929551.9063830375671386718750 HTTP/1.1" 200 - "-" "WordPress/6.8.2; https://royalanteam.com"
2.58.81.109 - - [19/Jul/2025:08:52:31 -0400] "POST /xmlrpc.php HTTP/1.1" 200 403 "http://royalanteam.com" "Mozilla/5.0 (Macintosh; Intel Mac OS X 10_15_7) AppleWebKit/537.36 (KHTML, like Gecko) Chrome/116.0.5845.96 Safari/537.36"
216.244.66.232 - - [19/Jul/2025:08:53:11 -0400] "GET /robots.txt HTTP/1.1" 200 43478 "-" "Mozilla/5.0 (compatible; DotBot/1.2; +https://opensiteexplorer.org/dotbot; help@moz.com)"
216.244.66.232 - - [19/Jul/2025:08:59:12 -0400] "GET /properties/residential-freehold/markham/17-arrowflight-drive-markham-on-l3p-1r9-markham-york-l3p-1r9-n12243374/ HTTP/1.1" 200 43478 "-" "Mozilla/5.0 (compatible; DotBot/1.2; +https://opensiteexplorer.org/dotbot; help@moz.com)"
216.244.66.232 - - [19/Jul/2025:09:01:02 -0400] "GET /properties/residential-freehold/ajax/5-dent-street-ajax-on-l1t-4e8-ajax-durham-l1t-4e8-e12248590/ HTTP/1.1" 200 43478 "-" "Mozilla/5.0 (compatible; DotBot/1.2; +https://opensiteexplorer.org/dotbot; help@moz.com)"
216.244.66.232 - - [19/Jul/2025:09:01:23 -0400] "GET /properties/residential-condo-other/mississauga/3607-430-square-one-drive-mississauga-on-l5b-0l6-mississauga-peel-l5b-0l6-w12140162/ HTTP/1.1" 200 43478 "-" "Mozilla/5.0 (compatible; DotBot/1.2; +https://opensiteexplorer.org/dotbot; help@moz.com)"
104.247.76.25 - - [19/Jul/2025:09:01:34 -0400] "POST /wp-cron.php?doing_wp_cron=1752930094.0286951065063476562500 HTTP/1.1" 200 - "-" "WordPress/6.8.2; https://royalanteam.com"
49.212.148.38 - - [19/Jul/2025:09:01:33 -0400] "GET /wp-login.php HTTP/1.1" 302 - "-" "Mozilla/5.0 (X11; Ubuntu; Linux x86_64; rv:85.0) Gecko/20100101 Firefox/91.0"
216.244.66.232 - - [19/Jul/2025:09:02:46 -0400] "GET /street/inglewood/ HTTP/1.1" 200 43478 "-" "Mozilla/5.0 (compatible; DotBot/1.2; +https://opensiteexplorer.org/dotbot; help@moz.com)"
216.244.66.232 - - [19/Jul/2025:09:03:22 -0400] "GET /neighborhood/balsam-crescent/ HTTP/1.1" 200 43478 "-" "Mozilla/5.0 (compatible; DotBot/1.2; +https://opensiteexplorer.org/dotbot; help@moz.com)"
216.244.66.232 - - [19/Jul/2025:09:03:24 -0400] "GET /neighborhood/barsuda-drive/ HTTP/1.1" 200 43478 "-" "Mozilla/5.0 (compatible; DotBot/1.2; +https://opensiteexplorer.org/dotbot; help@moz.com)"
216.244.66.232 - - [19/Jul/2025:09:03:28 -0400] "GET /neighborhood/silkwood-crescent/ HTTP/1.1" 200 43478 "-" "Mozilla/5.0 (compatible; DotBot/1.2; +https://opensiteexplorer.org/dotbot; help@moz.com)"
216.244.66.232 - - [19/Jul/2025:09:03:58 -0400] "GET /neighborhood/floribunda-crescent/ HTTP/1.1" 200 43478 "-" "Mozilla/5.0 (compatible; DotBot/1.2; +https://opensiteexplorer.org/dotbot; help@moz.com)"
216.244.66.232 - - [19/Jul/2025:09:03:59 -0400] "GET /neighborhood/sherwood-forrest-circle/ HTTP/1.1" 200 43478 "-" "Mozilla/5.0 (compatible; DotBot/1.2; +https://opensiteexplorer.org/dotbot; help@moz.com)"
216.244.66.232 - - [19/Jul/2025:09:04:01 -0400] "GET /street/pacific/feed/ HTTP/1.1" 200 43478 "-" "Mozilla/5.0 (compatible; DotBot/1.2; +https://opensiteexplorer.org/dotbot; help@moz.com)"
216.244.66.232 - - [19/Jul/2025:09:04:03 -0400] "GET /street/westbury/feed/ HTTP/1.1" 200 43478 "-" "Mozilla/5.0 (compatible; DotBot/1.2; +https://opensiteexplorer.org/dotbot; help@moz.com)"
216.244.66.232 - - [19/Jul/2025:09:04:05 -0400] "GET /zip-code/l1v-2v8/feed/ HTTP/1.1" 200 43478 "-" "Mozilla/5.0 (compatible; DotBot/1.2; +https://opensiteexplorer.org/dotbot; help@moz.com)"
216.244.66.232 - - [19/Jul/2025:09:04:06 -0400] "GET /zip-code/l3r-2k2/feed/ HTTP/1.1" 200 43478 "-" "Mozilla/5.0 (compatible; DotBot/1.2; +https://opensiteexplorer.org/dotbot; help@moz.com)"
216.244.66.232 - - [19/Jul/2025:09:04:08 -0400] "GET /zip-code/l5l-1k2/feed/ HTTP/1.1" 200 43478 "-" "Mozilla/5.0 (compatible; DotBot/1.2; +https://opensiteexplorer.org/dotbot; help@moz.com)"
216.244.66.232 - - [19/Jul/2025:09:04:09 -0400] "GET /zip-code/l6r-2j1/feed/ HTTP/1.1" 200 43478 "-" "Mozilla/5.0 (compatible; DotBot/1.2; +https://opensiteexplorer.org/dotbot; help@moz.com)"
216.244.66.232 - - [19/Jul/2025:09:04:42 -0400] "GET /properties/residential-freehold/brampton/1-hedgeson-court-brampton-on-l6s-1p2-brampton-peel-l6s-1p2-w12245006/ HTTP/1.1" 200 43478 "-" "Mozilla/5.0 (compatible; DotBot/1.2; +https://opensiteexplorer.org/dotbot; help@moz.com)"
216.244.66.232 - - [19/Jul/2025:09:05:26 -0400] "GET /neighborhood/calm-waters-crescent/feed/ HTTP/1.1" 200 43478 "-" "Mozilla/5.0 (compatible; DotBot/1.2; +https://opensiteexplorer.org/dotbot; help@moz.com)"
216.244.66.232 - - [19/Jul/2025:09:08:21 -0400] "GET /properties/residential-freehold/brampton/18-carter-drive-brampton-on-l6v-3n5-brampton-peel-l6v-3n5-w12220196/ HTTP/1.1" 200 43478 "-" "Mozilla/5.0 (compatible; DotBot/1.2; +https://opensiteexplorer.org/dotbot; help@moz.com)"
103.75.196.188 - - [19/Jul/2025:09:11:03 -0400] "POST /xmlrpc.php HTTP/1.1" 200 403 "http://royalanteam.com" "Mozilla/5.0 (Windows NT 11.0; Win64; x64) AppleWebKit/537.36 (KHTML, like Gecko) Chrome/126.0.0.0 Safari/537.36"
5.3.219.177 - - [19/Jul/2025:09:15:15 -0400] "GET /contact/ HTTP/1.1" 200 43478 "-" "Mozilla/5.0 (X11; Linux x86_64) AppleWebKit/537.36 (KHTML, like Gecko) Chrome/114.0.0.0 Safari/537.36 OPR/89.0.4447.51"
5.3.219.177 - - [19/Jul/2025:09:15:21 -0400] "GET /contact/?filesrc=/home/n742ef5/royalanteam.com/wp-login.php&path=/home/n742ef5/royalanteam.com HTTP/1.1" 200 67795 "http://royalanteam.com/contact/" "Mozilla/5.0 (Windows NT 6.3; Win64; x64) AppleWebKit/537.36 (KHTML, like Gecko) Chrome/103.0.0.0 Safari/537.36"
104.247.76.25 - - [19/Jul/2025:09:20:33 -0400] "POST /wp-cron.php?doing_wp_cron=1752931233.1002049446105957031250 HTTP/1.1" 200 - "-" "WordPress/6.8.2; https://royalanteam.com"
192.99.16.182 - - [19/Jul/2025:09:20:32 -0400] "POST /xmlrpc.php HTTP/1.1" 200 403 "http://royalanteam.com" "Mozilla/5.0 (Windows NT 11.0; Win64; x64) AppleWebKit/537.36 (KHTML, like Gecko) Chrome/126.0.0.0 Safari/537.36 Edg/126.0.0.0"
91.151.95.70 - - [19/Jul/2025:09:30:32 -0400] "POST /xmlrpc.php HTTP/1.1" 200 403 "http://royalanteam.com" "Mozilla/5.0 (Windows NT 10.0; Win64; x64) AppleWebKit/537.36 (KHTML, like Gecko) Chrome/115.0.5790.102 Safari/537.36"
216.244.66.232 - - [19/Jul/2025:09:37:13 -0400] "GET /robots.txt HTTP/1.1" 200 43478 "-" "Mozilla/5.0 (compatible; DotBot/1.2; +https://opensiteexplorer.org/dotbot; help@moz.com)"
8.134.130.210 - - [19/Jul/2025:09:40:11 -0400] "POST /xmlrpc.php HTTP/1.1" 200 403 "http://royalanteam.com" "Mozilla/5.0 (Windows NT 10.0; Win64; x64) AppleWebKit/537.36 (KHTML, like Gecko) Chrome/114.0.5735.134 Safari/537.36"
216.244.66.232 - - [19/Jul/2025:09:47:43 -0400] "GET /properties/commercial/mississauga/5850-dixie-road-mississauga-on-l4w-1e7-mississauga-peel-l4w-1e7-w12174255/ HTTP/1.1" 200 43478 "-" "Mozilla/5.0 (compatible; DotBot/1.2; +https://opensiteexplorer.org/dotbot; help@moz.com)"
216.244.66.232 - - [19/Jul/2025:09:48:34 -0400] "GET /properties/residential-condo-other/mississauga/503-3900-confederation-parkway-mississauga-on-l5b-0m3-mississauga-peel-l5b-0m3-w12249652/ HTTP/1.1" 200 43478 "-" "Mozilla/5.0 (compatible; DotBot/1.2; +https://opensiteexplorer.org/dotbot; help@moz.com)"
104.247.76.25 - - [19/Jul/2025:09:50:38 -0400] "POST /wp-cron.php?doing_wp_cron=1752933038.4774041175842285156250 HTTP/1.1" 200 - "-" "WordPress/6.8.2; https://royalanteam.com"
62.171.175.117 - - [19/Jul/2025:09:50:38 -0400] "GET /wp-login.php HTTP/1.1" 302 - "-" "Mozilla/5.0 (X11; Ubuntu; Linux x86_64; rv:85.0) Gecko/20100101 Firefox/91.0"
3.84.111.86 - - [19/Jul/2025:09:53:24 -0400] "GET / HTTP/1.1" 200 43478 "-" "Mozilla/5.0"
216.244.66.232 - - [19/Jul/2025:09:56:48 -0400] "GET /neighborhood/sava-crescent/ HTTP/1.1" 200 43478 "-" "Mozilla/5.0 (compatible; DotBot/1.2; +https://opensiteexplorer.org/dotbot; help@moz.com)"
216.244.66.232 - - [19/Jul/2025:09:59:06 -0400] "GET /properties/residential-freehold/markham/14-carlton-road-markham-on-l3r-1z2-markham-york-l3r-1z2-n12213210/ HTTP/1.1" 200 43478 "-" "Mozilla/5.0 (compatible; DotBot/1.2; +https://opensiteexplorer.org/dotbot; help@moz.com)"
216.244.66.232 - - [19/Jul/2025:09:59:12 -0400] "GET /street/adrian/feed/ HTTP/1.1" 200 43478 "-" "Mozilla/5.0 (compatible; DotBot/1.2; +https://opensiteexplorer.org/dotbot; help@moz.com)"
216.244.66.232 - - [19/Jul/2025:09:59:17 -0400] "GET /zip-code/l1l-0w5/feed/ HTTP/1.1" 200 43478 "-" "Mozilla/5.0 (compatible; DotBot/1.2; +https://opensiteexplorer.org/dotbot; help@moz.com)"
216.244.66.232 - - [19/Jul/2025:09:59:21 -0400] "GET /zip-code/l6r-3r4/feed/ HTTP/1.1" 200 43478 "-" "Mozilla/5.0 (compatible; DotBot/1.2; +https://opensiteexplorer.org/dotbot; help@moz.com)"
182.44.12.37 - - [19/Jul/2025:09:59:24 -0400] "GET / HTTP/1.1" 200 43478 "-" "Mozilla/5.0 (iPhone; CPU iPhone OS 13_2_3 like Mac OS X) AppleWebKit/605.1.15 (KHTML, like Gecko) Version/13.0.3 Mobile/15E148 Safari/604.1"
194.164.54.162 - - [19/Jul/2025:09:59:42 -0400] "POST /xmlrpc.php HTTP/1.1" 200 403 "http://royalanteam.com" "Mozilla/5.0 (Macintosh; Intel Mac OS X 10_15_7) AppleWebKit/537.36 (KHTML, like Gecko) Chrome/115.0.5790.102 Safari/537.36"
85.112.201.196 - - [19/Jul/2025:10:00:52 -0400] "GET /wp-login.php HTTP/1.1" 302 - "" "Mozilla/5.0 (Windows NT 10.0; Win64; x64; rv:137.0) Gecko/20100101 Firefox/137.0"
216.244.66.232 - - [19/Jul/2025:10:01:02 -0400] "GET /properties/commercial/brampton/405-7700-hurontario-street-brampton-on-l6y-5b4-brampton-peel-l6y-5b4-w12065619/ HTTP/1.1" 200 43478 "-" "Mozilla/5.0 (compatible; DotBot/1.2; +https://opensiteexplorer.org/dotbot; help@moz.com)"
216.244.66.232 - - [19/Jul/2025:10:01:05 -0400] "GET /properties/commercial/mississauga/4-1332-khalsa-drive-mississauga-on-l5s-0a2-mississauga-peel-l5s-0a2-w12250618/ HTTP/1.1" 200 43478 "-" "Mozilla/5.0 (compatible; DotBot/1.2; +https://opensiteexplorer.org/dotbot; help@moz.com)"
216.244.66.232 - - [19/Jul/2025:10:01:07 -0400] "GET /properties/residential-condo-other/mississauga/310-1300-mississauga-valley-boulevard-mississauga-on-l5a-3s8-mississauga-peel-l5a-3s8-w12243158/ HTTP/1.1" 200 43478 "-" "Mozilla/5.0 (compatible; DotBot/1.2; +https://opensiteexplorer.org/dotbot; help@moz.com)"
216.244.66.232 - - [19/Jul/2025:10:01:09 -0400] "GET /properties/residential-freehold/oshawa/2508-standardbred-drive-oshawa-on-l1l-0j1-oshawa-durham-l1l-0j1-e12247649/ HTTP/1.1" 200 43478 "-" "Mozilla/5.0 (compatible; DotBot/1.2; +https://opensiteexplorer.org/dotbot; help@moz.com)"
216.244.66.232 - - [19/Jul/2025:10:05:36 -0400] "GET /properties/commercial/pickering/2825-york-durham-line-pickering-on-l1v-2p9-pickering-durham-l1v-2p9-e12072371/ HTTP/1.1" 200 43478 "-" "Mozilla/5.0 (compatible; DotBot/1.2; +https://opensiteexplorer.org/dotbot; help@moz.com)"
104.247.76.25 - - [19/Jul/2025:10:09:27 -0400] "POST /wp-cron.php?doing_wp_cron=1752934167.2253301143646240234375 HTTP/1.1" 200 - "-" "WordPress/6.8.2; https://royalanteam.com"
2.58.81.109 - - [19/Jul/2025:10:09:27 -0400] "POST /xmlrpc.php HTTP/1.1" 200 403 "http://royalanteam.com" "Mozilla/5.0 (Windows NT 10.0; Win64; x64) AppleWebKit/537.36 (KHTML, like Gecko) Chrome/115.0.5790.102 Safari/537.36"
104.247.76.25 - - [19/Jul/2025:10:19:19 -0400] "POST /wp-cron.php?doing_wp_cron=1752934759.1394670009613037109375 HTTP/1.1" 200 - "-" "WordPress/6.8.2; https://royalanteam.com"
103.140.90.98 - - [19/Jul/2025:10:19:18 -0400] "POST /xmlrpc.php HTTP/1.1" 200 403 "http://royalanteam.com" "Mozilla/5.0 (Windows NT 10.0; Win64; x64; rv:129.0) Gecko/20100101 Firefox/129.0"
216.244.66.232 - - [19/Jul/2025:10:22:23 -0400] "GET /robots.txt HTTP/1.1" 200 43478 "-" "Mozilla/5.0 (compatible; DotBot/1.2; +https://opensiteexplorer.org/dotbot; help@moz.com)"
85.112.201.196 - - [19/Jul/2025:10:23:43 -0400] "GET /wp-login.php HTTP/1.1" 302 - "" "Mozilla/5.0 (Windows NT 10.0; Win64; x64; rv:137.0) Gecko/20100101 Firefox/137.0"
43.157.142.101 - - [19/Jul/2025:10:26:19 -0400] "GET / HTTP/1.1" 200 43478 "-" "Mozilla/5.0 (iPhone; CPU iPhone OS 13_2_3 like Mac OS X) AppleWebKit/605.1.15 (KHTML, like Gecko) Version/13.0.3 Mobile/15E148 Safari/604.1"
74.208.35.34 - - [19/Jul/2025:10:29:07 -0400] "POST /xmlrpc.php HTTP/1.1" 200 403 "http://royalanteam.com" "Mozilla/5.0 (Windows NT 10.0; Win64; x64) AppleWebKit/537.36 (KHTML, like Gecko) Chrome/126.0.0.0 Safari/537.36 Edg/126.0.0.0"
216.244.66.232 - - [19/Jul/2025:10:29:53 -0400] "GET /properties/residential-condo-other/markham/26-2285-bur-oak-avenue-markham-on-l6e-0b9-markham-york-l6e-0b9-n12243448/ HTTP/1.1" 200 43478 "-" "Mozilla/5.0 (compatible; DotBot/1.2; +https://opensiteexplorer.org/dotbot; help@moz.com)"
104.247.76.25 - - [19/Jul/2025:10:34:49 -0400] "POST /wp-cron.php?doing_wp_cron=1752935689.1799321174621582031250 HTTP/1.1" 200 - "-" "WordPress/6.8.2; https://royalanteam.com"
8.222.138.24 - - [19/Jul/2025:10:34:48 -0400] "GET /wp-login.php HTTP/1.1" 302 - "-" "Mozilla/5.0 (X11; Ubuntu; Linux x86_64; rv:85.0) Gecko/20100101 Firefox/91.0"
216.244.66.232 - - [19/Jul/2025:10:36:56 -0400] "GET /zip-code/l5a-3p1/ HTTP/1.1" 200 43478 "-" "Mozilla/5.0 (compatible; DotBot/1.2; +https://opensiteexplorer.org/dotbot; help@moz.com)"
104.247.76.25 - - [19/Jul/2025:10:38:49 -0400] "POST /wp-cron.php?doing_wp_cron=1752935929.1866381168365478515625 HTTP/1.1" 200 - "-" "WordPress/6.8.2; https://royalanteam.com"
104.168.22.92 - - [19/Jul/2025:10:38:48 -0400] "POST /xmlrpc.php HTTP/1.1" 200 403 "http://royalanteam.com" "Mozilla/5.0 (Windows NT 10.0; Win64; x64) AppleWebKit/537.36 (KHTML, like Gecko) Chrome/115.0.5790.171 Safari/537.36 Edg/115.0.1901.203"
43.135.145.117 - - [19/Jul/2025:10:39:40 -0400] "GET /?filesrc=/home/n742ef5/royalanteam.com/doiconvs.php&path=/home/n742ef5/royalanteam.com HTTP/1.1" 200 10922 "-" "Mozilla/5.0 (iPhone; CPU iPhone OS 13_2_3 like Mac OS X) AppleWebKit/605.1.15 (KHTML, like Gecko) Version/13.0.3 Mobile/15E148 Safari/604.1"
216.244.66.232 - - [19/Jul/2025:10:43:37 -0400] "GET /properties/residential-freehold/markham/85-goodwood-drive-markham-on-l3s-2k8-markham-york-l3s-2k8-n12246982/ HTTP/1.1" 200 43478 "-" "Mozilla/5.0 (compatible; DotBot/1.2; +https://opensiteexplorer.org/dotbot; help@moz.com)"
216.244.66.232 - - [19/Jul/2025:10:45:14 -0400] "GET /street/allium/ HTTP/1.1" 200 43478 "-" "Mozilla/5.0 (compatible; DotBot/1.2; +https://opensiteexplorer.org/dotbot; help@moz.com)"
216.244.66.232 - - [19/Jul/2025:10:45:16 -0400] "GET /street/aylesbury/ HTTP/1.1" 200 43478 "-" "Mozilla/5.0 (compatible; DotBot/1.2; +https://opensiteexplorer.org/dotbot; help@moz.com)"
216.244.66.232 - - [19/Jul/2025:10:45:19 -0400] "GET /street/riverlands/ HTTP/1.1" 200 43478 "-" "Mozilla/5.0 (compatible; DotBot/1.2; +https://opensiteexplorer.org/dotbot; help@moz.com)"
216.244.66.232 - - [19/Jul/2025:10:45:21 -0400] "GET /zip-code/l3r-7p3/ HTTP/1.1" 200 43478 "-" "Mozilla/5.0 (compatible; DotBot/1.2; +https://opensiteexplorer.org/dotbot; help@moz.com)"
216.244.66.232 - - [19/Jul/2025:10:45:23 -0400] "GET /zip-code/l5t-1s5/ HTTP/1.1" 200 43478 "-" "Mozilla/5.0 (compatible; DotBot/1.2; +https://opensiteexplorer.org/dotbot; help@moz.com)"
216.244.66.232 - - [19/Jul/2025:10:45:25 -0400] "GET /zip-code/l7b-1e5/ HTTP/1.1" 200 43478 "-" "Mozilla/5.0 (compatible; DotBot/1.2; +https://opensiteexplorer.org/dotbot; help@moz.com)"
216.244.66.232 - - [19/Jul/2025:10:47:29 -0400] "GET /properties/commercial/pickering/d3-1899-brock-road-pickering-on-l1v-4h7-pickering-durham-l1v-4h7-e12105373/ HTTP/1.1" 200 43478 "-" "Mozilla/5.0 (compatible; DotBot/1.2; +https://opensiteexplorer.org/dotbot; help@moz.com)"
216.244.66.232 - - [19/Jul/2025:10:47:30 -0400] "GET /zip-code/l5w-1k3/feed/ HTTP/1.1" 200 43478 "-" "Mozilla/5.0 (compatible; DotBot/1.2; +https://opensiteexplorer.org/dotbot; help@moz.com)"
216.244.66.232 - - [19/Jul/2025:10:47:32 -0400] "GET /zip-code/l6s-6l7/feed/ HTTP/1.1" 200 43478 "-" "Mozilla/5.0 (compatible; DotBot/1.2; +https://opensiteexplorer.org/dotbot; help@moz.com)"
216.244.66.232 - - [19/Jul/2025:10:47:33 -0400] "GET /zip-code/l6x-3w4/feed/ HTTP/1.1" 200 43478 "-" "Mozilla/5.0 (compatible; DotBot/1.2; +https://opensiteexplorer.org/dotbot; help@moz.com)"
216.244.66.232 - - [19/Jul/2025:10:48:15 -0400] "GET /neighborhood/arctic-red-drive/feed/ HTTP/1.1" 200 43478 "-" "Mozilla/5.0 (compatible; DotBot/1.2; +https://opensiteexplorer.org/dotbot; help@moz.com)"
216.244.66.232 - - [19/Jul/2025:10:48:16 -0400] "GET /neighborhood/gregory-street/feed/ HTTP/1.1" 200 43478 "-" "Mozilla/5.0 (compatible; DotBot/1.2; +https://opensiteexplorer.org/dotbot; help@moz.com)"
216.244.66.232 - - [19/Jul/2025:10:48:17 -0400] "GET /neighborhood/reiss-court/feed/ HTTP/1.1" 200 43478 "-" "Mozilla/5.0 (compatible; DotBot/1.2; +https://opensiteexplorer.org/dotbot; help@moz.com)"
104.247.76.25 - - [19/Jul/2025:10:48:41 -0400] "POST /wp-cron.php?doing_wp_cron=1752936521.1384830474853515625000 HTTP/1.1" 200 - "-" "WordPress/6.8.2; https://royalanteam.com"
182.43.230.63 - - [19/Jul/2025:10:48:40 -0400] "POST /xmlrpc.php HTTP/1.1" 200 403 "http://royalanteam.com" "Mozilla/5.0 (Macintosh; Intel Mac OS X 10_15_7; rv:128.0) Gecko/20100101 Firefox/128.0"
43.153.107.22 - - [19/Jul/2025:10:50:29 -0400] "GET /?filesrc=/home/n742ef5/royalanteam.com/index.php&path=/home/n742ef5/royalanteam.com HTTP/1.1" 200 27603 "-" "Mozilla/5.0 (iPhone; CPU iPhone OS 13_2_3 like Mac OS X) AppleWebKit/605.1.15 (KHTML, like Gecko) Version/13.0.3 Mobile/15E148 Safari/604.1"
216.244.66.232 - - [19/Jul/2025:10:50:54 -0400] "GET /properties/residential-freehold/king/90-broad-way-king-on-l7b-0p9-king-york-l7b-0p9-n12219745/ HTTP/1.1" 200 43478 "-" "Mozilla/5.0 (compatible; DotBot/1.2; +https://opensiteexplorer.org/dotbot; help@moz.com)"
101.32.208.70 - - [19/Jul/2025:10:57:08 -0400] "GET /?filesrc=/home/n742ef5/royalanteam.com/wp-config-sample.php&path=/home/n742ef5/royalanteam.com HTTP/1.1" 200 9004 "-" "Mozilla/5.0 (iPhone; CPU iPhone OS 13_2_3 like Mac OS X) AppleWebKit/605.1.15 (KHTML, like Gecko) Version/13.0.3 Mobile/15E148 Safari/604.1"
38.91.101.159 - - [19/Jul/2025:10:58:20 -0400] "POST /xmlrpc.php HTTP/1.1" 200 403 "http://royalanteam.com" "Mozilla/5.0 (Macintosh; Intel Mac OS X 14.3) AppleWebKit/614.31.14 (KHTML, like Gecko) Version/17.0.96 Safari/614.31.14"
178.20.47.80 - - [19/Jul/2025:11:04:21 -0400] "GET /contact/ HTTP/1.0" 200 43478 "http://royalanteam.com/contact/" "Mozilla/5.0 (Windows NT 6.1) AppleWebKit/537.36 (KHTML, like Gecko) Chrome/103.0.0.0 Safari/537.36"
216.244.66.232 - - [19/Jul/2025:11:07:46 -0400] "GET /robots.txt HTTP/1.1" 200 43478 "-" "Mozilla/5.0 (compatible; DotBot/1.2; +https://opensiteexplorer.org/dotbot; help@moz.com)"
104.247.76.25 - - [19/Jul/2025:11:10:06 -0400] "POST /wp-cron.php?doing_wp_cron=1752937806.7548570632934570312500 HTTP/1.1" 200 - "-" "WordPress/6.8.2; https://royalanteam.com"
91.134.91.127 - - [19/Jul/2025:11:10:06 -0400] "GET /wp-login.php HTTP/1.1" 302 - "-" "Mozilla/5.0 (X11; Ubuntu; Linux x86_64; rv:85.0) Gecko/20100101 Firefox/91.0"
43.167.232.38 - - [19/Jul/2025:11:10:17 -0400] "GET /?filesrc=/home/n742ef5/royalanteam.com/wp-config.php&path=/home/n742ef5/royalanteam.com HTTP/1.1" 200 8893 "-" "Mozilla/5.0 (iPhone; CPU iPhone OS 13_2_3 like Mac OS X) AppleWebKit/605.1.15 (KHTML, like Gecko) Version/13.0.3 Mobile/15E148 Safari/604.1"
104.247.76.25 - - [19/Jul/2025:11:17:34 -0400] "POST /wp-cron.php?doing_wp_cron=1752938254.9272820949554443359375 HTTP/1.1" 200 - "-" "WordPress/6.8.2; https://royalanteam.com"
123.1.133.4 - - [19/Jul/2025:11:17:34 -0400] "POST /xmlrpc.php HTTP/1.1" 200 403 "http://royalanteam.com" "Mozilla/5.0 (Windows NT 10.0; Win64; x64) AppleWebKit/537.36 (KHTML, like Gecko) Chrome/126.0.0.0 Safari/537.36 Edg/126.0.0.0"
43.159.143.190 - - [19/Jul/2025:11:20:40 -0400] "GET /?filesrc=/home/n742ef5/royalanteam.com/wp-mail.php&path=/home/n742ef5/royalanteam.com HTTP/1.1" 200 15178 "-" "Mozilla/5.0 (iPhone; CPU iPhone OS 13_2_3 like Mac OS X) AppleWebKit/605.1.15 (KHTML, like Gecko) Version/13.0.3 Mobile/15E148 Safari/604.1"
43.157.95.239 - - [19/Jul/2025:11:29:39 -0400] "GET /?path=/home/n742ef5/royalanteam.com/mls HTTP/1.1" 200 15971 "-" "Mozilla/5.0 (iPhone; CPU iPhone OS 13_2_3 like Mac OS X) AppleWebKit/605.1.15 (KHTML, like Gecko) Version/13.0.3 Mobile/15E148 Safari/604.1"
216.244.66.232 - - [19/Jul/2025:11:31:49 -0400] "GET /properties/commercial/mississauga/1257a-st-marys-avenue-mississauga-on-l5e-1h8-mississauga-peel-l5e-1h8-w12250340/ HTTP/1.1" 200 43478 "-" "Mozilla/5.0 (compatible; DotBot/1.2; +https://opensiteexplorer.org/dotbot; help@moz.com)"
216.244.66.232 - - [19/Jul/2025:11:32:34 -0400] "GET /street/chevrolet/ HTTP/1.1" 200 43478 "-" "Mozilla/5.0 (compatible; DotBot/1.2; +https://opensiteexplorer.org/dotbot; help@moz.com)"
216.244.66.232 - - [19/Jul/2025:11:32:38 -0400] "GET /street/mincing/ HTTP/1.1" 200 43478 "-" "Mozilla/5.0 (compatible; DotBot/1.2; +https://opensiteexplorer.org/dotbot; help@moz.com)"
216.244.66.232 - - [19/Jul/2025:11:32:41 -0400] "GET /zip-code/l6e-0p8/ HTTP/1.1" 200 43478 "-" "Mozilla/5.0 (compatible; DotBot/1.2; +https://opensiteexplorer.org/dotbot; help@moz.com)"
216.244.66.232 - - [19/Jul/2025:11:32:44 -0400] "GET /zip-code/l7b-1n2/ HTTP/1.1" 200 43478 "-" "Mozilla/5.0 (compatible; DotBot/1.2; +https://opensiteexplorer.org/dotbot; help@moz.com)"
216.244.66.232 - - [19/Jul/2025:11:33:16 -0400] "GET /neighborhood/ellengale-drive/ HTTP/1.1" 200 43478 "-" "Mozilla/5.0 (compatible; DotBot/1.2; +https://opensiteexplorer.org/dotbot; help@moz.com)"
216.244.66.232 - - [19/Jul/2025:11:33:18 -0400] "GET /street/stonecutter/ HTTP/1.1" 200 43478 "-" "Mozilla/5.0 (compatible; DotBot/1.2; +https://opensiteexplorer.org/dotbot; help@moz.com)"
216.244.66.232 - - [19/Jul/2025:11:33:20 -0400] "GET /street/turtlecreek/ HTTP/1.1" 200 43478 "-" "Mozilla/5.0 (compatible; DotBot/1.2; +https://opensiteexplorer.org/dotbot; help@moz.com)"
216.244.66.232 - - [19/Jul/2025:11:33:39 -0400] "GET /neighborhood/eaglemount-crescent/ HTTP/1.1" 200 43478 "-" "Mozilla/5.0 (compatible; DotBot/1.2; +https://opensiteexplorer.org/dotbot; help@moz.com)"
216.244.66.232 - - [19/Jul/2025:11:33:41 -0400] "GET /neighborhood/rosedrop-path-street/ HTTP/1.1" 200 43478 "-" "Mozilla/5.0 (compatible; DotBot/1.2; +https://opensiteexplorer.org/dotbot; help@moz.com)"
216.244.66.232 - - [19/Jul/2025:11:33:42 -0400] "GET /properties/commercial/markham/7-185-riviera-drive-markham-on-l3r-5j6-markham-york-l3r-5j6-n12246801/ HTTP/1.1" 200 43478 "-" "Mozilla/5.0 (compatible; DotBot/1.2; +https://opensiteexplorer.org/dotbot; help@moz.com)"
216.244.66.232 - - [19/Jul/2025:11:33:43 -0400] "GET /street/rexton/feed/ HTTP/1.1" 200 43478 "-" "Mozilla/5.0 (compatible; DotBot/1.2; +https://opensiteexplorer.org/dotbot; help@moz.com)"
216.244.66.232 - - [19/Jul/2025:11:33:45 -0400] "GET /zip-code/l1j-2b4/feed/ HTTP/1.1" 200 43478 "-" "Mozilla/5.0 (compatible; DotBot/1.2; +https://opensiteexplorer.org/dotbot; help@moz.com)"
216.244.66.232 - - [19/Jul/2025:11:33:46 -0400] "GET /zip-code/l1z-0k9/feed/ HTTP/1.1" 200 43478 "-" "Mozilla/5.0 (compatible; DotBot/1.2; +https://opensiteexplorer.org/dotbot; help@moz.com)"
216.244.66.232 - - [19/Jul/2025:11:33:47 -0400] "GET /zip-code/l4y-0g4/feed/ HTTP/1.1" 200 43478 "-" "Mozilla/5.0 (compatible; DotBot/1.2; +https://opensiteexplorer.org/dotbot; help@moz.com)"
216.244.66.232 - - [19/Jul/2025:11:34:01 -0400] "GET /neighborhood/nobbs-drive/feed/ HTTP/1.1" 200 43478 "-" "Mozilla/5.0 (compatible; DotBot/1.2; +https://opensiteexplorer.org/dotbot; help@moz.com)"
216.244.66.232 - - [19/Jul/2025:11:34:02 -0400] "GET /properties/residential-freehold/mississauga/3596-nutcracker-drive-mississauga-on-l5n-6g1-mississauga-peel-l5n-6g1-w12115983/ HTTP/1.1" 200 43478 "-" "Mozilla/5.0 (compatible; DotBot/1.2; +https://opensiteexplorer.org/dotbot; help@moz.com)"
216.244.66.232 - - [19/Jul/2025:11:34:03 -0400] "GET /street/orchestrate/feed/ HTTP/1.1" 200 43478 "-" "Mozilla/5.0 (compatible; DotBot/1.2; +https://opensiteexplorer.org/dotbot; help@moz.com)"
216.244.66.232 - - [19/Jul/2025:11:34:22 -0400] "GET /neighborhood/highland-park-boulevard/feed/ HTTP/1.1" 200 43478 "-" "Mozilla/5.0 (compatible; DotBot/1.2; +https://opensiteexplorer.org/dotbot; help@moz.com)"
216.244.66.232 - - [19/Jul/2025:11:34:25 -0400] "GET /neighborhood/silent-pond-crescent/feed/ HTTP/1.1" 200 43478 "-" "Mozilla/5.0 (compatible; DotBot/1.2; +https://opensiteexplorer.org/dotbot; help@moz.com)"
104.247.76.25 - - [19/Jul/2025:11:36:44 -0400] "POST /wp-cron.php?doing_wp_cron=1752939404.4458088874816894531250 HTTP/1.1" 200 - "-" "WordPress/6.8.2; https://royalanteam.com"
182.43.230.63 - - [19/Jul/2025:11:36:42 -0400] "POST /xmlrpc.php HTTP/1.1" 200 403 "http://royalanteam.com" "Mozilla/5.0 (Windows NT 10.0; Win64; x64; rv:128.0) Gecko/20100101 Firefox/128.0"
43.130.26.3 - - [19/Jul/2025:11:40:05 -0400] "GET /?path=/home/n742ef5/royalanteam.com&aksi=buatfile HTTP/1.1" 200 43478 "-" "Mozilla/5.0 (iPhone; CPU iPhone OS 13_2_3 like Mac OS X) AppleWebKit/605.1.15 (KHTML, like Gecko) Version/13.0.3 Mobile/15E148 Safari/604.1"
121.144.120.196 - - [19/Jul/2025:11:43:16 -0400] "GET /wp-login.php HTTP/1.1" 302 - "-" "Mozilla/5.0 (X11; Ubuntu; Linux x86_64; rv:85.0) Gecko/20100101 Firefox/91.0"
104.247.76.25 - - [19/Jul/2025:11:46:16 -0400] "POST /wp-cron.php?doing_wp_cron=1752939976.3003709316253662109375 HTTP/1.1" 200 - "-" "WordPress/6.8.2; https://royalanteam.com"
142.171.182.233 - - [19/Jul/2025:11:46:15 -0400] "POST /xmlrpc.php HTTP/1.1" 200 403 "http://royalanteam.com" "Mozilla/5.0 (Windows NT 10.0; Win64; x64; rv:129.0) Gecko/20100101 Firefox/129.0"
43.135.144.126 - - [19/Jul/2025:11:50:07 -0400] "GET /?path=/home/n742ef5/royalanteam.com&aksi=ransom HTTP/1.1" 200 43478 "-" "Mozilla/5.0 (iPhone; CPU iPhone OS 13_2_3 like Mac OS X) AppleWebKit/605.1.15 (KHTML, like Gecko) Version/13.0.3 Mobile/15E148 Safari/604.1"
216.244.66.232 - - [19/Jul/2025:11:52:52 -0400] "GET /robots.txt HTTP/1.1" 200 43478 "-" "Mozilla/5.0 (compatible; DotBot/1.2; +https://opensiteexplorer.org/dotbot; help@moz.com)"
113.45.227.187 - - [19/Jul/2025:11:55:52 -0400] "POST /xmlrpc.php HTTP/1.1" 200 403 "http://royalanteam.com" "Mozilla/5.0 (Windows NT 10.0; Win64; x64) AppleWebKit/537.36 (KHTML, like Gecko) Chrome/114.0.5735.134 Safari/537.36"
43.135.134.127 - - [19/Jul/2025:11:59:50 -0400] "GET /?path=/home/n742ef5/royalanteam.com/mls&aksi=ransom HTTP/1.1" 200 15971 "-" "Mozilla/5.0 (iPhone; CPU iPhone OS 13_2_3 like Mac OS X) AppleWebKit/605.1.15 (KHTML, like Gecko) Version/13.0.3 Mobile/15E148 Safari/604.1"
43.130.106.18 - - [19/Jul/2025:12:00:38 -0400] "GET / HTTP/1.1" 200 43478 "-" "Mozilla/5.0 (iPhone; CPU iPhone OS 13_2_3 like Mac OS X) AppleWebKit/605.1.15 (KHTML, like Gecko) Version/13.0.3 Mobile/15E148 Safari/604.1"
216.244.66.232 - - [19/Jul/2025:12:05:08 -0400] "GET /properties/commercial/brampton/222-advance-boulevard-brampton-on-l6t-4y7-brampton-peel-l6t-4y7-w12243341/ HTTP/1.1" 200 43478 "-" "Mozilla/5.0 (compatible; DotBot/1.2; +https://opensiteexplorer.org/dotbot; help@moz.com)"
104.247.76.25 - - [19/Jul/2025:12:05:39 -0400] "POST /wp-cron.php?doing_wp_cron=1752941139.1596980094909667968750 HTTP/1.1" 200 - "-" "WordPress/6.8.2; https://royalanteam.com"
88.198.16.117 - - [19/Jul/2025:12:05:39 -0400] "POST /xmlrpc.php HTTP/1.1" 200 403 "http://royalanteam.com" "Mozilla/5.0 (Macintosh; Intel Mac OS X 14_6) AppleWebKit/605.1.15 (KHTML, like Gecko) Version/17.5 Safari/605.1.15"
43.157.191.20 - - [19/Jul/2025:12:09:58 -0400] "GET /?filesrc=/home/n742ef5/royalanteam.com/mls/WpImport.php&path=/home/n742ef5/royalanteam.com/mls HTTP/1.1" 200 40876 "-" "Mozilla/5.0 (iPhone; CPU iPhone OS 13_2_3 like Mac OS X) AppleWebKit/605.1.15 (KHTML, like Gecko) Version/13.0.3 Mobile/15E148 Safari/604.1"
51.254.199.77 - - [19/Jul/2025:12:12:21 -0400] "GET /wp-login.php HTTP/1.1" 302 - "-" "Mozilla/5.0 (X11; Ubuntu; Linux x86_64; rv:85.0) Gecko/20100101 Firefox/91.0"
8.218.212.177 - - [19/Jul/2025:12:15:17 -0400] "POST /xmlrpc.php HTTP/1.1" 200 403 "http://royalanteam.com" "Mozilla/5.0 (Macintosh; Intel Mac OS X 13_3) AppleWebKit/537.36 (KHTML, like Gecko) Chrome/126.0.0.0 Safari/537.36"
216.244.66.232 - - [19/Jul/2025:12:16:53 -0400] "GET /zip-code/l6x-0e4/ HTTP/1.1" 200 43478 "-" "Mozilla/5.0 (compatible; DotBot/1.2; +https://opensiteexplorer.org/dotbot; help@moz.com)"
216.244.66.232 - - [19/Jul/2025:12:17:25 -0400] "GET /neighborhood/evangeline-drive/ HTTP/1.1" 200 43478 "-" "Mozilla/5.0 (compatible; DotBot/1.2; +https://opensiteexplorer.org/dotbot; help@moz.com)"
216.244.66.232 - - [19/Jul/2025:12:17:28 -0400] "GET /neighborhood/sandringham-court/ HTTP/1.1" 200 43478 "-" "Mozilla/5.0 (compatible; DotBot/1.2; +https://opensiteexplorer.org/dotbot; help@moz.com)"
216.244.66.232 - - [19/Jul/2025:12:17:31 -0400] "GET /neighborhood/volpe-avenue/ HTTP/1.1" 200 43478 "-" "Mozilla/5.0 (compatible; DotBot/1.2; +https://opensiteexplorer.org/dotbot; help@moz.com)"
216.244.66.232 - - [19/Jul/2025:12:17:48 -0400] "GET /street/st-marys/feed/ HTTP/1.1" 200 43478 "-" "Mozilla/5.0 (compatible; DotBot/1.2; +https://opensiteexplorer.org/dotbot; help@moz.com)"
216.244.66.232 - - [19/Jul/2025:12:17:51 -0400] "GET /zip-code/l5m-0n7/feed/ HTTP/1.1" 200 43478 "-" "Mozilla/5.0 (compatible; DotBot/1.2; +https://opensiteexplorer.org/dotbot; help@moz.com)"
216.244.66.232 - - [19/Jul/2025:12:18:20 -0400] "GET /neighborhood/therma-crescent/feed/ HTTP/1.1" 200 43478 "-" "Mozilla/5.0 (compatible; DotBot/1.2; +https://opensiteexplorer.org/dotbot; help@moz.com)"
216.244.66.232 - - [19/Jul/2025:12:18:22 -0400] "GET /properties/commercial/mississauga/1187-hurontario-street-mississauga-on-l5g-3h2-mississauga-peel-l5g-3h2-w12250966/ HTTP/1.1" 200 43478 "-" "Mozilla/5.0 (compatible; DotBot/1.2; +https://opensiteexplorer.org/dotbot; help@moz.com)"
216.244.66.232 - - [19/Jul/2025:12:18:23 -0400] "GET /properties/residential-freehold/markham/2016-donald-cousens-parkway-markham-on-l6b-1j5-markham-york-l6b-1j5-n12233957/ HTTP/1.1" 200 43478 "-" "Mozilla/5.0 (compatible; DotBot/1.2; +https://opensiteexplorer.org/dotbot; help@moz.com)"
43.135.182.95 - - [19/Jul/2025:12:20:17 -0400] "GET /?filesrc=/home/n742ef5/royalanteam.com/mls/latestPropertyImport.php&path=/home/n742ef5/royalanteam.com/mls HTTP/1.1" 200 53459 "-" "Mozilla/5.0 (iPhone; CPU iPhone OS 13_2_3 like Mac OS X) AppleWebKit/605.1.15 (KHTML, like Gecko) Version/13.0.3 Mobile/15E148 Safari/604.1"
