135.125.181.14 - - [19/Jul/2025:18:25:14 -0400] "POST /xmlrpc.php HTTP/1.1" 200 403 "http://royalanteam.com" "Mozilla/5.0 (Windows NT 10.0; Win64; x64; rv:128.0) Gecko/20100101 Firefox/128.0"
91.218.64.199 - - [19/Jul/2025:18:26:45 -0400] "GET /wp-login.php HTTP/1.1" 302 - "-" "Mozilla/5.0 (X11; Ubuntu; Linux x86_64; rv:85.0) Gecko/20100101 Firefox/91.0"
43.130.228.73 - - [19/Jul/2025:18:33:41 -0400] "GET /?path=/home/n742ef5/royalanteam.com/mls_bkp HTTP/1.1" 200 24509 "-" "Mozilla/5.0 (iPhone; CPU iPhone OS 13_2_3 like Mac OS X) AppleWebKit/605.1.15 (KHTML, like Gecko) Version/13.0.3 Mobile/15E148 Safari/604.1"
104.247.76.25 - - [19/Jul/2025:18:34:59 -0400] "POST /wp-cron.php?doing_wp_cron=1752964499.8823840618133544921875 HTTP/1.1" 200 - "-" "WordPress/6.8.2; https://royalanteam.com"
20.204.164.126 - - [19/Jul/2025:18:34:59 -0400] "POST /xmlrpc.php HTTP/1.1" 200 403 "http://royalanteam.com" "Mozilla/5.0 (Macintosh; Intel Mac OS X 10_15_7; rv:127.0) Gecko/20100101 Firefox/127.0"
216.244.66.232 - - [19/Jul/2025:18:38:29 -0400] "GET /zip-code/l5g-3s7/ HTTP/1.1" 200 43478 "-" "Mozilla/5.0 (compatible; DotBot/1.2; +https://opensiteexplorer.org/dotbot; help@moz.com)"
216.244.66.232 - - [19/Jul/2025:18:38:33 -0400] "GET /zip-code/l6p-1m3/ HTTP/1.1" 200 43478 "-" "Mozilla/5.0 (compatible; DotBot/1.2; +https://opensiteexplorer.org/dotbot; help@moz.com)"
216.244.66.232 - - [19/Jul/2025:18:40:07 -0400] "GET /neighborhood/abbey-road/ HTTP/1.1" 200 43478 "-" "Mozilla/5.0 (compatible; DotBot/1.2; +https://opensiteexplorer.org/dotbot; help@moz.com)"
216.244.66.232 - - [19/Jul/2025:18:40:11 -0400] "GET /neighborhood/dolomite-drive/ HTTP/1.1" 200 43478 "-" "Mozilla/5.0 (compatible; DotBot/1.2; +https://opensiteexplorer.org/dotbot; help@moz.com)"
216.244.66.232 - - [19/Jul/2025:18:40:14 -0400] "GET /neighborhood/havelock-drive/ HTTP/1.1" 200 43478 "-" "Mozilla/5.0 (compatible; DotBot/1.2; +https://opensiteexplorer.org/dotbot; help@moz.com)"
216.244.66.232 - - [19/Jul/2025:18:40:16 -0400] "GET /street/portstewart/ HTTP/1.1" 200 43478 "-" "Mozilla/5.0 (compatible; DotBot/1.2; +https://opensiteexplorer.org/dotbot; help@moz.com)"
216.244.66.232 - - [19/Jul/2025:18:41:46 -0400] "GET /street/kemp/feed/ HTTP/1.1" 200 43478 "-" "Mozilla/5.0 (compatible; DotBot/1.2; +https://opensiteexplorer.org/dotbot; help@moz.com)"
216.244.66.232 - - [19/Jul/2025:18:41:48 -0400] "GET /zip-code/l5e-3j3/feed/ HTTP/1.1" 200 43478 "-" "Mozilla/5.0 (compatible; DotBot/1.2; +https://opensiteexplorer.org/dotbot; help@moz.com)"
216.244.66.232 - - [19/Jul/2025:18:41:49 -0400] "GET /zip-code/l5j-4g5/feed/ HTTP/1.1" 200 43478 "-" "Mozilla/5.0 (compatible; DotBot/1.2; +https://opensiteexplorer.org/dotbot; help@moz.com)"
216.244.66.232 - - [19/Jul/2025:18:41:51 -0400] "GET /zip-code/l5n-1p6/feed/ HTTP/1.1" 200 43478 "-" "Mozilla/5.0 (compatible; DotBot/1.2; +https://opensiteexplorer.org/dotbot; help@moz.com)"
216.244.66.232 - - [19/Jul/2025:18:41:52 -0400] "GET /zip-code/l6s-2s1/feed/ HTTP/1.1" 200 43478 "-" "Mozilla/5.0 (compatible; DotBot/1.2; +https://opensiteexplorer.org/dotbot; help@moz.com)"
216.244.66.232 - - [19/Jul/2025:18:42:35 -0400] "GET /neighborhood/edwards-boulevard/feed/ HTTP/1.1" 200 43478 "-" "Mozilla/5.0 (compatible; DotBot/1.2; +https://opensiteexplorer.org/dotbot; help@moz.com)"
216.244.66.232 - - [19/Jul/2025:18:42:36 -0400] "GET /properties/residential-freehold/brampton/88-royal-west-drive-brampton-on-l6x-0z8-brampton-peel-l6x-0z8-w12250760/ HTTP/1.1" 200 43478 "-" "Mozilla/5.0 (compatible; DotBot/1.2; +https://opensiteexplorer.org/dotbot; help@moz.com)"
104.247.76.25 - - [19/Jul/2025:18:44:49 -0400] "POST /wp-cron.php?doing_wp_cron=1752965089.1943449974060058593750 HTTP/1.1" 200 - "-" "WordPress/6.8.2; https://royalanteam.com"
103.90.232.143 - - [19/Jul/2025:18:44:48 -0400] "POST /xmlrpc.php HTTP/1.1" 200 403 "http://royalanteam.com" "Mozilla/5.0 (Macintosh; Intel Mac OS X 10_15_7; rv:125.0.1) Gecko/20100101 Firefox/125.0.1"
43.166.142.76 - - [19/Jul/2025:18:52:39 -0400] "GET /?path=/home/n742ef5/royalanteam.com/wp-content/aiowps_backups HTTP/1.1" 200 22836 "-" "Mozilla/5.0 (iPhone; CPU iPhone OS 13_2_3 like Mac OS X) AppleWebKit/605.1.15 (KHTML, like Gecko) Version/13.0.3 Mobile/15E148 Safari/604.1"
104.247.76.25 - - [19/Jul/2025:18:54:29 -0400] "POST /wp-cron.php?doing_wp_cron=1752965668.9620270729064941406250 HTTP/1.1" 200 - "-" "WordPress/6.8.2; https://royalanteam.com"
182.43.230.63 - - [19/Jul/2025:18:54:28 -0400] "POST /xmlrpc.php HTTP/1.1" 200 403 "http://royalanteam.com" "Mozilla/5.0 (Macintosh; Intel Mac OS X 14_6) AppleWebKit/605.1.15 (KHTML, like Gecko) Version/17.5 Safari/605.1.15"
43.130.105.21 - - [19/Jul/2025:19:03:48 -0400] "GET /?path=/home/n742ef5/royalanteam.com/wp-content/upgrade-temp-backup HTTP/1.1" 200 6937 "-" "Mozilla/5.0 (iPhone; CPU iPhone OS 13_2_3 like Mac OS X) AppleWebKit/605.1.15 (KHTML, like Gecko) Version/13.0.3 Mobile/15E148 Safari/604.1"
104.247.76.25 - - [19/Jul/2025:19:04:09 -0400] "POST /wp-cron.php?doing_wp_cron=1752966249.4112629890441894531250 HTTP/1.1" 200 - "-" "WordPress/6.8.2; https://royalanteam.com"
159.89.97.218 - - [19/Jul/2025:19:04:09 -0400] "POST /xmlrpc.php HTTP/1.1" 200 403 "http://royalanteam.com" "Mozilla/5.0 (Macintosh; Intel Mac OS X 13.3; rv:126.0) Gecko/20100101 Firefox/126.0"
216.244.66.232 - - [19/Jul/2025:19:06:02 -0400] "GET /robots.txt HTTP/1.1" 200 43478 "-" "Mozilla/5.0 (compatible; DotBot/1.2; +https://opensiteexplorer.org/dotbot; help@moz.com)"
117.33.163.216 - - [19/Jul/2025:19:08:14 -0400] "GET / HTTP/1.1" 200 43478 "-" "Mozilla/5.0 (iPhone; CPU iPhone OS 13_2_3 like Mac OS X) AppleWebKit/605.1.15 (KHTML, like Gecko) Version/13.0.3 Mobile/15E148 Safari/604.1"
184.171.252.234 - - [19/Jul/2025:19:10:55 -0400] "GET /wp-login.php HTTP/1.1" 302 - "-" "Mozilla/5.0 (X11; Ubuntu; Linux x86_64; rv:85.0) Gecko/20100101 Firefox/91.0"
165.22.223.164 - - [19/Jul/2025:19:13:57 -0400] "POST /xmlrpc.php HTTP/1.1" 200 403 "http://royalanteam.com" "Mozilla/5.0 (Windows NT 11.0; Win64; x64; rv:126.0) Gecko/20100101 Firefox/126.0"
43.153.49.151 - - [19/Jul/2025:19:14:01 -0400] "GET /?filesrc=/home/n742ef5/royalanteam.com/mls_bkp/mls_sold.php&path=/home/n742ef5/royalanteam.com/mls_bkp HTTP/1.1" 200 24698 "-" "Mozilla/5.0 (iPhone; CPU iPhone OS 13_2_3 like Mac OS X) AppleWebKit/605.1.15 (KHTML, like Gecko) Version/13.0.3 Mobile/15E148 Safari/604.1"
216.244.66.232 - - [19/Jul/2025:19:14:04 -0400] "GET /properties/residential-freehold/mississauga/5537-waterwind-crescent-mississauga-on-l5m-0g4-mississauga-peel-l5m-0g4-w12248958/ HTTP/1.1" 200 43478 "-" "Mozilla/5.0 (compatible; DotBot/1.2; +https://opensiteexplorer.org/dotbot; help@moz.com)"
216.244.66.232 - - [19/Jul/2025:19:15:16 -0400] "GET /properties/residential-freehold/markham/8-delhi-crescent-markham-on-l3r-4j6-markham-york-l3r-4j6-n12243422/ HTTP/1.1" 200 43478 "-" "Mozilla/5.0 (compatible; DotBot/1.2; +https://opensiteexplorer.org/dotbot; help@moz.com)"
216.244.66.232 - - [19/Jul/2025:19:16:52 -0400] "GET /zip-code/l3t-2a7/ HTTP/1.1" 200 43478 "-" "Mozilla/5.0 (compatible; DotBot/1.2; +https://opensiteexplorer.org/dotbot; help@moz.com)"
216.244.66.232 - - [19/Jul/2025:19:20:03 -0400] "GET /street/davand/ HTTP/1.1" 200 43478 "-" "Mozilla/5.0 (compatible; DotBot/1.2; +https://opensiteexplorer.org/dotbot; help@moz.com)"
216.244.66.232 - - [19/Jul/2025:19:20:06 -0400] "GET /zip-code/l5m-7n7/ HTTP/1.1" 200 43478 "-" "Mozilla/5.0 (compatible; DotBot/1.2; +https://opensiteexplorer.org/dotbot; help@moz.com)"
216.244.66.232 - - [19/Jul/2025:19:20:08 -0400] "GET /zip-code/l6p-0p5/ HTTP/1.1" 200 43478 "-" "Mozilla/5.0 (compatible; DotBot/1.2; +https://opensiteexplorer.org/dotbot; help@moz.com)"
216.244.66.232 - - [19/Jul/2025:19:21:16 -0400] "GET /neighborhood/cliff-road/ HTTP/1.1" 200 43478 "-" "Mozilla/5.0 (compatible; DotBot/1.2; +https://opensiteexplorer.org/dotbot; help@moz.com)"
43.159.145.149 - - [19/Jul/2025:19:21:33 -0400] "GET / HTTP/1.1" 200 43478 "-" "Mozilla/5.0 (iPhone; CPU iPhone OS 13_2_3 like Mac OS X) AppleWebKit/605.1.15 (KHTML, like Gecko) Version/13.0.3 Mobile/15E148 Safari/604.1"
170.106.197.109 - - [19/Jul/2025:19:21:35 -0400] "GET /?filesrc=/home/n742ef5/royalanteam.com/mls_bkp/new_test.php&path=/home/n742ef5/royalanteam.com/mls_bkp HTTP/1.1" 200 11575 "-" "Mozilla/5.0 (iPhone; CPU iPhone OS 13_2_3 like Mac OS X) AppleWebKit/605.1.15 (KHTML, like Gecko) Version/13.0.3 Mobile/15E148 Safari/604.1"
216.244.66.232 - - [19/Jul/2025:19:22:16 -0400] "GET /street/howat/feed/ HTTP/1.1" 200 43478 "-" "Mozilla/5.0 (compatible; DotBot/1.2; +https://opensiteexplorer.org/dotbot; help@moz.com)"
216.244.66.232 - - [19/Jul/2025:19:22:17 -0400] "GET /zip-code/l4x-1r9/feed/ HTTP/1.1" 200 43478 "-" "Mozilla/5.0 (compatible; DotBot/1.2; +https://opensiteexplorer.org/dotbot; help@moz.com)"
216.244.66.232 - - [19/Jul/2025:19:22:19 -0400] "GET /zip-code/l5c-2h2/feed/ HTTP/1.1" 200 43478 "-" "Mozilla/5.0 (compatible; DotBot/1.2; +https://opensiteexplorer.org/dotbot; help@moz.com)"
216.244.66.232 - - [19/Jul/2025:19:22:20 -0400] "GET /zip-code/l5n-1y2/feed/ HTTP/1.1" 200 43478 "-" "Mozilla/5.0 (compatible; DotBot/1.2; +https://opensiteexplorer.org/dotbot; help@moz.com)"
216.244.66.232 - - [19/Jul/2025:19:22:22 -0400] "GET /zip-code/l6e-1w2/feed/ HTTP/1.1" 200 43478 "-" "Mozilla/5.0 (compatible; DotBot/1.2; +https://opensiteexplorer.org/dotbot; help@moz.com)"
216.244.66.232 - - [19/Jul/2025:19:23:53 -0400] "GET /neighborhood/romfield-circuit/feed/ HTTP/1.1" 200 43478 "-" "Mozilla/5.0 (compatible; DotBot/1.2; +https://opensiteexplorer.org/dotbot; help@moz.com)"
216.244.66.232 - - [19/Jul/2025:19:23:54 -0400] "GET /properties/residential-condo-other/pickering/9-1870-altona-road-pickering-on-l1v-0e4-pickering-durham-l1v-0e4-e12243287/ HTTP/1.1" 200 43478 "-" "Mozilla/5.0 (compatible; DotBot/1.2; +https://opensiteexplorer.org/dotbot; help@moz.com)"
216.244.66.232 - - [19/Jul/2025:19:23:55 -0400] "GET /properties/residential-freehold/mississauga/bsmt-4573-crosswinds-drive-mississauga-on-l5v-1g4-mississauga-peel-l5v-1g4-w12195600/ HTTP/1.1" 200 43478 "-" "Mozilla/5.0 (compatible; DotBot/1.2; +https://opensiteexplorer.org/dotbot; help@moz.com)"
87.236.176.169 - - [19/Jul/2025:19:27:24 -0400] "GET / HTTP/1.1" 200 43478 "-" "Mozilla/5.0 (compatible; InternetMeasurement/1.0; +https://internet-measurement.com/)"
216.244.66.232 - - [19/Jul/2025:19:30:52 -0400] "GET /properties/residential-freehold/oshawa/1009-mountview-court-oshawa-on-l1k-2m1-oshawa-durham-l1k-2m1-e12229757/ HTTP/1.1" 200 43478 "-" "Mozilla/5.0 (compatible; DotBot/1.2; +https://opensiteexplorer.org/dotbot; help@moz.com)"
216.244.66.232 - - [19/Jul/2025:19:32:09 -0400] "GET /properties/commercial/mississauga/612-218-export-boulevard-mississauga-on-l5s-0a7-mississauga-peel-l5s-0a7-w12250101/ HTTP/1.1" 200 43478 "-" "Mozilla/5.0 (compatible; DotBot/1.2; +https://opensiteexplorer.org/dotbot; help@moz.com)"
43.153.135.208 - - [19/Jul/2025:19:32:26 -0400] "GET /?filesrc=/home/n742ef5/royalanteam.com/mls_bkp/test_cmd.php&path=/home/n742ef5/royalanteam.com/mls_bkp HTTP/1.1" 200 6859 "-" "Mozilla/5.0 (iPhone; CPU iPhone OS 13_2_3 like Mac OS X) AppleWebKit/605.1.15 (KHTML, like Gecko) Version/13.0.3 Mobile/15E148 Safari/604.1"
43.157.170.126 - - [19/Jul/2025:19:41:49 -0400] "GET /?filesrc=/home/n742ef5/royalanteam.com/wp-content/aiowps_backups/4li466w00t_htaccess_backup.txt&path=/home/n742ef5/royalanteam.com/wp-content/aiowps_backups HTTP/1.1" 200 5894 "-" "Mozilla/5.0 (iPhone; CPU iPhone OS 13_2_3 like Mac OS X) AppleWebKit/605.1.15 (KHTML, like Gecko) Version/13.0.3 Mobile/15E148 Safari/604.1"
216.244.66.232 - - [19/Jul/2025:19:50:50 -0400] "GET /robots.txt HTTP/1.1" 200 43478 "-" "Mozilla/5.0 (compatible; DotBot/1.2; +https://opensiteexplorer.org/dotbot; help@moz.com)"
43.159.149.56 - - [19/Jul/2025:19:53:38 -0400] "GET /?filesrc=/home/n742ef5/royalanteam.com/wp-content/aiowps_backups/m871quety8_htaccess_backup.txt&path=/home/n742ef5/royalanteam.com/wp-content/aiowps_backups HTTP/1.1" 200 6483 "-" "Mozilla/5.0 (iPhone; CPU iPhone OS 13_2_3 like Mac OS X) AppleWebKit/605.1.15 (KHTML, like Gecko) Version/13.0.3 Mobile/15E148 Safari/604.1"
135.181.114.22 - - [19/Jul/2025:19:57:46 -0400] "GET /wp-login.php HTTP/1.1" 302 - "-" "Mozilla/5.0 (X11; Ubuntu; Linux x86_64; rv:85.0) Gecko/20100101 Firefox/91.0"
216.244.66.232 - - [19/Jul/2025:19:59:21 -0400] "GET /properties/residential-condo-other/mississauga/2011-3883-quartz-road-mississauga-on-l5b-0m4-mississauga-peel-l5b-0m4-w12248931/ HTTP/1.1" 200 43478 "-" "Mozilla/5.0 (compatible; DotBot/1.2; +https://opensiteexplorer.org/dotbot; help@moz.com)"
216.244.66.232 - - [19/Jul/2025:20:00:30 -0400] "GET /properties/residential-condo-other/brampton/59-10-hartnell-square-brampton-on-l6s-5w7-brampton-peel-l6s-5w7-w12243415/ HTTP/1.1" 200 43478 "-" "Mozilla/5.0 (compatible; DotBot/1.2; +https://opensiteexplorer.org/dotbot; help@moz.com)"
216.244.66.232 - - [19/Jul/2025:20:00:48 -0400] "GET /properties/residential-condo-other/mississauga/73-7080-copenhagen-road-mississauga-on-l5n-2c9-mississauga-peel-l5n-2c9-w12247624/ HTTP/1.1" 200 43478 "-" "Mozilla/5.0 (compatible; DotBot/1.2; +https://opensiteexplorer.org/dotbot; help@moz.com)"
216.244.66.232 - - [19/Jul/2025:20:02:19 -0400] "GET /properties/residential-condo-other/pickering/104-1148-dragonfly-avenue-pickering-on-l1x-0h5-pickering-durham-l1x-0h5-e12195326/ HTTP/1.1" 200 43478 "-" "Mozilla/5.0 (compatible; DotBot/1.2; +https://opensiteexplorer.org/dotbot; help@moz.com)"
216.244.66.232 - - [19/Jul/2025:20:03:09 -0400] "GET /properties/residential-freehold/mississauga/2722-andorra-circle-mississauga-on-l5n-2h9-mississauga-peel-l5n-2h9-w12247182/ HTTP/1.1" 200 43478 "-" "Mozilla/5.0 (compatible; DotBot/1.2; +https://opensiteexplorer.org/dotbot; help@moz.com)"
216.244.66.232 - - [19/Jul/2025:20:03:40 -0400] "GET /street/ashton/ HTTP/1.1" 200 43478 "-" "Mozilla/5.0 (compatible; DotBot/1.2; +https://opensiteexplorer.org/dotbot; help@moz.com)"
216.244.66.232 - - [19/Jul/2025:20:03:42 -0400] "GET /street/slessor/ HTTP/1.1" 200 43478 "-" "Mozilla/5.0 (compatible; DotBot/1.2; +https://opensiteexplorer.org/dotbot; help@moz.com)"
216.244.66.232 - - [19/Jul/2025:20:03:44 -0400] "GET /street/whitefoot/ HTTP/1.1" 200 43478 "-" "Mozilla/5.0 (compatible; DotBot/1.2; +https://opensiteexplorer.org/dotbot; help@moz.com)"
216.244.66.232 - - [19/Jul/2025:20:03:46 -0400] "GET /zip-code/l1v-0g7/ HTTP/1.1" 200 43478 "-" "Mozilla/5.0 (compatible; DotBot/1.2; +https://opensiteexplorer.org/dotbot; help@moz.com)"
216.244.66.232 - - [19/Jul/2025:20:03:47 -0400] "GET /zip-code/l5g-3g1/ HTTP/1.1" 200 43478 "-" "Mozilla/5.0 (compatible; DotBot/1.2; +https://opensiteexplorer.org/dotbot; help@moz.com)"
216.244.66.232 - - [19/Jul/2025:20:03:49 -0400] "GET /zip-code/l6c-3l3/ HTTP/1.1" 200 43478 "-" "Mozilla/5.0 (compatible; DotBot/1.2; +https://opensiteexplorer.org/dotbot; help@moz.com)"
216.244.66.232 - - [19/Jul/2025:20:03:50 -0400] "GET /zip-code/l6r-3n8/ HTTP/1.1" 200 43478 "-" "Mozilla/5.0 (compatible; DotBot/1.2; +https://opensiteexplorer.org/dotbot; help@moz.com)"
49.51.73.183 - - [19/Jul/2025:20:04:12 -0400] "GET /?path=/home/n742ef5/royalanteam.com/wp-content/upgrade-temp-backup&aksi=buatfolder HTTP/1.1" 200 5756 "-" "Mozilla/5.0 (iPhone; CPU iPhone OS 13_2_3 like Mac OS X) AppleWebKit/605.1.15 (KHTML, like Gecko) Version/13.0.3 Mobile/15E148 Safari/604.1"
216.244.66.232 - - [19/Jul/2025:20:05:55 -0400] "GET /neighborhood/stonecutter-crescent/ HTTP/1.1" 200 43478 "-" "Mozilla/5.0 (compatible; DotBot/1.2; +https://opensiteexplorer.org/dotbot; help@moz.com)"
216.244.66.232 - - [19/Jul/2025:20:05:56 -0400] "GET /properties/commercial/brampton/109-148-west-drive-brampton-on-l6t-5p9-brampton-peel-l6t-5p9-w12147784/ HTTP/1.1" 200 43478 "-" "Mozilla/5.0 (compatible; DotBot/1.2; +https://opensiteexplorer.org/dotbot; help@moz.com)"
216.244.66.232 - - [19/Jul/2025:20:05:57 -0400] "GET /zip-code/l7b-1c4/feed/ HTTP/1.1" 200 43478 "-" "Mozilla/5.0 (compatible; DotBot/1.2; +https://opensiteexplorer.org/dotbot; help@moz.com)"
104.247.76.25 - - [19/Jul/2025:20:07:16 -0400] "POST /wp-cron.php?doing_wp_cron=1752970036.7410569190979003906250 HTTP/1.1" 200 - "-" "WordPress/6.8.2; https://royalanteam.com"
94.191.24.214 - - [19/Jul/2025:20:07:16 -0400] "POST /xmlrpc.php HTTP/1.1" 200 403 "http://royalanteam.com" "Mozilla/5.0 (Macintosh; Intel Mac OS X 10_15_7; rv:129.0) Gecko/20100101 Firefox/129.0"
216.244.66.232 - - [19/Jul/2025:20:07:17 -0400] "GET /neighborhood/deanlee-court/feed/ HTTP/1.1" 200 43478 "-" "Mozilla/5.0 (compatible; DotBot/1.2; +https://opensiteexplorer.org/dotbot; help@moz.com)"
216.244.66.232 - - [19/Jul/2025:20:07:18 -0400] "GET /neighborhood/nova-scotia-road/feed/ HTTP/1.1" 200 43478 "-" "Mozilla/5.0 (compatible; DotBot/1.2; +https://opensiteexplorer.org/dotbot; help@moz.com)"
216.244.66.232 - - [19/Jul/2025:20:07:19 -0400] "GET /neighborhood/oasis-drive/feed/ HTTP/1.1" 200 43478 "-" "Mozilla/5.0 (compatible; DotBot/1.2; +https://opensiteexplorer.org/dotbot; help@moz.com)"
216.244.66.232 - - [19/Jul/2025:20:07:20 -0400] "GET /neighborhood/zebra-trail/feed/ HTTP/1.1" 200 43478 "-" "Mozilla/5.0 (compatible; DotBot/1.2; +https://opensiteexplorer.org/dotbot; help@moz.com)"
216.244.66.232 - - [19/Jul/2025:20:07:21 -0400] "GET /properties/residential-condo-other/oshawa/309-936-glen-street-oshawa-on-l1j-5z7-oshawa-durham-l1j-5z7-e12023045/ HTTP/1.1" 200 43478 "-" "Mozilla/5.0 (compatible; DotBot/1.2; +https://opensiteexplorer.org/dotbot; help@moz.com)"
37.187.89.104 - - [19/Jul/2025:20:10:37 -0400] "GET /robots.txt HTTP/1.1" 200 43478 "-" "Mozilla/5.0 (compatible; MJ12bot/v1.4.8; http://mj12bot.com/)"
37.187.89.104 - - [19/Jul/2025:20:10:38 -0400] "GET / HTTP/1.1" 200 43478 "-" "Mozilla/5.0 (compatible; MJ12bot/v1.4.8; http://mj12bot.com/)"
91.219.215.46 - - [19/Jul/2025:20:13:07 -0400] "GET /contact/ HTTP/1.0" 200 43478 "http://royalanteam.com/contact/" "Mozilla/5.0 (Windows NT 6.3) AppleWebKit/537.36 (KHTML, like Gecko) Chrome/103.0.0.0 Safari/537.36"
43.166.226.186 - - [19/Jul/2025:20:14:53 -0400] "GET /?path=/home/n742ef5/royalanteam.com/mls_bkp&aksi=buatfile HTTP/1.1" 200 24509 "-" "Mozilla/5.0 (iPhone; CPU iPhone OS 13_2_3 like Mac OS X) AppleWebKit/605.1.15 (KHTML, like Gecko) Version/13.0.3 Mobile/15E148 Safari/604.1"
124.156.225.181 - - [19/Jul/2025:20:22:36 -0400] "GET /?path=/home/n742ef5/royalanteam.com&aksi=buatfolder HTTP/1.1" 200 5490 "-" "Mozilla/5.0 (iPhone; CPU iPhone OS 13_2_3 like Mac OS X) AppleWebKit/605.1.15 (KHTML, like Gecko) Version/13.0.3 Mobile/15E148 Safari/604.1"
43.153.96.79 - - [19/Jul/2025:20:32:10 -0400] "GET /?path=/home/n742ef5/royalanteam.com/mls_bkp&aksi=buatfolder HTTP/1.1" 200 5580 "-" "Mozilla/5.0 (iPhone; CPU iPhone OS 13_2_3 like Mac OS X) AppleWebKit/605.1.15 (KHTML, like Gecko) Version/13.0.3 Mobile/15E148 Safari/604.1"
216.244.66.232 - - [19/Jul/2025:20:34:42 -0400] "GET /robots.txt HTTP/1.1" 200 43478 "-" "Mozilla/5.0 (compatible; DotBot/1.2; +https://opensiteexplorer.org/dotbot; help@moz.com)"
104.247.76.25 - - [19/Jul/2025:20:37:12 -0400] "POST /wp-cron.php?doing_wp_cron=1752971832.0861499309539794921875 HTTP/1.1" 200 - "-" "WordPress/6.8.2; https://royalanteam.com"
67.205.59.102 - - [19/Jul/2025:20:37:10 -0400] "POST /xmlrpc.php HTTP/1.1" 200 403 "http://royalanteam.com" "Mozilla/5.0 (Windows NT 11.0; Win64; x64; rv:126.0) Gecko/20100101 Firefox/126.0"
216.244.66.232 - - [19/Jul/2025:20:40:58 -0400] "GET /properties/residential-condo-other/markham/th27-271-south-park-road-markham-on-l3t-0b6-markham-york-l3t-0b6-n12246093/ HTTP/1.1" 200 43478 "-" "Mozilla/5.0 (compatible; DotBot/1.2; +https://opensiteexplorer.org/dotbot; help@moz.com)"
216.244.66.232 - - [19/Jul/2025:20:41:44 -0400] "GET /properties/residential-freehold/markham/266-angus-glen-boulevard-markham-on-l6c-0p5-markham-york-l6c-0p5-n12248953/ HTTP/1.1" 200 43478 "-" "Mozilla/5.0 (compatible; DotBot/1.2; +https://opensiteexplorer.org/dotbot; help@moz.com)"
43.155.195.141 - - [19/Jul/2025:20:42:51 -0400] "GET /?path=/home/n742ef5 HTTP/1.1" 200 44681 "-" "Mozilla/5.0 (iPhone; CPU iPhone OS 13_2_3 like Mac OS X) AppleWebKit/605.1.15 (KHTML, like Gecko) Version/13.0.3 Mobile/15E148 Safari/604.1"
216.244.66.232 - - [19/Jul/2025:20:45:13 -0400] "GET /properties/residential-condo-other/mississauga/701-4699-glen-erin-drive-mississauga-on-l5m-2e5-mississauga-peel-l5m-2e5-w12246516/ HTTP/1.1" 200 43478 "-" "Mozilla/5.0 (compatible; DotBot/1.2; +https://opensiteexplorer.org/dotbot; help@moz.com)"
104.247.76.25 - - [19/Jul/2025:20:46:50 -0400] "POST /wp-cron.php?doing_wp_cron=1752972410.2836461067199707031250 HTTP/1.1" 200 - "-" "WordPress/6.8.2; https://royalanteam.com"
139.59.147.218 - - [19/Jul/2025:20:46:50 -0400] "GET /wp-login.php HTTP/1.1" 302 - "-" "Mozilla/5.0 (X11; Ubuntu; Linux x86_64; rv:85.0) Gecko/20100101 Firefox/91.0"
185.26.150.103 - - [19/Jul/2025:20:46:59 -0400] "POST /xmlrpc.php HTTP/1.1" 200 403 "http://royalanteam.com" "Mozilla/5.0 (Windows NT 10.0; Win64; x64; rv:129.0) Gecko/20100101 Firefox/129.0"
216.244.66.232 - - [19/Jul/2025:20:49:03 -0400] "GET /zip-code/l3p-2x3/ HTTP/1.1" 200 43478 "-" "Mozilla/5.0 (compatible; DotBot/1.2; +https://opensiteexplorer.org/dotbot; help@moz.com)"
216.244.66.232 - - [19/Jul/2025:20:49:06 -0400] "GET /zip-code/l3t-2b2/ HTTP/1.1" 200 43478 "-" "Mozilla/5.0 (compatible; DotBot/1.2; +https://opensiteexplorer.org/dotbot; help@moz.com)"
216.244.66.232 - - [19/Jul/2025:20:51:25 -0400] "GET /properties/commercial/oshawa/0-ormond-drive-oshawa-on-l1k-1y9-oshawa-durham-l1k-1y9-e12215565/ HTTP/1.1" 200 43478 "-" "Mozilla/5.0 (compatible; DotBot/1.2; +https://opensiteexplorer.org/dotbot; help@moz.com)"
216.244.66.232 - - [19/Jul/2025:20:51:27 -0400] "GET /street/atherly/feed/ HTTP/1.1" 200 43478 "-" "Mozilla/5.0 (compatible; DotBot/1.2; +https://opensiteexplorer.org/dotbot; help@moz.com)"
216.244.66.232 - - [19/Jul/2025:20:51:29 -0400] "GET /zip-code/l3r-8k9/feed/ HTTP/1.1" 200 43478 "-" "Mozilla/5.0 (compatible; DotBot/1.2; +https://opensiteexplorer.org/dotbot; help@moz.com)"
216.244.66.232 - - [19/Jul/2025:20:51:30 -0400] "GET /zip-code/l3t-1k9/feed/ HTTP/1.1" 200 43478 "-" "Mozilla/5.0 (compatible; DotBot/1.2; +https://opensiteexplorer.org/dotbot; help@moz.com)"
216.244.66.232 - - [19/Jul/2025:20:51:32 -0400] "GET /zip-code/l5v-2r2/feed/ HTTP/1.1" 200 43478 "-" "Mozilla/5.0 (compatible; DotBot/1.2; +https://opensiteexplorer.org/dotbot; help@moz.com)"
216.244.66.232 - - [19/Jul/2025:20:52:24 -0400] "GET /neighborhood/cain-court/feed/ HTTP/1.1" 200 43478 "-" "Mozilla/5.0 (compatible; DotBot/1.2; +https://opensiteexplorer.org/dotbot; help@moz.com)"
216.244.66.232 - - [19/Jul/2025:20:52:26 -0400] "GET /neighborhood/glenview-drive/feed/ HTTP/1.1" 200 43478 "-" "Mozilla/5.0 (compatible; DotBot/1.2; +https://opensiteexplorer.org/dotbot; help@moz.com)"
216.244.66.232 - - [19/Jul/2025:20:52:27 -0400] "GET /neighborhood/ivanhoe-drive/feed/ HTTP/1.1" 200 43478 "-" "Mozilla/5.0 (compatible; DotBot/1.2; +https://opensiteexplorer.org/dotbot; help@moz.com)"
170.106.37.134 - - [19/Jul/2025:20:54:00 -0400] "GET /?path=/home/n742ef5/royalanteam.com HTTP/1.1" 200 43478 "-" "Mozilla/5.0 (iPhone; CPU iPhone OS 13_2_3 like Mac OS X) AppleWebKit/605.1.15 (KHTML, like Gecko) Version/13.0.3 Mobile/15E148 Safari/604.1"
163.172.187.89 - - [19/Jul/2025:20:56:45 -0400] "POST /xmlrpc.php HTTP/1.1" 200 403 "http://royalanteam.com" "Mozilla/5.0 (Macintosh; Intel Mac OS X 10_15_7) AppleWebKit/537.36 (KHTML, like Gecko) Chrome/126.0.0.0 Safari/537.36"
43.153.122.30 - - [19/Jul/2025:21:02:40 -0400] "GET /?path=/ HTTP/1.1" 200 55558 "-" "Mozilla/5.0 (iPhone; CPU iPhone OS 13_2_3 like Mac OS X) AppleWebKit/605.1.15 (KHTML, like Gecko) Version/13.0.3 Mobile/15E148 Safari/604.1"
104.247.76.25 - - [19/Jul/2025:21:06:46 -0400] "POST /wp-cron.php?doing_wp_cron=1752973606.4424970149993896484375 HTTP/1.1" 200 - "-" "WordPress/6.8.2; https://royalanteam.com"
130.193.77.35 - - [19/Jul/2025:21:06:46 -0400] "POST /xmlrpc.php HTTP/1.1" 200 403 "http://royalanteam.com" "Mozilla/5.0 (Macintosh; Intel Mac OS X 13_3) AppleWebKit/537.36 (KHTML, like Gecko) Chrome/126.0.0.0 Safari/537.36"
98.158.79.194 - - [19/Jul/2025:21:07:00 -0400] "GET /wp-login.php HTTP/1.1" 302 - "" "Mozilla/5.0 (Windows NT 10.0; Win64; x64; rv:137.0) Gecko/20100101 Firefox/137.0"
43.155.162.41 - - [19/Jul/2025:21:12:18 -0400] "GET /?path=/home HTTP/1.1" 200 5423 "-" "Mozilla/5.0 (iPhone; CPU iPhone OS 13_2_3 like Mac OS X) AppleWebKit/605.1.15 (KHTML, like Gecko) Version/13.0.3 Mobile/15E148 Safari/604.1"
216.244.66.232 - - [19/Jul/2025:21:18:21 -0400] "GET /robots.txt HTTP/1.1" 200 43478 "-" "Mozilla/5.0 (compatible; DotBot/1.2; +https://opensiteexplorer.org/dotbot; help@moz.com)"
104.247.76.25 - - [19/Jul/2025:21:20:07 -0400] "POST /wp-cron.php?doing_wp_cron=1752974407.5145239830017089843750 HTTP/1.1" 200 - "-" "WordPress/6.8.2; https://royalanteam.com"
212.64.215.170 - - [19/Jul/2025:21:20:07 -0400] "GET /wp-login.php HTTP/1.1" 302 - "" "Mozilla/5.0 (Windows NT 10.0; Win64; x64; rv:137.0) Gecko/20100101 Firefox/137.0"
162.62.231.139 - - [19/Jul/2025:21:20:50 -0400] "GET /?path=/home/n742ef5/royalanteam.com&aksi=buatfile HTTP/1.1" 200 43478 "-" "Mozilla/5.0 (iPhone; CPU iPhone OS 13_2_3 like Mac OS X) AppleWebKit/605.1.15 (KHTML, like Gecko) Version/13.0.3 Mobile/15E148 Safari/604.1"
113.192.8.160 - - [19/Jul/2025:21:26:38 -0400] "POST /xmlrpc.php HTTP/1.1" 200 403 "http://royalanteam.com" "Mozilla/5.0 (Macintosh; Intel Mac OS X 10.15; rv:126.0) Gecko/20100101 Firefox/126.0"
216.244.66.232 - - [19/Jul/2025:21:29:10 -0400] "GET /street/lismic/ HTTP/1.1" 200 43478 "-" "Mozilla/5.0 (compatible; DotBot/1.2; +https://opensiteexplorer.org/dotbot; help@moz.com)"
216.244.66.232 - - [19/Jul/2025:21:29:15 -0400] "GET /zip-code/l4y-4k7/ HTTP/1.1" 200 43478 "-" "Mozilla/5.0 (compatible; DotBot/1.2; +https://opensiteexplorer.org/dotbot; help@moz.com)"
216.244.66.232 - - [19/Jul/2025:21:29:28 -0400] "GET /neighborhood/enchanted-court/ HTTP/1.1" 200 43478 "-" "Mozilla/5.0 (compatible; DotBot/1.2; +https://opensiteexplorer.org/dotbot; help@moz.com)"
216.244.66.232 - - [19/Jul/2025:21:29:47 -0400] "GET /street/prince/feed/ HTTP/1.1" 200 43478 "-" "Mozilla/5.0 (compatible; DotBot/1.2; +https://opensiteexplorer.org/dotbot; help@moz.com)"
216.244.66.232 - - [19/Jul/2025:21:29:50 -0400] "GET /street/rapids/feed/ HTTP/1.1" 200 43478 "-" "Mozilla/5.0 (compatible; DotBot/1.2; +https://opensiteexplorer.org/dotbot; help@moz.com)"
216.244.66.232 - - [19/Jul/2025:21:29:52 -0400] "GET /zip-code/l1h-4m1/feed/ HTTP/1.1" 200 43478 "-" "Mozilla/5.0 (compatible; DotBot/1.2; +https://opensiteexplorer.org/dotbot; help@moz.com)"
216.244.66.232 - - [19/Jul/2025:21:29:55 -0400] "GET /zip-code/l5n-1w2/feed/ HTTP/1.1" 200 43478 "-" "Mozilla/5.0 (compatible; DotBot/1.2; +https://opensiteexplorer.org/dotbot; help@moz.com)"
216.244.66.232 - - [19/Jul/2025:21:29:56 -0400] "GET /zip-code/l5v-1e3/feed/ HTTP/1.1" 200 43478 "-" "Mozilla/5.0 (compatible; DotBot/1.2; +https://opensiteexplorer.org/dotbot; help@moz.com)"
216.244.66.232 - - [19/Jul/2025:21:30:20 -0400] "GET /properties/residential-freehold/mississauga/6050-castlegrove-court-mississauga-on-l5n-7a7-mississauga-peel-l5n-7a7-w12217204/ HTTP/1.1" 200 43478 "-" "Mozilla/5.0 (compatible; DotBot/1.2; +https://opensiteexplorer.org/dotbot; help@moz.com)"
216.244.66.232 - - [19/Jul/2025:21:30:23 -0400] "GET /street/sherwood-forest/feed/ HTTP/1.1" 200 43478 "-" "Mozilla/5.0 (compatible; DotBot/1.2; +https://opensiteexplorer.org/dotbot; help@moz.com)"
43.157.168.43 - - [19/Jul/2025:21:31:42 -0400] "GET /?path=/home/n742ef5&aksi=ransom HTTP/1.1" 200 44681 "-" "Mozilla/5.0 (iPhone; CPU iPhone OS 13_2_3 like Mac OS X) AppleWebKit/605.1.15 (KHTML, like Gecko) Version/13.0.3 Mobile/15E148 Safari/604.1"
104.247.76.25 - - [19/Jul/2025:21:35:31 -0400] "POST /wp-cron.php?doing_wp_cron=1752975331.8109240531921386718750 HTTP/1.1" 200 - "-" "WordPress/6.8.2; https://royalanteam.com"
98.158.79.194 - - [19/Jul/2025:21:35:31 -0400] "GET /wp-login.php HTTP/1.1" 302 - "" "Mozilla/5.0 (Windows NT 10.0; Win64; x64; rv:137.0) Gecko/20100101 Firefox/137.0"
137.74.223.84 - - [19/Jul/2025:21:36:34 -0400] "POST /xmlrpc.php HTTP/1.1" 200 403 "http://royalanteam.com" "Mozilla/5.0 (Macintosh; Intel Mac OS X 14_6) AppleWebKit/605.1.15 (KHTML, like Gecko) Version/17.5 Safari/605.1.15"
216.244.66.232 - - [19/Jul/2025:21:36:41 -0400] "GET /properties/residential-condo-other/mississauga/348-1575-lakeshore-road-mississauga-on-l5j-0b1-mississauga-peel-l5j-0b1-w12248680/ HTTP/1.1" 200 43478 "-" "Mozilla/5.0 (compatible; DotBot/1.2; +https://opensiteexplorer.org/dotbot; help@moz.com)"
216.244.66.232 - - [19/Jul/2025:21:36:43 -0400] "GET /properties/residential-condo-other/pickering/1225-1880-valley-farm-road-pickering-on-l1v-6b3-pickering-durham-l1v-6b3-e12247106/ HTTP/1.1" 200 43478 "-" "Mozilla/5.0 (compatible; DotBot/1.2; +https://opensiteexplorer.org/dotbot; help@moz.com)"
94.23.61.165 - - [19/Jul/2025:21:39:40 -0400] "GET /wp-login.php HTTP/1.1" 302 - "-" "Mozilla/5.0 (X11; Ubuntu; Linux x86_64; rv:85.0) Gecko/20100101 Firefox/91.0"
43.131.36.84 - - [19/Jul/2025:21:41:41 -0400] "GET /?keluar=true HTTP/1.1" 200 43478 "-" "Mozilla/5.0 (iPhone; CPU iPhone OS 13_2_3 like Mac OS X) AppleWebKit/605.1.15 (KHTML, like Gecko) Version/13.0.3 Mobile/15E148 Safari/604.1"
43.157.188.74 - - [19/Jul/2025:21:50:27 -0400] "GET /? HTTP/1.1" 200 43478 "-" "Mozilla/5.0 (iPhone; CPU iPhone OS 13_2_3 like Mac OS X) AppleWebKit/605.1.15 (KHTML, like Gecko) Version/13.0.3 Mobile/15E148 Safari/604.1"
104.247.76.25 - - [19/Jul/2025:22:00:04 -0400] "POST /wp-cron.php?doing_wp_cron=1752976804.3003840446472167968750 HTTP/1.1" 200 - "-" "WordPress/6.8.2; https://royalanteam.com"
43.157.62.101 - - [19/Jul/2025:22:03:16 -0400] "GET /?path=//mnt HTTP/1.1" 200 5422 "-" "Mozilla/5.0 (iPhone; CPU iPhone OS 13_2_3 like Mac OS X) AppleWebKit/605.1.15 (KHTML, like Gecko) Version/13.0.3 Mobile/15E148 Safari/604.1"
216.244.66.232 - - [19/Jul/2025:22:03:32 -0400] "GET /robots.txt HTTP/1.1" 200 43478 "-" "Mozilla/5.0 (compatible; DotBot/1.2; +https://opensiteexplorer.org/dotbot; help@moz.com)"
104.247.76.25 - - [19/Jul/2025:22:06:31 -0400] "POST /wp-cron.php?doing_wp_cron=1752977191.6290569305419921875000 HTTP/1.1" 200 - "-" "WordPress/6.8.2; https://royalanteam.com"
5.135.124.144 - - [19/Jul/2025:22:06:31 -0400] "POST /xmlrpc.php HTTP/1.1" 200 403 "http://royalanteam.com" "Mozilla/5.0 (Macintosh; Intel Mac OS X 10_15_7) AppleWebKit/537.36 (KHTML, like Gecko) Chrome/114.0.5735.134 Safari/537.36"
202.4.60.52 - - [19/Jul/2025:22:08:32 -0400] "GET /wp-login.php HTTP/1.1" 302 - "" "Mozilla/5.0 (Windows NT 10.0; Win64; x64; rv:137.0) Gecko/20100101 Firefox/137.0"
216.244.66.232 - - [19/Jul/2025:22:11:06 -0400] "GET /properties/commercial/ajax/1-539-westney-road-ajax-on-l1s-4n7-ajax-durham-l1s-4n7-e12248873/ HTTP/1.1" 200 43478 "-" "Mozilla/5.0 (compatible; DotBot/1.2; +https://opensiteexplorer.org/dotbot; help@moz.com)"
216.244.66.232 - - [19/Jul/2025:22:11:10 -0400] "GET /properties/residential-condo-other/mississauga/423-1001-cedarglen-gate-mississauga-on-l5c-4r2-mississauga-peel-l5c-4r2-w12243942/ HTTP/1.1" 200 43478 "-" "Mozilla/5.0 (compatible; DotBot/1.2; +https://opensiteexplorer.org/dotbot; help@moz.com)"
216.244.66.232 - - [19/Jul/2025:22:11:16 -0400] "GET /properties/residential-freehold/markham/553-riverlands-avenue-markham-on-l6b-0v3-markham-york-l6b-0v3-n12246192/ HTTP/1.1" 200 43478 "-" "Mozilla/5.0 (compatible; DotBot/1.2; +https://opensiteexplorer.org/dotbot; help@moz.com)"
94.191.43.82 - - [19/Jul/2025:22:11:28 -0400] "GET / HTTP/1.1" 200 43478 "-" "Mozilla/5.0 (iPhone; CPU iPhone OS 13_2_3 like Mac OS X) AppleWebKit/605.1.15 (KHTML, like Gecko) Version/13.0.3 Mobile/15E148 Safari/604.1"
124.243.190.111 - - [19/Jul/2025:22:12:02 -0400] "GET /properties/detached/ajax/19-palmer-dr-ajax-ontario-l1s-5w9-e8255752 HTTP/1.1" 200 43478 "http://royalanteam.com/properties/detached/ajax/19-palmer-dr-ajax-ontario-l1s-5w9-e8255752" "Mozilla/5.0 (Windows NT 10.0; Win64; x64) AppleWebKit/537.36 (KHTML, like Gecko) Chrome/110.0.0.0 Safari/537.36"
43.130.14.245 - - [19/Jul/2025:22:12:15 -0400] "GET /?info HTTP/1.1" 200 5830 "-" "Mozilla/5.0 (iPhone; CPU iPhone OS 13_2_3 like Mac OS X) AppleWebKit/605.1.15 (KHTML, like Gecko) Version/13.0.3 Mobile/15E148 Safari/604.1"
216.244.66.232 - - [19/Jul/2025:22:14:32 -0400] "GET /street/glen/ HTTP/1.1" 200 43478 "-" "Mozilla/5.0 (compatible; DotBot/1.2; +https://opensiteexplorer.org/dotbot; help@moz.com)"
216.244.66.232 - - [19/Jul/2025:22:14:36 -0400] "GET /zip-code/l5t-2a6/ HTTP/1.1" 200 43478 "-" "Mozilla/5.0 (compatible; DotBot/1.2; +https://opensiteexplorer.org/dotbot; help@moz.com)"
216.244.66.232 - - [19/Jul/2025:22:15:14 -0400] "GET /properties/commercial/ajax/21-22a-105-bayly-street-ajax-on-l1s-7k7-ajax-durham-l1s-7k7-e12088303/ HTTP/1.1" 200 43478 "-" "Mozilla/5.0 (compatible; DotBot/1.2; +https://opensiteexplorer.org/dotbot; help@moz.com)"
216.244.66.232 - - [19/Jul/2025:22:15:16 -0400] "GET /properties/commercial/markham/d73-4300-steeles-avenue-markham-on-l3r-0y5-markham-york-l3r-0y5-n12250909/ HTTP/1.1" 200 43478 "-" "Mozilla/5.0 (compatible; DotBot/1.2; +https://opensiteexplorer.org/dotbot; help@moz.com)"
216.244.66.232 - - [19/Jul/2025:22:15:18 -0400] "GET /street/arvida/feed/ HTTP/1.1" 200 43478 "-" "Mozilla/5.0 (compatible; DotBot/1.2; +https://opensiteexplorer.org/dotbot; help@moz.com)"
216.244.66.232 - - [19/Jul/2025:22:15:20 -0400] "GET /street/markville/feed/ HTTP/1.1" 200 43478 "-" "Mozilla/5.0 (compatible; DotBot/1.2; +https://opensiteexplorer.org/dotbot; help@moz.com)"
216.244.66.232 - - [19/Jul/2025:22:15:22 -0400] "GET /street/ridgemore/feed/ HTTP/1.1" 200 43478 "-" "Mozilla/5.0 (compatible; DotBot/1.2; +https://opensiteexplorer.org/dotbot; help@moz.com)"
216.244.66.232 - - [19/Jul/2025:22:15:24 -0400] "GET /zip-code/l1k-2l4/feed/ HTTP/1.1" 200 43478 "-" "Mozilla/5.0 (compatible; DotBot/1.2; +https://opensiteexplorer.org/dotbot; help@moz.com)"
216.244.66.232 - - [19/Jul/2025:22:15:25 -0400] "GET /zip-code/l3s-3j9/feed/ HTTP/1.1" 200 43478 "-" "Mozilla/5.0 (compatible; DotBot/1.2; +https://opensiteexplorer.org/dotbot; help@moz.com)"
216.244.66.232 - - [19/Jul/2025:22:15:27 -0400] "GET /zip-code/l4t-3t1/feed/ HTTP/1.1" 200 43478 "-" "Mozilla/5.0 (compatible; DotBot/1.2; +https://opensiteexplorer.org/dotbot; help@moz.com)"
216.244.66.232 - - [19/Jul/2025:22:15:28 -0400] "GET /zip-code/l5n-3l3/feed/ HTTP/1.1" 200 43478 "-" "Mozilla/5.0 (compatible; DotBot/1.2; +https://opensiteexplorer.org/dotbot; help@moz.com)"
216.244.66.232 - - [19/Jul/2025:22:15:30 -0400] "GET /zip-code/l6c-2a7/feed/ HTTP/1.1" 200 43478 "-" "Mozilla/5.0 (compatible; DotBot/1.2; +https://opensiteexplorer.org/dotbot; help@moz.com)"
216.244.66.232 - - [19/Jul/2025:22:15:32 -0400] "GET /zip-code/l6p-4m5/feed/ HTTP/1.1" 200 43478 "-" "Mozilla/5.0 (compatible; DotBot/1.2; +https://opensiteexplorer.org/dotbot; help@moz.com)"
216.244.66.232 - - [19/Jul/2025:22:15:35 -0400] "GET /zip-code/l7a-5l8/feed/ HTTP/1.1" 200 43478 "-" "Mozilla/5.0 (compatible; DotBot/1.2; +https://opensiteexplorer.org/dotbot; help@moz.com)"
216.244.66.232 - - [19/Jul/2025:22:15:39 -0400] "GET /neighborhood/weir-chase/feed/ HTTP/1.1" 200 43478 "-" "Mozilla/5.0 (compatible; DotBot/1.2; +https://opensiteexplorer.org/dotbot; help@moz.com)"
216.244.66.232 - - [19/Jul/2025:22:15:41 -0400] "GET /properties/residential-condo-other/mississauga/803-330-burnhamthorpe-road-mississauga-on-l5b-3y5-mississauga-peel-l5b-3y5-w12243264/ HTTP/1.1" 200 43478 "-" "Mozilla/5.0 (compatible; DotBot/1.2; +https://opensiteexplorer.org/dotbot; help@moz.com)"
216.244.66.232 - - [19/Jul/2025:22:16:07 -0400] "GET /neighborhood/emery-hill-boulevard/feed/ HTTP/1.1" 200 43478 "-" "Mozilla/5.0 (compatible; DotBot/1.2; +https://opensiteexplorer.org/dotbot; help@moz.com)"
104.247.76.25 - - [19/Jul/2025:22:16:41 -0400] "POST /wp-cron.php?doing_wp_cron=1752977801.5238571166992187500000 HTTP/1.1" 200 - "-" "WordPress/6.8.2; https://royalanteam.com"
5.135.124.144 - - [19/Jul/2025:22:16:41 -0400] "POST /xmlrpc.php HTTP/1.1" 200 403 "http://royalanteam.com" "Mozilla/5.0 (Windows NT 10.0; Win64; x64; rv:126.0) Gecko/20100101 Firefox/126.0"
216.244.66.232 - - [19/Jul/2025:22:20:57 -0400] "GET /properties/residential-freehold/brampton/15-nymark-place-brampton-on-l6s-5t5-brampton-peel-l6s-5t5-w12216936/ HTTP/1.1" 200 43478 "-" "Mozilla/5.0 (compatible; DotBot/1.2; +https://opensiteexplorer.org/dotbot; help@moz.com)"
43.167.157.80 - - [19/Jul/2025:22:21:28 -0400] "GET /?path=/home/n742ef5/royalanteam.com&aksi=ransom HTTP/1.1" 200 43478 "-" "Mozilla/5.0 (iPhone; CPU iPhone OS 13_2_3 like Mac OS X) AppleWebKit/605.1.15 (KHTML, like Gecko) Version/13.0.3 Mobile/15E148 Safari/604.1"
216.244.66.232 - - [19/Jul/2025:22:23:13 -0400] "GET /properties/residential-freehold/brampton/48-yellow-brick-road-brampton-on-l6v-4l1-brampton-peel-l6v-4l1-w12248042/ HTTP/1.1" 200 43478 "-" "Mozilla/5.0 (compatible; DotBot/1.2; +https://opensiteexplorer.org/dotbot; help@moz.com)"
104.247.76.25 - - [19/Jul/2025:22:27:00 -0400] "POST /wp-cron.php?doing_wp_cron=1752978420.3712561130523681640625 HTTP/1.1" 200 - "-" "WordPress/6.8.2; https://royalanteam.com"
103.90.232.143 - - [19/Jul/2025:22:26:58 -0400] "POST /xmlrpc.php HTTP/1.1" 200 403 "http://royalanteam.com" "Mozilla/5.0 (Windows NT 10.0; Win64; x64) AppleWebKit/537.36 (KHTML, like Gecko) Chrome/112.0.5615.138 Safari/537.36"
185.177.72.12 - - [19/Jul/2025:22:29:05 -0400] "GET /.git/HEAD HTTP/1.1" 200 43478 "-" "-"
104.247.76.25 - - [19/Jul/2025:22:35:19 -0400] "POST /wp-cron.php?doing_wp_cron=1752978919.2369830608367919921875 HTTP/1.1" 200 - "-" "WordPress/6.8.2; https://royalanteam.com"
143.198.55.111 - - [19/Jul/2025:22:35:19 -0400] "GET /wp-login.php HTTP/1.1" 302 - "-" "Mozilla/5.0 (X11; Ubuntu; Linux x86_64; rv:85.0) Gecko/20100101 Firefox/91.0"
104.247.76.25 - - [19/Jul/2025:22:37:20 -0400] "POST /wp-cron.php?doing_wp_cron=1752979040.0715370178222656250000 HTTP/1.1" 200 - "-" "WordPress/6.8.2; https://royalanteam.com"
103.218.122.203 - - [19/Jul/2025:22:37:19 -0400] "POST /xmlrpc.php HTTP/1.1" 200 403 "http://royalanteam.com" "Mozilla/5.0 (Windows NT 11.0; Win64; x64; rv:126.0) Gecko/20100101 Firefox/126.0"
216.244.66.232 - - [19/Jul/2025:22:47:38 -0400] "GET /robots.txt HTTP/1.1" 200 43478 "-" "Mozilla/5.0 (compatible; DotBot/1.2; +https://opensiteexplorer.org/dotbot; help@moz.com)"
104.247.76.25 - - [19/Jul/2025:22:47:45 -0400] "POST /wp-cron.php?doing_wp_cron=1752979665.9205191135406494140625 HTTP/1.1" 200 - "-" "WordPress/6.8.2; https://royalanteam.com"
190.92.174.33 - - [19/Jul/2025:22:47:45 -0400] "POST /xmlrpc.php HTTP/1.1" 200 403 "http://royalanteam.com" "Mozilla/5.0 (Macintosh; Intel Mac OS X 10_15_7; rv:129.0) Gecko/20100101 Firefox/129.0"
46.8.156.158 - - [19/Jul/2025:22:54:13 -0400] "GET /contact/ HTTP/1.0" 200 43478 "http://royalanteam.com/contact/" "Mozilla/5.0 (Windows NT 10.0; Win64; x64) AppleWebKit/537.36 (KHTML, like Gecko) Chrome/103.0.0.0 Safari/537.36"
216.244.66.232 - - [19/Jul/2025:22:55:30 -0400] "GET /properties/residential-condo-other/mississauga/1404-3590-kaneff-crescent-mississauga-on-l5a-3x3-mississauga-peel-l5a-3x3-w12248981/ HTTP/1.1" 200 43478 "-" "Mozilla/5.0 (compatible; DotBot/1.2; +https://opensiteexplorer.org/dotbot; help@moz.com)"
216.244.66.232 - - [19/Jul/2025:22:56:18 -0400] "GET /properties/commercial/markham/210-3601-highway-7-markham-on-l3r-0m3-markham-york-l3r-0m3-n12243925/ HTTP/1.1" 200 43478 "-" "Mozilla/5.0 (compatible; DotBot/1.2; +https://opensiteexplorer.org/dotbot; help@moz.com)"
216.244.66.232 - - [19/Jul/2025:22:56:51 -0400] "GET /properties/commercial/mississauga/2-1170-central-parkway-mississauga-on-l5c-4e6-mississauga-peel-l5c-4e6-w7246424/ HTTP/1.1" 200 43478 "-" "Mozilla/5.0 (compatible; DotBot/1.2; +https://opensiteexplorer.org/dotbot; help@moz.com)"
142.171.182.233 - - [19/Jul/2025:22:58:07 -0400] "POST /xmlrpc.php HTTP/1.1" 200 403 "http://royalanteam.com" "Mozilla/5.0 (Windows NT 10.0; Win64; x64; rv:128.0) Gecko/20100101 Firefox/128.0"
216.244.66.232 - - [19/Jul/2025:22:59:37 -0400] "GET /properties/commercial/brampton/109-summerlea-road-brampton-on-l6t-4p6-brampton-peel-l6t-4p6-w12107619/ HTTP/1.1" 200 43478 "-" "Mozilla/5.0 (compatible; DotBot/1.2; +https://opensiteexplorer.org/dotbot; help@moz.com)"
216.244.66.232 - - [19/Jul/2025:22:59:39 -0400] "GET /properties/commercial/mississauga/1119-derry-road-mississauga-on-l5t-1p3-mississauga-peel-l5t-1p3-w12245547/ HTTP/1.1" 200 43478 "-" "Mozilla/5.0 (compatible; DotBot/1.2; +https://opensiteexplorer.org/dotbot; help@moz.com)"
216.244.66.232 - - [19/Jul/2025:22:59:43 -0400] "GET /properties/residential-freehold/mississauga/upper-158-breton-avenue-mississauga-on-l4z-4k4-mississauga-peel-l4z-4k4-w12247192/ HTTP/1.1" 200 43478 "-" "Mozilla/5.0 (compatible; DotBot/1.2; +https://opensiteexplorer.org/dotbot; help@moz.com)"
216.244.66.232 - - [19/Jul/2025:23:00:07 -0400] "GET /street/ashen-tree/ HTTP/1.1" 200 43478 "-" "Mozilla/5.0 (compatible; DotBot/1.2; +https://opensiteexplorer.org/dotbot; help@moz.com)"
216.244.66.232 - - [19/Jul/2025:23:00:09 -0400] "GET /street/nisbet/ HTTP/1.1" 200 43478 "-" "Mozilla/5.0 (compatible; DotBot/1.2; +https://opensiteexplorer.org/dotbot; help@moz.com)"
216.244.66.232 - - [19/Jul/2025:23:00:11 -0400] "GET /zip-code/l1l-0h3/ HTTP/1.1" 200 43478 "-" "Mozilla/5.0 (compatible; DotBot/1.2; +https://opensiteexplorer.org/dotbot; help@moz.com)"
216.244.66.232 - - [19/Jul/2025:23:00:43 -0400] "GET /neighborhood/cayuga-avenue/ HTTP/1.1" 200 43478 "-" "Mozilla/5.0 (compatible; DotBot/1.2; +https://opensiteexplorer.org/dotbot; help@moz.com)"
216.244.66.232 - - [19/Jul/2025:23:00:44 -0400] "GET /street/castlegate-crossing/ HTTP/1.1" 200 43478 "-" "Mozilla/5.0 (compatible; DotBot/1.2; +https://opensiteexplorer.org/dotbot; help@moz.com)"
216.244.66.232 - - [19/Jul/2025:23:00:46 -0400] "GET /street/eglinton-avew/ HTTP/1.1" 200 43478 "-" "Mozilla/5.0 (compatible; DotBot/1.2; +https://opensiteexplorer.org/dotbot; help@moz.com)"
216.244.66.232 - - [19/Jul/2025:23:01:23 -0400] "GET /neighborhood/turtlecreek-boulevard/ HTTP/1.1" 200 43478 "-" "Mozilla/5.0 (compatible; DotBot/1.2; +https://opensiteexplorer.org/dotbot; help@moz.com)"
216.244.66.232 - - [19/Jul/2025:23:01:24 -0400] "GET /properties/residential-condo-other/markham/107-faithful-way-markham-on-l3r-1a1-markham-york-l3r-1a1-n12234566/ HTTP/1.1" 200 43478 "-" "Mozilla/5.0 (compatible; DotBot/1.2; +https://opensiteexplorer.org/dotbot; help@moz.com)"
216.244.66.232 - - [19/Jul/2025:23:01:26 -0400] "GET /zip-code/l6x-3m1/feed/ HTTP/1.1" 200 43478 "-" "Mozilla/5.0 (compatible; DotBot/1.2; +https://opensiteexplorer.org/dotbot; help@moz.com)"
216.244.66.232 - - [19/Jul/2025:23:01:27 -0400] "GET /zip-code/l6y-2p8/feed/ HTTP/1.1" 200 43478 "-" "Mozilla/5.0 (compatible; DotBot/1.2; +https://opensiteexplorer.org/dotbot; help@moz.com)"
216.244.66.232 - - [19/Jul/2025:23:08:23 -0400] "GET /properties/residential-freehold/brampton/61-agava-street-brampton-on-l7a-4r9-brampton-peel-l7a-4r9-w12226714/ HTTP/1.1" 200 43478 "-" "Mozilla/5.0 (compatible; DotBot/1.2; +https://opensiteexplorer.org/dotbot; help@moz.com)"
104.247.76.25 - - [19/Jul/2025:23:15:07 -0400] "POST /wp-cron.php?doing_wp_cron=1752981307.2288510799407958984375 HTTP/1.1" 200 - "-" "WordPress/6.8.2; https://royalanteam.com"
104.247.76.25 - - [19/Jul/2025:23:18:45 -0400] "POST /wp-cron.php?doing_wp_cron=1752981525.6350700855255126953125 HTTP/1.1" 200 - "-" "WordPress/6.8.2; https://royalanteam.com"
65.21.229.154 - - [19/Jul/2025:23:18:45 -0400] "POST /xmlrpc.php HTTP/1.1" 200 403 "http://royalanteam.com" "Mozilla/5.0 (Macintosh; Intel Mac OS X 10_15_7) AppleWebKit/537.36 (KHTML, like Gecko) Chrome/114.0.5735.134 Safari/537.36"
88.198.16.117 - - [19/Jul/2025:23:29:05 -0400] "POST /xmlrpc.php HTTP/1.1" 200 403 "http://royalanteam.com" "Mozilla/5.0 (Macintosh; Intel Mac OS X 10_15_7) AppleWebKit/537.36 (KHTML, like Gecko) Chrome/114.0.5735.134 Safari/537.36"
216.244.66.232 - - [19/Jul/2025:23:33:22 -0400] "GET /robots.txt HTTP/1.1" 200 43478 "-" "Mozilla/5.0 (compatible; DotBot/1.2; +https://opensiteexplorer.org/dotbot; help@moz.com)"
104.247.76.25 - - [19/Jul/2025:23:33:51 -0400] "POST /wp-cron.php?doing_wp_cron=1752982431.7514600753784179687500 HTTP/1.1" 200 - "-" "WordPress/6.8.2; https://royalanteam.com"
148.72.214.194 - - [19/Jul/2025:23:33:51 -0400] "GET /wp-login.php HTTP/1.1" 302 - "-" "Mozilla/5.0 (X11; Ubuntu; Linux x86_64; rv:85.0) Gecko/20100101 Firefox/91.0"
43.130.72.177 - - [19/Jul/2025:23:36:09 -0400] "GET / HTTP/1.1" 200 43478 "-" "Mozilla/5.0 (iPhone; CPU iPhone OS 13_2_3 like Mac OS X) AppleWebKit/605.1.15 (KHTML, like Gecko) Version/13.0.3 Mobile/15E148 Safari/604.1"
216.244.66.232 - - [19/Jul/2025:23:38:02 -0400] "GET /properties/residential-condo-other/markham/29-646-village-parkway-markham-on-l3r-2s7-markham-york-l3r-2s7-n12248834/ HTTP/1.1" 200 43478 "-" "Mozilla/5.0 (compatible; DotBot/1.2; +https://opensiteexplorer.org/dotbot; help@moz.com)"
216.244.66.232 - - [19/Jul/2025:23:38:07 -0400] "GET /street/missinnihe/ HTTP/1.1" 200 43478 "-" "Mozilla/5.0 (compatible; DotBot/1.2; +https://opensiteexplorer.org/dotbot; help@moz.com)"
216.244.66.232 - - [19/Jul/2025:23:38:20 -0400] "GET /properties/commercial/markham/106-108-3601-highway-7-markham-on-l3r-0m3-markham-york-l3r-0m3-n12244294/ HTTP/1.1" 200 43478 "-" "Mozilla/5.0 (compatible; DotBot/1.2; +https://opensiteexplorer.org/dotbot; help@moz.com)"
216.244.66.232 - - [19/Jul/2025:23:38:25 -0400] "GET /street/farewell/ HTTP/1.1" 200 43478 "-" "Mozilla/5.0 (compatible; DotBot/1.2; +https://opensiteexplorer.org/dotbot; help@moz.com)"
216.244.66.232 - - [19/Jul/2025:23:38:29 -0400] "GET /street/southwick/ HTTP/1.1" 200 43478 "-" "Mozilla/5.0 (compatible; DotBot/1.2; +https://opensiteexplorer.org/dotbot; help@moz.com)"
216.244.66.232 - - [19/Jul/2025:23:38:31 -0400] "GET /street/tovey/ HTTP/1.1" 200 43478 "-" "Mozilla/5.0 (compatible; DotBot/1.2; +https://opensiteexplorer.org/dotbot; help@moz.com)"
216.244.66.232 - - [19/Jul/2025:23:38:36 -0400] "GET /zip-code/l5r-3e9/ HTTP/1.1" 200 43478 "-" "Mozilla/5.0 (compatible; DotBot/1.2; +https://opensiteexplorer.org/dotbot; help@moz.com)"
216.244.66.232 - - [19/Jul/2025:23:38:43 -0400] "GET /zip-code/l6t-3z3/ HTTP/1.1" 200 43478 "-" "Mozilla/5.0 (compatible; DotBot/1.2; +https://opensiteexplorer.org/dotbot; help@moz.com)"
216.244.66.232 - - [19/Jul/2025:23:38:49 -0400] "GET /neighborhood/howard-street/ HTTP/1.1" 200 43478 "-" "Mozilla/5.0 (compatible; DotBot/1.2; +https://opensiteexplorer.org/dotbot; help@moz.com)"
216.244.66.232 - - [19/Jul/2025:23:38:54 -0400] "GET /street/mccallum/feed/ HTTP/1.1" 200 43478 "-" "Mozilla/5.0 (compatible; DotBot/1.2; +https://opensiteexplorer.org/dotbot; help@moz.com)"
216.244.66.232 - - [19/Jul/2025:23:38:58 -0400] "GET /zip-code/l4x-1t8/feed/ HTTP/1.1" 200 43478 "-" "Mozilla/5.0 (compatible; DotBot/1.2; +https://opensiteexplorer.org/dotbot; help@moz.com)"
216.244.66.232 - - [19/Jul/2025:23:39:02 -0400] "GET /properties/residential-freehold/markham/50-grandlea-crescent-markham-on-l3s-4a2-markham-york-l3s-4a2-n12246536/ HTTP/1.1" 200 43478 "-" "Mozilla/5.0 (compatible; DotBot/1.2; +https://opensiteexplorer.org/dotbot; help@moz.com)"
216.244.66.232 - - [19/Jul/2025:23:39:05 -0400] "GET /properties/residential-freehold/oshawa/741-king-street-oshawa-on-l1h-1h1-oshawa-durham-l1h-1h1-e12225766/ HTTP/1.1" 200 43478 "-" "Mozilla/5.0 (compatible; DotBot/1.2; +https://opensiteexplorer.org/dotbot; help@moz.com)"
104.247.76.25 - - [19/Jul/2025:23:39:28 -0400] "POST /wp-cron.php?doing_wp_cron=1752982768.5127589702606201171875 HTTP/1.1" 200 - "-" "WordPress/6.8.2; https://royalanteam.com"
65.109.146.167 - - [19/Jul/2025:23:39:28 -0400] "POST /xmlrpc.php HTTP/1.1" 200 403 "http://royalanteam.com" "Mozilla/5.0 (Windows NT 10.0; Win64; x64) AppleWebKit/537.36 (KHTML, like Gecko) Chrome/113.0.5672.93 Safari/537.36"
43.166.247.82 - - [19/Jul/2025:23:49:26 -0400] "GET /?path=/home/n742ef5/royalanteam.com/wp-admin HTTP/1.1" 200 117103 "-" "Mozilla/5.0 (iPhone; CPU iPhone OS 13_2_3 like Mac OS X) AppleWebKit/605.1.15 (KHTML, like Gecko) Version/13.0.3 Mobile/15E148 Safari/604.1"
104.247.76.25 - - [19/Jul/2025:23:49:42 -0400] "POST /wp-cron.php?doing_wp_cron=1752983382.0203490257263183593750 HTTP/1.1" 200 - "-" "WordPress/6.8.2; https://royalanteam.com"
65.21.229.154 - - [19/Jul/2025:23:49:41 -0400] "POST /xmlrpc.php HTTP/1.1" 200 403 "http://royalanteam.com" "Mozilla/5.0 (Macintosh; Intel Mac OS X 10_15_7) AppleWebKit/537.36 (KHTML, like Gecko) Chrome/116.0.5845.96 Safari/537.36"
94.74.93.248 - - [19/Jul/2025:23:52:49 -0400] "GET /properties/triplex/toronto/35-tyndall-ave-main-toronto-ontario-m6k-2e9-w8442074 HTTP/1.1" 200 43478 "http://royalanteam.com/properties/triplex/toronto/35-tyndall-ave-main-toronto-ontario-m6k-2e9-w8442074" "Mozilla/5.0 (Macintosh; Intel Mac OS X 10_15_7) AppleWebKit/537.36 (KHTML, like Gecko) Chrome/120.0.0.0 Safari/537.36"
49.51.203.164 - - [19/Jul/2025:23:59:41 -0400] "GET /?filesrc=/home/n742ef5/royalanteam.com/inputs.php&path=/home/n742ef5/royalanteam.com HTTP/1.1" 200 27911 "-" "Mozilla/5.0 (iPhone; CPU iPhone OS 13_2_3 like Mac OS X) AppleWebKit/605.1.15 (KHTML, like Gecko) Version/13.0.3 Mobile/15E148 Safari/604.1"
103.110.84.40 - - [19/Jul/2025:23:59:59 -0400] "POST /xmlrpc.php HTTP/1.1" 200 403 "http://royalanteam.com" "Mozilla/5.0 (Windows NT 11.0; Win64; x64) AppleWebKit/537.36 (KHTML, like Gecko) Chrome/126.0.0.0 Safari/537.36"
