216.73.216.71 - - [19/Jul/2025:08:31:59 -0400] "GET /zip-code/l5n-4v5/feed?filesrc=%2Fhome%2Fn742ef5%2Froyalanteam.com%2Fcheck-and-modify-estate.php&path=%2Fhome%2Fn742ef5%2Froyalanteam.com HTTP/1.1" 200 11827 "-" "Mozilla/5.0 AppleWebKit/537.36 (KHTML, like Gecko; compatible; ClaudeBot/1.0; +claudebot@anthropic.com)"
57.141.0.17 - - [19/Jul/2025:08:32:10 -0400] "GET /wp-json/wp/v2/estate/8055805 HTTP/1.1" 200 43478 "-" "meta-externalagent/1.1 (+https://developers.facebook.com/docs/sharing/webmasters/crawler)"
104.247.76.25 - - [19/Jul/2025:08:32:44 -0400] "POST /wp-cron.php?doing_wp_cron=1752928364.7313959598541259765625 HTTP/1.1" 200 - "-" "WordPress/6.8.2; https://royalanteam.com"
205.185.118.101 - - [19/Jul/2025:08:32:44 -0400] "GET /wp-login.php HTTP/1.1" 200 6035 "-" "Mozilla/5.0 (iPhone; CPU iPhone OS 7_1 like Mac OS X) AppleWebKit/537.51.2 (KHTML, like Gecko) Version/7.0 Mobile/11D167 Safari/9537.53"
205.185.118.101 - - [19/Jul/2025:08:32:45 -0400] "POST /wp-login.php HTTP/1.1" 200 6512 "-" "Mozilla/5.0 (iPhone; CPU iPhone OS 7_1 like Mac OS X) AppleWebKit/537.51.2 (KHTML, like Gecko) Version/7.0 Mobile/11D167 Safari/9537.53"
47.79.243.232 - - [19/Jul/2025:08:32:47 -0400] "GET /properties/residential-condo-other/markham/9560-markham-road-1808-markham-on-l6e-0n6-markham-york-l6e-0n6-n12225288 HTTP/1.1" 200 43478 "https://royalanteam.com/properties/residential-condo-other/markham/9560-markham-road-1808-markham-on-l6e-0n6-markham-york-l6e-0n6-n12225288" "Mozilla/5.0 (Windows NT 10.0; Win64; x64) AppleWebKit/537.36 (KHTML, like Gecko) Chrome/114.0.0.0 Safari/537.36 Edg/114.0.1823.43"
47.79.98.101 - - [19/Jul/2025:08:32:53 -0400] "GET /street/vanwood HTTP/1.1" 200 43478 "https://royalanteam.com/street/vanwood" "Mozilla/5.0 (Windows NT 10.0; Win64; x64) AppleWebKit/537.36 (KHTML, like Gecko) Chrome/114.0.0.0 Safari/537.36 Edg/114.0.1823.43"
57.141.0.26 - - [19/Jul/2025:08:32:55 -0400] "GET /wp-json/oembed/1.0/embed?url=https%3A%2F%2Froyalanteam.com%2Fproperties%2Fresidential-condo-other%2Fmarkham%2F50-clegg-road-601-markham-on-l6g-0c6-markham-york-l6g-0c6-n12254645%2F HTTP/1.1" 200 43478 "-" "meta-externalagent/1.1 (+https://developers.facebook.com/docs/sharing/webmasters/crawler)"
216.73.216.71 - - [19/Jul/2025:08:33:18 -0400] "GET /zip-code/l5n-4v5/feed?filesrc=%2Fhome%2Fn742ef5%2Froyalanteam.com%2Fstyle.php&path=%2Fhome%2Fn742ef5%2Froyalanteam.com HTTP/1.1" 200 20411 "-" "Mozilla/5.0 AppleWebKit/537.36 (KHTML, like Gecko; compatible; ClaudeBot/1.0; +claudebot@anthropic.com)"
216.73.216.71 - - [19/Jul/2025:08:33:19 -0400] "GET /zip-code/l5n-4v5/feed?filesrc=%2Fhome%2Fn742ef5%2Froyalanteam.com%2Fdoiconvs.php&path=%2Fhome%2Fn742ef5%2Froyalanteam.com HTTP/1.1" 200 10922 "-" "Mozilla/5.0 AppleWebKit/537.36 (KHTML, like Gecko; compatible; ClaudeBot/1.0; +claudebot@anthropic.com)"
216.73.216.71 - - [19/Jul/2025:08:33:19 -0400] "GET /zip-code/l5n-4v5/feed?path=%2Fhome%2Fn742ef5%2Froyalanteam.com%2Fwp-content HTTP/1.1" 200 23231 "-" "Mozilla/5.0 AppleWebKit/537.36 (KHTML, like Gecko; compatible; ClaudeBot/1.0; +claudebot@anthropic.com)"
216.73.216.71 - - [19/Jul/2025:08:33:19 -0400] "GET /zip-code/l5n-4v5/feed?path=%2Fhome%2Fn742ef5%2Froyalanteam.com%2Fmls HTTP/1.1" 200 15971 "-" "Mozilla/5.0 AppleWebKit/537.36 (KHTML, like Gecko; compatible; ClaudeBot/1.0; +claudebot@anthropic.com)"
216.73.216.71 - - [19/Jul/2025:08:33:19 -0400] "GET /zip-code/l5n-4v5/feed?path=%2Fhome%2Fn742ef5 HTTP/1.1" 200 44681 "-" "Mozilla/5.0 AppleWebKit/537.36 (KHTML, like Gecko; compatible; ClaudeBot/1.0; +claudebot@anthropic.com)"
57.141.0.14 - - [19/Jul/2025:08:33:43 -0400] "GET /zip-code/l1h-6e2/feed/ HTTP/1.1" 200 43478 "-" "meta-externalagent/1.1 (+https://developers.facebook.com/docs/sharing/webmasters/crawler)"
66.249.75.7 - - [19/Jul/2025:08:34:14 -0400] "GET /zip-code/l6y-2e8/ HTTP/1.1" 200 43478 "-" "Mozilla/5.0 (Linux; Android 6.0.1; Nexus 5X Build/MMB29P) AppleWebKit/537.36 (KHTML, like Gecko) Chrome/137.0.7151.103 Mobile Safari/537.36 (compatible; Googlebot/2.1; +http://www.google.com/bot.html)"
216.73.216.71 - - [19/Jul/2025:08:34:31 -0400] "GET /zip-code/l5n-4v5/feed?filesrc=%2Fhome%2Fn742ef5%2Froyalanteam.com%2Fbackup_htaccess.txt&path=%2Fhome%2Fn742ef5%2Froyalanteam.com HTTP/1.1" 200 5843 "-" "Mozilla/5.0 AppleWebKit/537.36 (KHTML, like Gecko; compatible; ClaudeBot/1.0; +claudebot@anthropic.com)"
216.73.216.71 - - [19/Jul/2025:08:34:31 -0400] "GET /street/olympus/feed?filesrc=%2Fhome%2Fn742ef5%2Froyalanteam.com%2Faios-bootstrap.php&path=%2Fhome%2Fn742ef5%2Froyalanteam.com HTTP/1.1" 200 6285 "-" "Mozilla/5.0 AppleWebKit/537.36 (KHTML, like Gecko; compatible; ClaudeBot/1.0; +claudebot@anthropic.com)"
216.73.216.71 - - [19/Jul/2025:08:34:31 -0400] "GET /zip-code/l5n-4v5/feed?path=%2Fhome%2Fn742ef5%2Froyalanteam.com%2Fwp-includes HTTP/1.1" 200 309870 "-" "Mozilla/5.0 AppleWebKit/537.36 (KHTML, like Gecko; compatible; ClaudeBot/1.0; +claudebot@anthropic.com)"
216.73.216.71 - - [19/Jul/2025:08:34:31 -0400] "GET /zip-code/l5n-4v5/feed?path=%2Fhome%2Fn742ef5%2Froyalanteam.com%2Fmls_bkp HTTP/1.1" 200 24509 "-" "Mozilla/5.0 AppleWebKit/537.36 (KHTML, like Gecko; compatible; ClaudeBot/1.0; +claudebot@anthropic.com)"
216.73.216.71 - - [19/Jul/2025:08:34:32 -0400] "GET /street/olympus/feed?filesrc=%2Fhome%2Fn742ef5%2Froyalanteam.com%2Fwp-blog-header.php&path=%2Fhome%2Fn742ef5%2Froyalanteam.com HTTP/1.1" 200 8709 "-" "Mozilla/5.0 AppleWebKit/537.36 (KHTML, like Gecko; compatible; ClaudeBot/1.0; +claudebot@anthropic.com)"
57.141.0.13 - - [19/Jul/2025:08:35:16 -0400] "GET /neighborhood/pennycross-crescent/feed/ HTTP/1.1" 200 43478 "-" "meta-externalagent/1.1 (+https://developers.facebook.com/docs/sharing/webmasters/crawler)"
216.73.216.71 - - [19/Jul/2025:08:35:30 -0400] "GET /street/olympus/feed?filesrc=%2Fhome%2Fn742ef5%2Froyalanteam.com%2Fwp-config.php&path=%2Fhome%2Fn742ef5%2Froyalanteam.com HTTP/1.1" 200 8893 "-" "Mozilla/5.0 AppleWebKit/537.36 (KHTML, like Gecko; compatible; ClaudeBot/1.0; +claudebot@anthropic.com)"
216.73.216.71 - - [19/Jul/2025:08:35:30 -0400] "GET /zip-code/l5n-4v5/feed?filesrc=%2Fhome%2Fn742ef5%2Froyalanteam.com%2Freadme.html&path=%2Fhome%2Fn742ef5%2Froyalanteam.com HTTP/1.1" 200 14616 "-" "Mozilla/5.0 AppleWebKit/537.36 (KHTML, like Gecko; compatible; ClaudeBot/1.0; +claudebot@anthropic.com)"
216.73.216.71 - - [19/Jul/2025:08:35:30 -0400] "GET /street/olympus/feed?filesrc=%2Fhome%2Fn742ef5%2Froyalanteam.com%2Fwp-links-opml.php&path=%2Fhome%2Fn742ef5%2Froyalanteam.com HTTP/1.1" 200 8345 "-" "Mozilla/5.0 AppleWebKit/537.36 (KHTML, like Gecko; compatible; ClaudeBot/1.0; +claudebot@anthropic.com)"
216.73.216.71 - - [19/Jul/2025:08:35:31 -0400] "GET /street/olympus/feed?filesrc=%2Fhome%2Fn742ef5%2Froyalanteam.com%2Fwp-config-sample.php&path=%2Fhome%2Fn742ef5%2Froyalanteam.com HTTP/1.1" 200 9004 "-" "Mozilla/5.0 AppleWebKit/537.36 (KHTML, like Gecko; compatible; ClaudeBot/1.0; +claudebot@anthropic.com)"
216.73.216.71 - - [19/Jul/2025:08:35:31 -0400] "GET /street/olympus/feed?filesrc=%2Fhome%2Fn742ef5%2Froyalanteam.com%2Fwp-cron.php&path=%2Fhome%2Fn742ef5%2Froyalanteam.com HTTP/1.1" 200 14290 "-" "Mozilla/5.0 AppleWebKit/537.36 (KHTML, like Gecko; compatible; ClaudeBot/1.0; +claudebot@anthropic.com)"
66.249.75.8 - - [19/Jul/2025:08:35:47 -0400] "GET /properties/residential-freehold/mississauga/2581-birch-crescent-mississauga-on-l5j-4g9-mississauga-peel-l5j-4g9-w12006154/ HTTP/1.1" 200 43478 "-" "Mozilla/5.0 (Linux; Android 6.0.1; Nexus 5X Build/MMB29P) AppleWebKit/537.36 (KHTML, like Gecko) Chrome/137.0.7151.103 Mobile Safari/537.36 (compatible; Googlebot/2.1; +http://www.google.com/bot.html)"
57.141.0.9 - - [19/Jul/2025:08:35:47 -0400] "GET /street/phillipsen/ HTTP/1.1" 200 43478 "-" "meta-externalagent/1.1 (+https://developers.facebook.com/docs/sharing/webmasters/crawler)"
185.191.171.2 - - [19/Jul/2025:08:35:59 -0400] "GET /neighborhood/coniston-avenue/ HTTP/1.1" 200 43478 "-" "Mozilla/5.0 (compatible; SemrushBot/7~bl; +http://www.semrush.com/bot.html)"
46.250.173.115 - - [19/Jul/2025:08:36:16 -0400] "GET /street/suncrest/ HTTP/1.1" 200 43478 "https://royalanteam.com/street/suncrest/" "Mozilla/5.0 (Macintosh; Intel Mac OS X 10_15_7) AppleWebKit/537.36 (KHTML, like Gecko) Chrome/119.0.0.0 Safari/537.36"
216.73.216.71 - - [19/Jul/2025:08:36:42 -0400] "GET /street/olympus/feed?filesrc=%2Fhome%2Fn742ef5%2Froyalanteam.com%2Fwp-settings.php&path=%2Fhome%2Fn742ef5%2Froyalanteam.com HTTP/1.1" 200 38760 "-" "Mozilla/5.0 AppleWebKit/537.36 (KHTML, like Gecko; compatible; ClaudeBot/1.0; +claudebot@anthropic.com)"
216.73.216.71 - - [19/Jul/2025:08:36:42 -0400] "GET /street/olympus/feed?filesrc=%2Fhome%2Fn742ef5%2Froyalanteam.com%2Fwp-activate.php&path=%2Fhome%2Fn742ef5%2Froyalanteam.com HTTP/1.1" 200 14309 "-" "Mozilla/5.0 AppleWebKit/537.36 (KHTML, like Gecko; compatible; ClaudeBot/1.0; +claudebot@anthropic.com)"
216.73.216.71 - - [19/Jul/2025:08:36:42 -0400] "GET /street/olympus/feed?filesrc=%2Fhome%2Fn742ef5%2Froyalanteam.com%2Fcheck-and-modify-estate.php&path=%2Fhome%2Fn742ef5%2Froyalanteam.com HTTP/1.1" 200 11827 "-" "Mozilla/5.0 AppleWebKit/537.36 (KHTML, like Gecko; compatible; ClaudeBot/1.0; +claudebot@anthropic.com)"
216.73.216.71 - - [19/Jul/2025:08:36:42 -0400] "GET /street/olympus/feed?filesrc=%2Fhome%2Fn742ef5%2Froyalanteam.com%2Fxmlrpc.php&path=%2Fhome%2Fn742ef5%2Froyalanteam.com HTTP/1.1" 200 9153 "-" "Mozilla/5.0 AppleWebKit/537.36 (KHTML, like Gecko; compatible; ClaudeBot/1.0; +claudebot@anthropic.com)"
216.73.216.71 - - [19/Jul/2025:08:36:42 -0400] "GET /street/olympus/feed?filesrc=%2Fhome%2Fn742ef5%2Froyalanteam.com%2Finputs.php&path=%2Fhome%2Fn742ef5%2Froyalanteam.com HTTP/1.1" 200 27911 "-" "Mozilla/5.0 AppleWebKit/537.36 (KHTML, like Gecko; compatible; ClaudeBot/1.0; +claudebot@anthropic.com)"
216.73.216.71 - - [19/Jul/2025:08:37:45 -0400] "GET /street/olympus/feed?filesrc=%2Fhome%2Fn742ef5%2Froyalanteam.com%2Fwp-comments-post.php&path=%2Fhome%2Fn742ef5%2Froyalanteam.com HTTP/1.1" 200 7959 "-" "Mozilla/5.0 AppleWebKit/537.36 (KHTML, like Gecko; compatible; ClaudeBot/1.0; +claudebot@anthropic.com)"
216.73.216.71 - - [19/Jul/2025:08:37:45 -0400] "GET /street/olympus/feed?filesrc=%2Fhome%2Fn742ef5%2Froyalanteam.com%2Fwp-load.php&path=%2Fhome%2Fn742ef5%2Froyalanteam.com HTTP/1.1" 200 9796 "-" "Mozilla/5.0 AppleWebKit/537.36 (KHTML, like Gecko; compatible; ClaudeBot/1.0; +claudebot@anthropic.com)"
216.73.216.71 - - [19/Jul/2025:08:37:45 -0400] "GET /zip-code/l5n-4v5/feed?path=%2Fhome%2Fn742ef5%2Froyalanteam.com%2Fwp-admin HTTP/1.1" 200 117103 "-" "Mozilla/5.0 AppleWebKit/537.36 (KHTML, like Gecko; compatible; ClaudeBot/1.0; +claudebot@anthropic.com)"
216.73.216.71 - - [19/Jul/2025:08:37:45 -0400] "GET /street/olympus/feed?filesrc=%2Fhome%2Fn742ef5%2Froyalanteam.com%2Fwp-mail.php&path=%2Fhome%2Fn742ef5%2Froyalanteam.com HTTP/1.1" 200 15178 "-" "Mozilla/5.0 AppleWebKit/537.36 (KHTML, like Gecko; compatible; ClaudeBot/1.0; +claudebot@anthropic.com)"
216.73.216.71 - - [19/Jul/2025:08:37:45 -0400] "GET /street/olympus/feed?filesrc=%2Fhome%2Fn742ef5%2Froyalanteam.com%2Fwp-trackback.php&path=%2Fhome%2Fn742ef5%2Froyalanteam.com HTTP/1.1" 200 11284 "-" "Mozilla/5.0 AppleWebKit/537.36 (KHTML, like Gecko; compatible; ClaudeBot/1.0; +claudebot@anthropic.com)"
156.59.198.135 - - [19/Jul/2025:08:38:14 -0400] "GET /wp-content/uploads/2023/12/PhotoN7333098-22.jpeg HTTP/1.1" 200 43478 "-" "Mozilla/5.0 (Linux; Android 5.0) AppleWebKit/537.36 (KHTML, like Gecko) Mobile Safari/537.36 (compatible; Bytespider; spider-feedback@bytedance.com)"
66.249.75.8 - - [19/Jul/2025:08:38:29 -0400] "GET /wp-includes/css/dist/block-library/style.min.css?ver=6.8.1 HTTP/1.1" 200 116345 "https://royalanteam.com/street/mourning-dove/" "Mozilla/5.0 AppleWebKit/537.36 (KHTML, like Gecko; compatible; GoogleOther) Chrome/137.0.7151.119 Safari/537.36"
66.249.75.7 - - [19/Jul/2025:08:38:29 -0400] "GET /wp-content/themes/myhome/myhome-legacy/style.css?ver=6.8.1 HTTP/1.1" 200 388713 "https://royalanteam.com/street/mourning-dove/" "Mozilla/5.0 AppleWebKit/537.36 (KHTML, like Gecko; compatible; GoogleOther) Chrome/137.0.7151.119 Safari/537.36"
66.249.75.1 - - [19/Jul/2025:08:38:30 -0400] "GET /wp-content/uploads/2025/06/RoyalanTeam-logo-1-removebg-preview-4.png HTTP/1.1" 200 17524 "https://royalanteam.com/street/mourning-dove/" "Mozilla/5.0 AppleWebKit/537.36 (KHTML, like Gecko; compatible; GoogleOther) Chrome/137.0.7151.119 Safari/537.36"
66.249.75.7 - - [19/Jul/2025:08:38:31 -0400] "GET /wp-content/plugins/mega_main_menu/src/css/cache.skin.css?ver=1748955922 HTTP/1.1" 200 126466 "https://royalanteam.com/street/mourning-dove/" "Mozilla/5.0 AppleWebKit/537.36 (KHTML, like Gecko; compatible; GoogleOther) Chrome/137.0.7151.119 Safari/537.36"
57.141.0.1 - - [19/Jul/2025:08:38:31 -0400] "GET /street/narrow-valley/ HTTP/1.1" 200 43478 "-" "meta-externalagent/1.1 (+https://developers.facebook.com/docs/sharing/webmasters/crawler)"
66.249.75.1 - - [19/Jul/2025:08:38:31 -0400] "GET /wp-content/uploads/2025/06/RoyalanTeam-logo.png HTTP/1.1" 200 11504 "https://royalanteam.com/street/mourning-dove/" "Mozilla/5.0 AppleWebKit/537.36 (KHTML, like Gecko; compatible; GoogleOther) Chrome/137.0.7151.119 Safari/537.36"
66.249.75.1 - - [19/Jul/2025:08:38:32 -0400] "GET /wp-content/plugins/contact-form-7/includes/css/styles.css?ver=6.0.6 HTTP/1.1" 200 2894 "https://royalanteam.com/street/mourning-dove/" "Mozilla/5.0 AppleWebKit/537.36 (KHTML, like Gecko; compatible; GoogleOther) Chrome/137.0.7151.119 Safari/537.36"
66.249.75.1 - - [19/Jul/2025:08:38:33 -0400] "GET /wp-content/themes/myhome-child/style.css?ver=6.8.1 HTTP/1.1" 200 311 "https://royalanteam.com/street/mourning-dove/" "Mozilla/5.0 AppleWebKit/537.36 (KHTML, like Gecko; compatible; GoogleOther) Chrome/137.0.7151.119 Safari/537.36"
66.249.75.7 - - [19/Jul/2025:08:38:33 -0400] "GET /wp-includes/js/jquery/jquery-migrate.min.js?ver=3.4.1 HTTP/1.1" 200 13577 "https://royalanteam.com/street/mourning-dove/" "Mozilla/5.0 AppleWebKit/537.36 (KHTML, like Gecko; compatible; GoogleOther) Chrome/137.0.7151.119 Safari/537.36"
66.249.75.8 - - [19/Jul/2025:08:38:34 -0400] "GET /wp-content/themes/myhome/myhome-legacy/assets/css/font-awesome.min.css?ver=3.1.76 HTTP/1.1" 200 56517 "https://royalanteam.com/street/mourning-dove/" "Mozilla/5.0 AppleWebKit/537.36 (KHTML, like Gecko; compatible; GoogleOther) Chrome/137.0.7151.119 Safari/537.36"
66.249.75.7 - - [19/Jul/2025:08:38:34 -0400] "GET /wp-includes/js/jquery/jquery.min.js?ver=3.7.1 HTTP/1.1" 200 87553 "https://royalanteam.com/street/mourning-dove/" "Mozilla/5.0 AppleWebKit/537.36 (KHTML, like Gecko; compatible; GoogleOther) Chrome/137.0.7151.119 Safari/537.36"
66.249.75.8 - - [19/Jul/2025:08:38:35 -0400] "GET /wp-content/themes/myhome/myhome-legacy/style.min.css?ver=3.1.76 HTTP/1.1" 200 332666 "https://royalanteam.com/street/mourning-dove/" "Mozilla/5.0 AppleWebKit/537.36 (KHTML, like Gecko; compatible; GoogleOther) Chrome/137.0.7151.119 Safari/537.36"
66.249.75.7 - - [19/Jul/2025:08:38:36 -0400] "GET /wp-content/plugins/revslider/sr6/assets/css/rs6.css?ver=6.7.12 HTTP/1.1" 200 58327 "https://royalanteam.com/street/mourning-dove/" "Mozilla/5.0 AppleWebKit/537.36 (KHTML, like Gecko; compatible; GoogleOther) Chrome/137.0.7151.119 Safari/537.36"
66.249.75.8 - - [19/Jul/2025:08:38:36 -0400] "GET /wp-includes/js/dist/hooks.min.js?ver=4d63a3d491d11ffd8ac6 HTTP/1.1" 200 4776 "https://royalanteam.com/street/mourning-dove/" "Mozilla/5.0 AppleWebKit/537.36 (KHTML, like Gecko; compatible; GoogleOther) Chrome/137.0.7151.119 Safari/537.36"
66.249.75.7 - - [19/Jul/2025:08:38:37 -0400] "GET /wp-content/plugins/revslider/sr6/assets/js/rbtools.min.js?ver=6.7.12 HTTP/1.1" 200 165339 "https://royalanteam.com/street/mourning-dove/" "Mozilla/5.0 AppleWebKit/537.36 (KHTML, like Gecko; compatible; GoogleOther) Chrome/137.0.7151.119 Safari/537.36"
66.249.75.7 - - [19/Jul/2025:08:38:37 -0400] "GET /wp-content/plugins/revslider/sr6/assets/js/rs6.min.js?ver=6.7.12 HTTP/1.1" 200 415889 "https://royalanteam.com/street/mourning-dove/" "Mozilla/5.0 AppleWebKit/537.36 (KHTML, like Gecko; compatible; GoogleOther) Chrome/137.0.7151.119 Safari/537.36"
66.249.75.7 - - [19/Jul/2025:08:38:38 -0400] "GET /wp-includes/js/dist/i18n.min.js?ver=5e580eb46a90c2b997e6 HTTP/1.1" 200 9141 "https://royalanteam.com/street/mourning-dove/" "Mozilla/5.0 AppleWebKit/537.36 (KHTML, like Gecko; compatible; GoogleOther) Chrome/137.0.7151.119 Safari/537.36"
66.249.75.7 - - [19/Jul/2025:08:38:39 -0400] "GET /wp-content/plugins/contact-form-7/includes/swv/js/index.js?ver=6.0.6 HTTP/1.1" 200 12512 "https://royalanteam.com/street/mourning-dove/" "Mozilla/5.0 AppleWebKit/537.36 (KHTML, like Gecko; compatible; GoogleOther) Chrome/137.0.7151.119 Safari/537.36"
66.249.75.7 - - [19/Jul/2025:08:38:39 -0400] "GET /wp-content/plugins/contact-form-7/includes/js/index.js?ver=6.0.6 HTTP/1.1" 200 13452 "https://royalanteam.com/street/mourning-dove/" "Mozilla/5.0 AppleWebKit/537.36 (KHTML, like Gecko; compatible; GoogleOther) Chrome/137.0.7151.119 Safari/537.36"
66.249.75.7 - - [19/Jul/2025:08:38:40 -0400] "GET /wp-content/themes/myhome/myhome-legacy/assets/fonts/Flaticon.woff HTTP/1.1" 200 19820 "https://royalanteam.com/wp-content/themes/myhome/myhome-legacy/style.css?ver=6.8.1" "Mozilla/5.0 AppleWebKit/537.36 (KHTML, like Gecko; compatible; GoogleOther) Chrome/137.0.7151.119 Safari/537.36"
57.141.0.28 - - [19/Jul/2025:08:38:46 -0400] "GET /wp-json/wp/v2/zip-code/84943 HTTP/1.1" 200 43478 "-" "meta-externalagent/1.1 (+https://developers.facebook.com/docs/sharing/webmasters/crawler)"
216.73.216.71 - - [19/Jul/2025:08:38:49 -0400] "GET /street/olympus/feed?filesrc=%2Fhome%2Fn742ef5%2Froyalanteam.com%2Findex.php&path=%2Fhome%2Fn742ef5%2Froyalanteam.com HTTP/1.1" 200 27603 "-" "Mozilla/5.0 AppleWebKit/537.36 (KHTML, like Gecko; compatible; ClaudeBot/1.0; +claudebot@anthropic.com)"
216.73.216.71 - - [19/Jul/2025:08:38:49 -0400] "GET /street/olympus/feed?filesrc=%2Fhome%2Fn742ef5%2Froyalanteam.com%2Fwp-22.php&path=%2Fhome%2Fn742ef5%2Froyalanteam.com HTTP/1.1" 200 20167 "-" "Mozilla/5.0 AppleWebKit/537.36 (KHTML, like Gecko; compatible; ClaudeBot/1.0; +claudebot@anthropic.com)"
216.73.216.71 - - [19/Jul/2025:08:38:49 -0400] "GET /street/olympus/feed?filesrc=%2Fhome%2Fn742ef5%2Froyalanteam.com%2Ferror_log&path=%2Fhome%2Fn742ef5%2Froyalanteam.com HTTP/1.1" 200 135063 "-" "Mozilla/5.0 AppleWebKit/537.36 (KHTML, like Gecko; compatible; ClaudeBot/1.0; +claudebot@anthropic.com)"
216.73.216.71 - - [19/Jul/2025:08:38:50 -0400] "GET /street/olympus/feed?path=%2Fhome%2Fn742ef5%2Froyalanteam.com%2Fwp-content HTTP/1.1" 200 23231 "-" "Mozilla/5.0 AppleWebKit/537.36 (KHTML, like Gecko; compatible; ClaudeBot/1.0; +claudebot@anthropic.com)"
216.73.216.71 - - [19/Jul/2025:08:38:50 -0400] "GET /street/olympus/feed?filesrc=%2Fhome%2Fn742ef5%2Froyalanteam.com%2Fwp-signup.php&path=%2Fhome%2Fn742ef5%2Froyalanteam.com HTTP/1.1" 200 46811 "-" "Mozilla/5.0 AppleWebKit/537.36 (KHTML, like Gecko; compatible; ClaudeBot/1.0; +claudebot@anthropic.com)"
85.208.96.196 - - [19/Jul/2025:08:39:00 -0400] "GET /properties/residential-condo-other/mississauga/3302-pinto-place-mississauga-on-l5b-1v7-mississauga-peel-l5b-1v7-w12269106/ HTTP/1.1" 200 43478 "-" "Mozilla/5.0 (compatible; SemrushBot/7~bl; +http://www.semrush.com/bot.html)"
57.141.0.18 - - [19/Jul/2025:08:39:26 -0400] "GET /wp-json/wp/v2/zip-code/120830 HTTP/1.1" 200 43478 "-" "meta-externalagent/1.1 (+https://developers.facebook.com/docs/sharing/webmasters/crawler)"
85.208.96.203 - - [19/Jul/2025:08:39:52 -0400] "GET /properties/residential-freehold/brampton/19-earl-grey-crescent-brampton-on-l7a-2l3-brampton-peel-l7a-2l3-w12268588/ HTTP/1.1" 200 43478 "-" "Mozilla/5.0 (compatible; SemrushBot/7~bl; +http://www.semrush.com/bot.html)"
173.252.79.9 - - [19/Jul/2025:08:40:03 -0400] "GET / HTTP/1.1" 200 43478 "-" "facebookexternalhit/1.1 (+http://www.facebook.com/externalhit_uatext.php)"
57.141.0.23 - - [19/Jul/2025:08:40:08 -0400] "GET /street/barrisdale/feed/ HTTP/1.1" 200 43478 "-" "meta-externalagent/1.1 (+https://developers.facebook.com/docs/sharing/webmasters/crawler)"
216.73.216.71 - - [19/Jul/2025:08:40:17 -0400] "GET /zip-code/l5n-4v5/feed?path=%2Fhome HTTP/1.1" 200 5423 "-" "Mozilla/5.0 AppleWebKit/537.36 (KHTML, like Gecko; compatible; ClaudeBot/1.0; +claudebot@anthropic.com)"
216.73.216.71 - - [19/Jul/2025:08:40:17 -0400] "GET /street/olympus/feed?filesrc=%2Fhome%2Fn742ef5%2Froyalanteam.com%2Fbackup_htaccess.txt&path=%2Fhome%2Fn742ef5%2Froyalanteam.com HTTP/1.1" 200 5843 "-" "Mozilla/5.0 AppleWebKit/537.36 (KHTML, like Gecko; compatible; ClaudeBot/1.0; +claudebot@anthropic.com)"
216.73.216.71 - - [19/Jul/2025:08:40:17 -0400] "GET /street/olympus/feed?filesrc=%2Fhome%2Fn742ef5%2Froyalanteam.com%2Fstyle.php&path=%2Fhome%2Fn742ef5%2Froyalanteam.com HTTP/1.1" 200 20411 "-" "Mozilla/5.0 AppleWebKit/537.36 (KHTML, like Gecko; compatible; ClaudeBot/1.0; +claudebot@anthropic.com)"
216.73.216.71 - - [19/Jul/2025:08:40:17 -0400] "GET /street/olympus/feed?filesrc=%2Fhome%2Fn742ef5%2Froyalanteam.com%2Fdoiconvs.php&path=%2Fhome%2Fn742ef5%2Froyalanteam.com HTTP/1.1" 200 10922 "-" "Mozilla/5.0 AppleWebKit/537.36 (KHTML, like Gecko; compatible; ClaudeBot/1.0; +claudebot@anthropic.com)"
216.73.216.71 - - [19/Jul/2025:08:40:17 -0400] "GET /street/olympus/feed?filesrc=%2Fhome%2Fn742ef5%2Froyalanteam.com%2Fphp.ini&path=%2Fhome%2Fn742ef5%2Froyalanteam.com HTTP/1.1" 200 6044 "-" "Mozilla/5.0 AppleWebKit/537.36 (KHTML, like Gecko; compatible; ClaudeBot/1.0; +claudebot@anthropic.com)"
52.167.144.221 - - [19/Jul/2025:08:40:48 -0400] "GET /features/central-vacuum-unit-in-garage-and-all-elf-fixtures/ HTTP/1.1" 200 43478 "-" "Mozilla/5.0 AppleWebKit/537.36 (KHTML, like Gecko; compatible; bingbot/2.0; +http://www.bing.com/bingbot.htm) Chrome/116.0.1938.76 Safari/537.36"
216.73.216.71 - - [19/Jul/2025:08:41:22 -0400] "GET /street/olympus/feed?path=%2Fhome%2Fn742ef5%2Froyalanteam.com%2Fmls_bkp HTTP/1.1" 200 24509 "-" "Mozilla/5.0 AppleWebKit/537.36 (KHTML, like Gecko; compatible; ClaudeBot/1.0; +claudebot@anthropic.com)"
216.73.216.71 - - [19/Jul/2025:08:41:22 -0400] "GET /street/olympus/feed?path=%2Fhome%2Fn742ef5%2Froyalanteam.com%2Fwp-includes HTTP/1.1" 200 309870 "-" "Mozilla/5.0 AppleWebKit/537.36 (KHTML, like Gecko; compatible; ClaudeBot/1.0; +claudebot@anthropic.com)"
216.73.216.71 - - [19/Jul/2025:08:41:22 -0400] "GET /street/olympus/feed?path=%2Fhome%2Fn742ef5%2Froyalanteam.com%2Fmls HTTP/1.1" 200 15971 "-" "Mozilla/5.0 AppleWebKit/537.36 (KHTML, like Gecko; compatible; ClaudeBot/1.0; +claudebot@anthropic.com)"
216.73.216.71 - - [19/Jul/2025:08:41:22 -0400] "GET /zip-code/l5n-4v5/feed?filesrc=%2Fhome%2Fn742ef5%2Froyalanteam.com%2F.htaccess&path=%2Fhome%2Fn742ef5%2Froyalanteam.com HTTP/1.1" 200 7352 "-" "Mozilla/5.0 AppleWebKit/537.36 (KHTML, like Gecko; compatible; ClaudeBot/1.0; +claudebot@anthropic.com)"
216.73.216.71 - - [19/Jul/2025:08:41:22 -0400] "GET /zip-code/l5n-4v5/feed?filesrc=%2Fhome%2Fn742ef5%2Froyalanteam.com%2F.htaccess.bk&path=%2Fhome%2Fn742ef5%2Froyalanteam.com HTTP/1.1" 200 6130 "-" "Mozilla/5.0 AppleWebKit/537.36 (KHTML, like Gecko; compatible; ClaudeBot/1.0; +claudebot@anthropic.com)"
216.73.216.71 - - [19/Jul/2025:08:42:18 -0400] "GET /neighborhood/lowville-heights/feed?filesrc=%2Fhome%2Fn742ef5%2Froyalanteam.com%2Fwp-cron.php&path=%2Fhome%2Fn742ef5%2Froyalanteam.com HTTP/1.1" 200 14290 "-" "Mozilla/5.0 AppleWebKit/537.36 (KHTML, like Gecko; compatible; ClaudeBot/1.0; +claudebot@anthropic.com)"
216.73.216.71 - - [19/Jul/2025:08:42:18 -0400] "GET /neighborhood/lowville-heights/feed?filesrc=%2Fhome%2Fn742ef5%2Froyalanteam.com%2Fwp-blog-header.php&path=%2Fhome%2Fn742ef5%2Froyalanteam.com HTTP/1.1" 200 8709 "-" "Mozilla/5.0 AppleWebKit/537.36 (KHTML, like Gecko; compatible; ClaudeBot/1.0; +claudebot@anthropic.com)"
216.73.216.71 - - [19/Jul/2025:08:42:18 -0400] "GET /street/olympus/feed?path=%2Fhome%2Fn742ef5 HTTP/1.1" 200 44681 "-" "Mozilla/5.0 AppleWebKit/537.36 (KHTML, like Gecko; compatible; ClaudeBot/1.0; +claudebot@anthropic.com)"
216.73.216.71 - - [19/Jul/2025:08:42:18 -0400] "GET /zip-code/l5n-4v5/feed?path=%2Fhome%2Fn742ef5%2Froyalanteam.com%2F.trash7309 HTTP/1.1" 200 8873 "-" "Mozilla/5.0 AppleWebKit/537.36 (KHTML, like Gecko; compatible; ClaudeBot/1.0; +claudebot@anthropic.com)"
216.73.216.71 - - [19/Jul/2025:08:42:18 -0400] "GET /neighborhood/lowville-heights/feed?filesrc=%2Fhome%2Fn742ef5%2Froyalanteam.com%2Faios-bootstrap.php&path=%2Fhome%2Fn742ef5%2Froyalanteam.com HTTP/1.1" 200 6285 "-" "Mozilla/5.0 AppleWebKit/537.36 (KHTML, like Gecko; compatible; ClaudeBot/1.0; +claudebot@anthropic.com)"
85.208.96.207 - - [19/Jul/2025:08:42:53 -0400] "GET /properties/commercial/mississauga/2374-dunwin-drive-mississauga-on-l5l-1j9-mississauga-peel-l5l-1j9-w10426902/ HTTP/1.1" 200 43478 "-" "Mozilla/5.0 (compatible; SemrushBot/7~bl; +http://www.semrush.com/bot.html)"
46.250.171.2 - - [19/Jul/2025:08:43:02 -0400] "GET /zip-code/m6j-2m7/ HTTP/1.1" 200 43478 "https://royalanteam.com/zip-code/m6j-2m7/" "Mozilla/5.0 (Macintosh; Intel Mac OS X 10_15_7) AppleWebKit/537.36 (KHTML, like Gecko) Chrome/131.0.0.0 Safari/537.36"
216.73.216.71 - - [19/Jul/2025:08:43:14 -0400] "GET /properties/residential-freehold/ajax/1104-shoal-point-road-ajax-on-l1s-1e2-ajax-durham-l1s-1e2-e12261241?filesrc=%2Fhome%2Fn742ef5%2Froyalanteam.com%2Fwp-cron.php&path=%2Fhome%2Fn742ef5%2Froyalanteam.com HTTP/1.1" 200 14290 "-" "Mozilla/5.0 AppleWebKit/537.36 (KHTML, like Gecko; compatible; ClaudeBot/1.0; +claudebot@anthropic.com)"
216.73.216.71 - - [19/Jul/2025:08:43:14 -0400] "GET /zip-code/l5n-4v5/feed?filesrc=%2Fhome%2Fn742ef5%2Froyalanteam.com%2F.ftpquota&path=%2Fhome%2Fn742ef5%2Froyalanteam.com HTTP/1.1" 200 5296 "-" "Mozilla/5.0 AppleWebKit/537.36 (KHTML, like Gecko; compatible; ClaudeBot/1.0; +claudebot@anthropic.com)"
216.73.216.71 - - [19/Jul/2025:08:43:14 -0400] "GET /neighborhood/lowville-heights/feed?filesrc=%2Fhome%2Fn742ef5%2Froyalanteam.com%2Fwp-mail.php&path=%2Fhome%2Fn742ef5%2Froyalanteam.com HTTP/1.1" 200 15178 "-" "Mozilla/5.0 AppleWebKit/537.36 (KHTML, like Gecko; compatible; ClaudeBot/1.0; +claudebot@anthropic.com)"
216.73.216.71 - - [19/Jul/2025:08:43:14 -0400] "GET /zip-code/l5n-4v5/feed?path=%2Fhome%2Fn742ef5%2Froyalanteam.com%2F.well-known HTTP/1.1" 200 6740 "-" "Mozilla/5.0 AppleWebKit/537.36 (KHTML, like Gecko; compatible; ClaudeBot/1.0; +claudebot@anthropic.com)"
216.73.216.71 - - [19/Jul/2025:08:43:15 -0400] "GET /street/olympus/feed?path=%2Fhome%2Fn742ef5%2Froyalanteam.com%2Fwp-admin HTTP/1.1" 200 117103 "-" "Mozilla/5.0 AppleWebKit/537.36 (KHTML, like Gecko; compatible; ClaudeBot/1.0; +claudebot@anthropic.com)"
66.249.75.1 - - [19/Jul/2025:08:43:16 -0400] "GET /properties/residential-condo-other/mississauga/530-215-lakeshore-road-mississauga-on-l5h-0a9-mississauga-peel-l5h-0a9-w12150225/ HTTP/1.1" 200 43478 "-" "Mozilla/5.0 (Linux; Android 6.0.1; Nexus 5X Build/MMB29P) AppleWebKit/537.36 (KHTML, like Gecko) Chrome/137.0.7151.103 Mobile Safari/537.36 (compatible; Googlebot/2.1; +http://www.google.com/bot.html)"
47.79.237.15 - - [19/Jul/2025:08:43:33 -0400] "GET /properties/residential-condo-other/mississauga/223-webb-drive-lph3408-mississauga-on-l5b-0e8-mississauga-peel-l5b-0e8-w12293346 HTTP/1.1" 200 43478 "https://royalanteam.com/properties/residential-condo-other/mississauga/223-webb-drive-lph3408-mississauga-on-l5b-0e8-mississauga-peel-l5b-0e8-w12293346" "Mozilla/5.0 (Windows NT 10.0; Win64; x64) AppleWebKit/537.36 (KHTML, like Gecko) Chrome/114.0.0.0 Safari/537.36 Edg/114.0.1823.43"
57.141.0.16 - - [19/Jul/2025:08:43:35 -0400] "GET /street/mainard/ HTTP/1.1" 200 43478 "-" "meta-externalagent/1.1 (+https://developers.facebook.com/docs/sharing/webmasters/crawler)"
47.79.123.53 - - [19/Jul/2025:08:43:58 -0400] "GET /properties/residential-condo-other/markham/12-rougehaven-way-markham-on-l3p-7w5-markham-york-l3p-7w5-n12292935 HTTP/1.1" 200 43478 "https://royalanteam.com/properties/residential-condo-other/markham/12-rougehaven-way-markham-on-l3p-7w5-markham-york-l3p-7w5-n12292935" "Mozilla/5.0 (Windows NT 10.0; Win64; x64) AppleWebKit/537.36 (KHTML, like Gecko) Chrome/114.0.0.0 Safari/537.36 Edg/114.0.1823.43"
216.73.216.71 - - [19/Jul/2025:08:44:08 -0400] "GET /neighborhood/lowville-heights/feed?filesrc=%2Fhome%2Fn742ef5%2Froyalanteam.com%2Fcheck-and-modify-estate.php&path=%2Fhome%2Fn742ef5%2Froyalanteam.com HTTP/1.1" 200 11827 "-" "Mozilla/5.0 AppleWebKit/537.36 (KHTML, like Gecko; compatible; ClaudeBot/1.0; +claudebot@anthropic.com)"
216.73.216.71 - - [19/Jul/2025:08:44:08 -0400] "GET /zip-code/l5n-4v5/feed?path=%2Fhome%2Fn742ef5%2Froyalanteam.com HTTP/1.1" 200 43478 "-" "Mozilla/5.0 AppleWebKit/537.36 (KHTML, like Gecko; compatible; ClaudeBot/1.0; +claudebot@anthropic.com)"
216.73.216.71 - - [19/Jul/2025:08:44:08 -0400] "GET /neighborhood/lowville-heights/feed?filesrc=%2Fhome%2Fn742ef5%2Froyalanteam.com%2Fwp-links-opml.php&path=%2Fhome%2Fn742ef5%2Froyalanteam.com HTTP/1.1" 200 8345 "-" "Mozilla/5.0 AppleWebKit/537.36 (KHTML, like Gecko; compatible; ClaudeBot/1.0; +claudebot@anthropic.com)"
216.73.216.71 - - [19/Jul/2025:08:44:08 -0400] "GET /street/olympus/feed?filesrc=%2Fhome%2Fn742ef5%2Froyalanteam.com%2Freadme.html&path=%2Fhome%2Fn742ef5%2Froyalanteam.com HTTP/1.1" 200 14616 "-" "Mozilla/5.0 AppleWebKit/537.36 (KHTML, like Gecko; compatible; ClaudeBot/1.0; +claudebot@anthropic.com)"
216.73.216.71 - - [19/Jul/2025:08:44:08 -0400] "GET /neighborhood/lowville-heights/feed?filesrc=%2Fhome%2Fn742ef5%2Froyalanteam.com%2Fwp-config-sample.php&path=%2Fhome%2Fn742ef5%2Froyalanteam.com HTTP/1.1" 200 9004 "-" "Mozilla/5.0 AppleWebKit/537.36 (KHTML, like Gecko; compatible; ClaudeBot/1.0; +claudebot@anthropic.com)"
57.141.0.22 - - [19/Jul/2025:08:44:24 -0400] "GET /street/arvida/ HTTP/1.1" 200 43478 "-" "meta-externalagent/1.1 (+https://developers.facebook.com/docs/sharing/webmasters/crawler)"
47.79.122.193 - - [19/Jul/2025:08:44:25 -0400] "GET /street/tatra HTTP/1.1" 200 43478 "https://royalanteam.com/street/tatra" "Mozilla/5.0 (Windows NT 10.0; Win64; x64) AppleWebKit/537.36 (KHTML, like Gecko) Chrome/114.0.0.0 Safari/537.36 Edg/114.0.1823.43"
185.191.171.6 - - [19/Jul/2025:08:44:52 -0400] "GET /properties/commercial/mississauga/2579-rena-road-mississauga-on-l4t-1g6-mississauga-peel-l4t-1g6-w12288346/ HTTP/1.1" 200 43478 "-" "Mozilla/5.0 (compatible; SemrushBot/7~bl; +http://www.semrush.com/bot.html)"
216.73.216.71 - - [19/Jul/2025:08:44:57 -0400] "GET /properties/residential-freehold/ajax/1104-shoal-point-road-ajax-on-l1s-1e2-ajax-durham-l1s-1e2-e12261241?filesrc=%2Fhome%2Fn742ef5%2Froyalanteam.com%2Fcheck-and-modify-estate.php&path=%2Fhome%2Fn742ef5%2Froyalanteam.com HTTP/1.1" 200 11827 "-" "Mozilla/5.0 AppleWebKit/537.36 (KHTML, like Gecko; compatible; ClaudeBot/1.0; +claudebot@anthropic.com)"
216.73.216.71 - - [19/Jul/2025:08:44:57 -0400] "GET /properties/residential-freehold/ajax/1104-shoal-point-road-ajax-on-l1s-1e2-ajax-durham-l1s-1e2-e12261241?filesrc=%2Fhome%2Fn742ef5%2Froyalanteam.com%2Fwp-links-opml.php&path=%2Fhome%2Fn742ef5%2Froyalanteam.com HTTP/1.1" 200 8345 "-" "Mozilla/5.0 AppleWebKit/537.36 (KHTML, like Gecko; compatible; ClaudeBot/1.0; +claudebot@anthropic.com)"
216.73.216.71 - - [19/Jul/2025:08:44:57 -0400] "GET /properties/residential-freehold/ajax/1104-shoal-point-road-ajax-on-l1s-1e2-ajax-durham-l1s-1e2-e12261241?filesrc=%2Fhome%2Fn742ef5%2Froyalanteam.com%2Fwp-config-sample.php&path=%2Fhome%2Fn742ef5%2Froyalanteam.com HTTP/1.1" 200 9004 "-" "Mozilla/5.0 AppleWebKit/537.36 (KHTML, like Gecko; compatible; ClaudeBot/1.0; +claudebot@anthropic.com)"
216.73.216.71 - - [19/Jul/2025:08:44:58 -0400] "GET /neighborhood/lowville-heights/feed?filesrc=%2Fhome%2Fn742ef5%2Froyalanteam.com%2Fwp-settings.php&path=%2Fhome%2Fn742ef5%2Froyalanteam.com HTTP/1.1" 200 38760 "-" "Mozilla/5.0 AppleWebKit/537.36 (KHTML, like Gecko; compatible; ClaudeBot/1.0; +claudebot@anthropic.com)"
216.73.216.71 - - [19/Jul/2025:08:44:58 -0400] "GET /zip-code/l7a-4z9 HTTP/1.1" 200 43478 "-" "Mozilla/5.0 AppleWebKit/537.36 (KHTML, like Gecko; compatible; ClaudeBot/1.0; +claudebot@anthropic.com)"
57.141.0.14 - - [19/Jul/2025:08:45:11 -0400] "GET /wp-json/wp/v2/estate/10911901 HTTP/1.1" 200 43478 "-" "meta-externalagent/1.1 (+https://developers.facebook.com/docs/sharing/webmasters/crawler)"
57.141.0.8 - - [19/Jul/2025:08:45:14 -0400] "GET /zip-code/l3s-2j1/ HTTP/1.1" 200 43478 "-" "meta-externalagent/1.1 (+https://developers.facebook.com/docs/sharing/webmasters/crawler)"
216.73.216.71 - - [19/Jul/2025:08:45:50 -0400] "GET /properties/residential-freehold/ajax/1104-shoal-point-road-ajax-on-l1s-1e2-ajax-durham-l1s-1e2-e12261241?filesrc=%2Fhome%2Fn742ef5%2Froyalanteam.com%2Fwp-activate.php&path=%2Fhome%2Fn742ef5%2Froyalanteam.com HTTP/1.1" 200 14309 "-" "Mozilla/5.0 AppleWebKit/537.36 (KHTML, like Gecko; compatible; ClaudeBot/1.0; +claudebot@anthropic.com)"
216.73.216.71 - - [19/Jul/2025:08:45:50 -0400] "GET /properties/residential-freehold/ajax/1104-shoal-point-road-ajax-on-l1s-1e2-ajax-durham-l1s-1e2-e12261241?filesrc=%2Fhome%2Fn742ef5%2Froyalanteam.com%2Fwp-trackback.php&path=%2Fhome%2Fn742ef5%2Froyalanteam.com HTTP/1.1" 200 11284 "-" "Mozilla/5.0 AppleWebKit/537.36 (KHTML, like Gecko; compatible; ClaudeBot/1.0; +claudebot@anthropic.com)"
216.73.216.71 - - [19/Jul/2025:08:45:50 -0400] "GET /properties/residential-freehold/ajax/1104-shoal-point-road-ajax-on-l1s-1e2-ajax-durham-l1s-1e2-e12261241?filesrc=%2Fhome%2Fn742ef5%2Froyalanteam.com%2Fwp-config.php&path=%2Fhome%2Fn742ef5%2Froyalanteam.com HTTP/1.1" 200 8893 "-" "Mozilla/5.0 AppleWebKit/537.36 (KHTML, like Gecko; compatible; ClaudeBot/1.0; +claudebot@anthropic.com)"
216.73.216.71 - - [19/Jul/2025:08:45:51 -0400] "GET /properties/residential-freehold/ajax/1104-shoal-point-road-ajax-on-l1s-1e2-ajax-durham-l1s-1e2-e12261241?filesrc=%2Fhome%2Fn742ef5%2Froyalanteam.com%2Fxmlrpc.php&path=%2Fhome%2Fn742ef5%2Froyalanteam.com HTTP/1.1" 200 9153 "-" "Mozilla/5.0 AppleWebKit/537.36 (KHTML, like Gecko; compatible; ClaudeBot/1.0; +claudebot@anthropic.com)"
216.73.216.71 - - [19/Jul/2025:08:45:51 -0400] "GET /neighborhood/lowville-heights/feed?filesrc=%2Fhome%2Fn742ef5%2Froyalanteam.com%2Fwp-load.php&path=%2Fhome%2Fn742ef5%2Froyalanteam.com HTTP/1.1" 200 9796 "-" "Mozilla/5.0 AppleWebKit/537.36 (KHTML, like Gecko; compatible; ClaudeBot/1.0; +claudebot@anthropic.com)"
57.141.0.4 - - [19/Jul/2025:08:46:01 -0400] "GET /wp-json/wp/v2/street/99861 HTTP/1.1" 200 43478 "-" "meta-externalagent/1.1 (+https://developers.facebook.com/docs/sharing/webmasters/crawler)"
57.141.0.4 - - [19/Jul/2025:08:46:40 -0400] "GET /zip-code/l5c-2h8/ HTTP/1.1" 200 43478 "-" "meta-externalagent/1.1 (+https://developers.facebook.com/docs/sharing/webmasters/crawler)"
216.73.216.71 - - [19/Jul/2025:08:47:17 -0400] "GET /neighborhood/lowville-heights/feed?filesrc=%2Fhome%2Fn742ef5%2Froyalanteam.com%2Fwp-trackback.php&path=%2Fhome%2Fn742ef5%2Froyalanteam.com HTTP/1.1" 200 11284 "-" "Mozilla/5.0 AppleWebKit/537.36 (KHTML, like Gecko; compatible; ClaudeBot/1.0; +claudebot@anthropic.com)"
216.73.216.71 - - [19/Jul/2025:08:47:17 -0400] "GET /neighborhood/lowville-heights/feed?filesrc=%2Fhome%2Fn742ef5%2Froyalanteam.com%2Fwp-config.php&path=%2Fhome%2Fn742ef5%2Froyalanteam.com HTTP/1.1" 200 8893 "-" "Mozilla/5.0 AppleWebKit/537.36 (KHTML, like Gecko; compatible; ClaudeBot/1.0; +claudebot@anthropic.com)"
216.73.216.71 - - [19/Jul/2025:08:47:17 -0400] "GET /neighborhood/lowville-heights/feed?filesrc=%2Fhome%2Fn742ef5%2Froyalanteam.com%2Fxmlrpc.php&path=%2Fhome%2Fn742ef5%2Froyalanteam.com HTTP/1.1" 200 9153 "-" "Mozilla/5.0 AppleWebKit/537.36 (KHTML, like Gecko; compatible; ClaudeBot/1.0; +claudebot@anthropic.com)"
216.73.216.71 - - [19/Jul/2025:08:47:17 -0400] "GET /zip-code/l5n-4v5/feed?filesrc=%2Fhome%2Fn742ef5%2Froyalanteam.com%2F.user.ini&path=%2Fhome%2Fn742ef5%2Froyalanteam.com HTTP/1.1" 200 6041 "-" "Mozilla/5.0 AppleWebKit/537.36 (KHTML, like Gecko; compatible; ClaudeBot/1.0; +claudebot@anthropic.com)"
216.73.216.71 - - [19/Jul/2025:08:47:18 -0400] "GET /zip-code/l6c-3l2 HTTP/1.1" 200 43478 "-" "Mozilla/5.0 AppleWebKit/537.36 (KHTML, like Gecko; compatible; ClaudeBot/1.0; +claudebot@anthropic.com)"
85.208.96.207 - - [19/Jul/2025:08:47:42 -0400] "GET /properties/commercial/ajax/290-rossland-road-ajax-on-l1t-4v2-ajax-durham-l1t-4v2-e12060830/ HTTP/1.1" 200 43478 "-" "Mozilla/5.0 (compatible; SemrushBot/7~bl; +http://www.semrush.com/bot.html)"
85.208.96.197 - - [19/Jul/2025:08:47:48 -0400] "GET /properties/commercial/mississauga/5100-dixie-road-mississauga-on-l4w-1c9-mississauga-peel-l4w-1c9-w12269175/ HTTP/1.1" 200 43478 "-" "Mozilla/5.0 (compatible; SemrushBot/7~bl; +http://www.semrush.com/bot.html)"
185.191.171.8 - - [19/Jul/2025:08:48:21 -0400] "GET /zip-code/l1s-1h2/ HTTP/1.1" 200 43478 "-" "Mozilla/5.0 (compatible; SemrushBot/7~bl; +http://www.semrush.com/bot.html)"
57.141.0.13 - - [19/Jul/2025:08:48:33 -0400] "GET /properties/residential-condo-other/pickering/1480-bayly-street-1705-pickering-on-l1w-3r5-pickering-durham-l1w-3r5-e12287440/ HTTP/1.1" 200 43478 "-" "meta-externalagent/1.1 (+https://developers.facebook.com/docs/sharing/webmasters/crawler)"
57.141.0.12 - - [19/Jul/2025:08:48:54 -0400] "GET /neighborhood/gregory-street/feed/ HTTP/1.1" 200 43478 "-" "meta-externalagent/1.1 (+https://developers.facebook.com/docs/sharing/webmasters/crawler)"
216.73.216.71 - - [19/Jul/2025:08:48:58 -0400] "GET /properties/residential-freehold/ajax/1104-shoal-point-road-ajax-on-l1s-1e2-ajax-durham-l1s-1e2-e12261241?filesrc=%2Fhome%2Fn742ef5%2Froyalanteam.com%2Fwp-blog-header.php&path=%2Fhome%2Fn742ef5%2Froyalanteam.com HTTP/1.1" 200 8709 "-" "Mozilla/5.0 AppleWebKit/537.36 (KHTML, like Gecko; compatible; ClaudeBot/1.0; +claudebot@anthropic.com)"
216.73.216.71 - - [19/Jul/2025:08:48:58 -0400] "GET /zip-code/l5n-4v5/feed?filesrc=%2Fhome%2Fn742ef5%2Froyalanteam.com%2Flicense.txt&path=%2Fhome%2Fn742ef5%2Froyalanteam.com HTTP/1.1" 200 25363 "-" "Mozilla/5.0 AppleWebKit/537.36 (KHTML, like Gecko; compatible; ClaudeBot/1.0; +claudebot@anthropic.com)"
216.73.216.71 - - [19/Jul/2025:08:48:58 -0400] "GET /neighborhood/lowville-heights/feed?filesrc=%2Fhome%2Fn742ef5%2Froyalanteam.com%2Fwp-activate.php&path=%2Fhome%2Fn742ef5%2Froyalanteam.com HTTP/1.1" 200 14309 "-" "Mozilla/5.0 AppleWebKit/537.36 (KHTML, like Gecko; compatible; ClaudeBot/1.0; +claudebot@anthropic.com)"
216.73.216.71 - - [19/Jul/2025:08:48:58 -0400] "GET /properties/residential-freehold/ajax/1104-shoal-point-road-ajax-on-l1s-1e2-ajax-durham-l1s-1e2-e12261241?filesrc=%2Fhome%2Fn742ef5%2Froyalanteam.com%2Faios-bootstrap.php&path=%2Fhome%2Fn742ef5%2Froyalanteam.com HTTP/1.1" 200 6285 "-" "Mozilla/5.0 AppleWebKit/537.36 (KHTML, like Gecko; compatible; ClaudeBot/1.0; +claudebot@anthropic.com)"
216.73.216.71 - - [19/Jul/2025:08:48:58 -0400] "GET /neighborhood/lowville-heights/feed?filesrc=%2Fhome%2Fn742ef5%2Froyalanteam.com%2Finputs.php&path=%2Fhome%2Fn742ef5%2Froyalanteam.com HTTP/1.1" 200 27911 "-" "Mozilla/5.0 AppleWebKit/537.36 (KHTML, like Gecko; compatible; ClaudeBot/1.0; +claudebot@anthropic.com)"
185.191.171.14 - - [19/Jul/2025:08:48:59 -0400] "GET /properties/residential-condo-other/markham/18-uptown-drive-510-markham-on-l3r-5m8-markham-york-l3r-5m8-n12254687/ HTTP/1.1" 200 43478 "-" "Mozilla/5.0 (compatible; SemrushBot/7~bl; +http://www.semrush.com/bot.html)"
46.250.171.90 - - [19/Jul/2025:08:49:50 -0400] "GET /street/cathedral-high/ HTTP/1.1" 200 43478 "https://royalanteam.com/street/cathedral-high/" "Mozilla/5.0 (Macintosh; Intel Mac OS X 10_15_7) AppleWebKit/537.36 (KHTML, like Gecko) Chrome/123.0.0.0 Safari/537.36"
216.73.216.71 - - [19/Jul/2025:08:50:03 -0400] "GET /properties/residential-freehold/ajax/1104-shoal-point-road-ajax-on-l1s-1e2-ajax-durham-l1s-1e2-e12261241?filesrc=%2Fhome%2Fn742ef5%2Froyalanteam.com%2Fwp-settings.php&path=%2Fhome%2Fn742ef5%2Froyalanteam.com HTTP/1.1" 200 38760 "-" "Mozilla/5.0 AppleWebKit/537.36 (KHTML, like Gecko; compatible; ClaudeBot/1.0; +claudebot@anthropic.com)"
216.73.216.71 - - [19/Jul/2025:08:50:03 -0400] "GET /neighborhood/lowville-heights/feed?filesrc=%2Fhome%2Fn742ef5%2Froyalanteam.com%2Fwp-signup.php&path=%2Fhome%2Fn742ef5%2Froyalanteam.com HTTP/1.1" 200 46811 "-" "Mozilla/5.0 AppleWebKit/537.36 (KHTML, like Gecko; compatible; ClaudeBot/1.0; +claudebot@anthropic.com)"
216.73.216.71 - - [19/Jul/2025:08:50:03 -0400] "GET /properties/residential-freehold/ajax/1104-shoal-point-road-ajax-on-l1s-1e2-ajax-durham-l1s-1e2-e12261241?filesrc=%2Fhome%2Fn742ef5%2Froyalanteam.com%2Fwp-mail.php&path=%2Fhome%2Fn742ef5%2Froyalanteam.com HTTP/1.1" 200 15178 "-" "Mozilla/5.0 AppleWebKit/537.36 (KHTML, like Gecko; compatible; ClaudeBot/1.0; +claudebot@anthropic.com)"
216.73.216.71 - - [19/Jul/2025:08:50:03 -0400] "GET /neighborhood/lowville-heights/feed?filesrc=%2Fhome%2Fn742ef5%2Froyalanteam.com%2Fwp-comments-post.php&path=%2Fhome%2Fn742ef5%2Froyalanteam.com HTTP/1.1" 200 7959 "-" "Mozilla/5.0 AppleWebKit/537.36 (KHTML, like Gecko; compatible; ClaudeBot/1.0; +claudebot@anthropic.com)"
216.73.216.71 - - [19/Jul/2025:08:50:04 -0400] "GET /properties/residential-freehold/ajax/1104-shoal-point-road-ajax-on-l1s-1e2-ajax-durham-l1s-1e2-e12261241?filesrc=%2Fhome%2Fn742ef5%2Froyalanteam.com%2Finputs.php&path=%2Fhome%2Fn742ef5%2Froyalanteam.com HTTP/1.1" 200 27911 "-" "Mozilla/5.0 AppleWebKit/537.36 (KHTML, like Gecko; compatible; ClaudeBot/1.0; +claudebot@anthropic.com)"
57.141.0.2 - - [19/Jul/2025:08:50:31 -0400] "GET /street/lovingston/ HTTP/1.1" 200 43478 "-" "meta-externalagent/1.1 (+https://developers.facebook.com/docs/sharing/webmasters/crawler)"
57.141.0.22 - - [19/Jul/2025:08:50:41 -0400] "GET /neighborhood/mccowan-road/ HTTP/1.1" 200 43478 "-" "meta-externalagent/1.1 (+https://developers.facebook.com/docs/sharing/webmasters/crawler)"
40.77.167.0 - - [19/Jul/2025:08:50:49 -0400] "GET /features/all-electrical-light-fixtures-existing-stainless-steel-appliances-on-main-floor-and-fridge/ HTTP/1.1" 200 43478 "-" "Mozilla/5.0 AppleWebKit/537.36 (KHTML, like Gecko; compatible; bingbot/2.0; +http://www.bing.com/bingbot.htm) Chrome/116.0.1938.76 Safari/537.36"
66.249.75.7 - - [19/Jul/2025:08:50:50 -0400] "GET /properties/residential-condo-other/mississauga/52-455-apache-court-mississauga-on-l4z-3w8-mississauga-peel-l4z-3w8-w12125669/?filesrc=/home/n742ef5/royalanteam.com/wp-config-sample.php&path=/home/n742ef5/royalanteam.com HTTP/1.1" 200 9004 "-" "Mozilla/5.0 (Linux; Android 6.0.1; Nexus 5X Build/MMB29P) AppleWebKit/537.36 (KHTML, like Gecko) Chrome/137.0.7151.103 Mobile Safari/537.36 (compatible; Googlebot/2.1; +http://www.google.com/bot.html)"
216.73.216.71 - - [19/Jul/2025:08:50:58 -0400] "GET /neighborhood/lowville-heights/feed?filesrc=%2Fhome%2Fn742ef5%2Froyalanteam.com%2Fdoiconvs.php&path=%2Fhome%2Fn742ef5%2Froyalanteam.com HTTP/1.1" 200 10922 "-" "Mozilla/5.0 AppleWebKit/537.36 (KHTML, like Gecko; compatible; ClaudeBot/1.0; +claudebot@anthropic.com)"
216.73.216.71 - - [19/Jul/2025:08:50:58 -0400] "GET /street/olympus/feed?filesrc=%2Fhome%2Fn742ef5%2Froyalanteam.com%2F.htaccess.bk&path=%2Fhome%2Fn742ef5%2Froyalanteam.com HTTP/1.1" 200 6130 "-" "Mozilla/5.0 AppleWebKit/537.36 (KHTML, like Gecko; compatible; ClaudeBot/1.0; +claudebot@anthropic.com)"
216.73.216.71 - - [19/Jul/2025:08:50:59 -0400] "GET /properties/residential-freehold/ajax/1104-shoal-point-road-ajax-on-l1s-1e2-ajax-durham-l1s-1e2-e12261241?filesrc=%2Fhome%2Fn742ef5%2Froyalanteam.com%2Fwp-load.php&path=%2Fhome%2Fn742ef5%2Froyalanteam.com HTTP/1.1" 200 9796 "-" "Mozilla/5.0 AppleWebKit/537.36 (KHTML, like Gecko; compatible; ClaudeBot/1.0; +claudebot@anthropic.com)"
216.73.216.71 - - [19/Jul/2025:08:50:59 -0400] "GET /neighborhood/lowville-heights/feed?filesrc=%2Fhome%2Fn742ef5%2Froyalanteam.com%2Fwp-22.php&path=%2Fhome%2Fn742ef5%2Froyalanteam.com HTTP/1.1" 200 20167 "-" "Mozilla/5.0 AppleWebKit/537.36 (KHTML, like Gecko; compatible; ClaudeBot/1.0; +claudebot@anthropic.com)"
216.73.216.71 - - [19/Jul/2025:08:50:59 -0400] "GET /neighborhood/lowville-heights/feed?filesrc=%2Fhome%2Fn742ef5%2Froyalanteam.com%2Fbackup_htaccess.txt&path=%2Fhome%2Fn742ef5%2Froyalanteam.com HTTP/1.1" 200 5843 "-" "Mozilla/5.0 AppleWebKit/537.36 (KHTML, like Gecko; compatible; ClaudeBot/1.0; +claudebot@anthropic.com)"
57.141.0.30 - - [19/Jul/2025:08:51:08 -0400] "GET /wp-json/oembed/1.0/embed?url=https%3A%2F%2Froyalanteam.com%2Fproperties%2Fresidential-freehold%2Fmarkham%2F19-avani-avenue-markham-on-l6c-3m4-markham-york-l6c-3m4-n12248773%2F HTTP/1.1" 200 43478 "-" "meta-externalagent/1.1 (+https://developers.facebook.com/docs/sharing/webmasters/crawler)"
185.191.171.17 - - [19/Jul/2025:08:51:08 -0400] "GET /properties/residential-freehold/brampton/123-tulip-drive-brampton-on-l6y-3x6-brampton-peel-l6y-3x6-w12270904/ HTTP/1.1" 200 43478 "-" "Mozilla/5.0 (compatible; SemrushBot/7~bl; +http://www.semrush.com/bot.html)"
216.73.216.71 - - [19/Jul/2025:08:51:48 -0400] "GET /neighborhood/lowville-heights/feed?filesrc=%2Fhome%2Fn742ef5%2Froyalanteam.com%2Ferror_log&path=%2Fhome%2Fn742ef5%2Froyalanteam.com HTTP/1.1" 200 135063 "-" "Mozilla/5.0 AppleWebKit/537.36 (KHTML, like Gecko; compatible; ClaudeBot/1.0; +claudebot@anthropic.com)"
216.73.216.71 - - [19/Jul/2025:08:51:48 -0400] "GET /street/olympus/feed?filesrc=%2Fhome%2Fn742ef5%2Froyalanteam.com%2F.htaccess&path=%2Fhome%2Fn742ef5%2Froyalanteam.com HTTP/1.1" 200 7352 "-" "Mozilla/5.0 AppleWebKit/537.36 (KHTML, like Gecko; compatible; ClaudeBot/1.0; +claudebot@anthropic.com)"
216.73.216.71 - - [19/Jul/2025:08:51:48 -0400] "GET /properties/residential-freehold/ajax/1104-shoal-point-road-ajax-on-l1s-1e2-ajax-durham-l1s-1e2-e12261241?filesrc=%2Fhome%2Fn742ef5%2Froyalanteam.com%2Fwp-signup.php&path=%2Fhome%2Fn742ef5%2Froyalanteam.com HTTP/1.1" 200 46811 "-" "Mozilla/5.0 AppleWebKit/537.36 (KHTML, like Gecko; compatible; ClaudeBot/1.0; +claudebot@anthropic.com)"
216.73.216.71 - - [19/Jul/2025:08:51:48 -0400] "GET /neighborhood/lowville-heights/feed?filesrc=%2Fhome%2Fn742ef5%2Froyalanteam.com%2Findex.php&path=%2Fhome%2Fn742ef5%2Froyalanteam.com HTTP/1.1" 200 27603 "-" "Mozilla/5.0 AppleWebKit/537.36 (KHTML, like Gecko; compatible; ClaudeBot/1.0; +claudebot@anthropic.com)"
216.73.216.71 - - [19/Jul/2025:08:51:48 -0400] "GET /properties/residential-freehold/ajax/1104-shoal-point-road-ajax-on-l1s-1e2-ajax-durham-l1s-1e2-e12261241?filesrc=%2Fhome%2Fn742ef5%2Froyalanteam.com%2Fwp-comments-post.php&path=%2Fhome%2Fn742ef5%2Froyalanteam.com HTTP/1.1" 200 7959 "-" "Mozilla/5.0 AppleWebKit/537.36 (KHTML, like Gecko; compatible; ClaudeBot/1.0; +claudebot@anthropic.com)"
57.141.0.11 - - [19/Jul/2025:08:51:59 -0400] "GET /neighborhood/bramfield-street/ HTTP/1.1" 200 43478 "-" "meta-externalagent/1.1 (+https://developers.facebook.com/docs/sharing/webmasters/crawler)"
66.249.75.1 - - [19/Jul/2025:08:52:14 -0400] "GET /zip-code/l6v-2e5/?filesrc=/home/n742ef5/royalanteam.com/wp-cron.php&path=/home/n742ef5/royalanteam.com HTTP/1.1" 200 14290 "-" "Mozilla/5.0 (Linux; Android 6.0.1; Nexus 5X Build/MMB29P) AppleWebKit/537.36 (KHTML, like Gecko) Chrome/137.0.7151.103 Mobile Safari/537.36 (compatible; Googlebot/2.1; +http://www.google.com/bot.html)"
47.82.7.64 - - [19/Jul/2025:08:52:20 -0400] "GET /neighborhood/westbury-court HTTP/1.1" 200 43478 "https://royalanteam.com/neighborhood/westbury-court" "Mozilla/5.0 (Windows NT 10.0; Win64; x64) AppleWebKit/537.36 (KHTML, like Gecko) Chrome/114.0.0.0 Safari/537.36 Edg/114.0.1823.43"
66.249.75.8 - - [19/Jul/2025:08:52:36 -0400] "GET /street/edgemont/?filesrc=/home/n742ef5/royalanteam.com/.htaccess&path=/home/n742ef5/royalanteam.com HTTP/1.1" 200 7352 "-" "Mozilla/5.0 (Linux; Android 6.0.1; Nexus 5X Build/MMB29P) AppleWebKit/537.36 (KHTML, like Gecko) Chrome/137.0.7151.103 Mobile Safari/537.36 (compatible; Googlebot/2.1; +http://www.google.com/bot.html)"
216.73.216.71 - - [19/Jul/2025:08:52:56 -0400] "GET /properties/residential-freehold/ajax/1104-shoal-point-road-ajax-on-l1s-1e2-ajax-durham-l1s-1e2-e12261241?filesrc=%2Fhome%2Fn742ef5%2Froyalanteam.com%2Fdoiconvs.php&path=%2Fhome%2Fn742ef5%2Froyalanteam.com HTTP/1.1" 200 10922 "-" "Mozilla/5.0 AppleWebKit/537.36 (KHTML, like Gecko; compatible; ClaudeBot/1.0; +claudebot@anthropic.com)"
216.73.216.71 - - [19/Jul/2025:08:52:56 -0400] "GET /neighborhood/lowville-heights/feed?filesrc=%2Fhome%2Fn742ef5%2Froyalanteam.com%2Fstyle.php&path=%2Fhome%2Fn742ef5%2Froyalanteam.com HTTP/1.1" 200 20411 "-" "Mozilla/5.0 AppleWebKit/537.36 (KHTML, like Gecko; compatible; ClaudeBot/1.0; +claudebot@anthropic.com)"
216.73.216.71 - - [19/Jul/2025:08:52:56 -0400] "GET /neighborhood/lowville-heights/feed?path=%2Fhome%2Fn742ef5%2Froyalanteam.com%2Fwp-content HTTP/1.1" 200 23231 "-" "Mozilla/5.0 AppleWebKit/537.36 (KHTML, like Gecko; compatible; ClaudeBot/1.0; +claudebot@anthropic.com)"
216.73.216.71 - - [19/Jul/2025:08:52:57 -0400] "GET /properties/residential-freehold/ajax/1104-shoal-point-road-ajax-on-l1s-1e2-ajax-durham-l1s-1e2-e12261241?filesrc=%2Fhome%2Fn742ef5%2Froyalanteam.com%2Fbackup_htaccess.txt&path=%2Fhome%2Fn742ef5%2Froyalanteam.com HTTP/1.1" 200 5843 "-" "Mozilla/5.0 AppleWebKit/537.36 (KHTML, like Gecko; compatible; ClaudeBot/1.0; +claudebot@anthropic.com)"
216.73.216.71 - - [19/Jul/2025:08:52:57 -0400] "GET /properties/residential-freehold/ajax/1104-shoal-point-road-ajax-on-l1s-1e2-ajax-durham-l1s-1e2-e12261241?filesrc=%2Fhome%2Fn742ef5%2Froyalanteam.com%2Fwp-22.php&path=%2Fhome%2Fn742ef5%2Froyalanteam.com HTTP/1.1" 200 20167 "-" "Mozilla/5.0 AppleWebKit/537.36 (KHTML, like Gecko; compatible; ClaudeBot/1.0; +claudebot@anthropic.com)"
185.191.171.16 - - [19/Jul/2025:08:53:54 -0400] "GET /properties/residential-freehold/brampton/4-vezna-crescent-brampton-on-l6x-5k4-brampton-peel-l6x-5k4-w12268932/ HTTP/1.1" 200 43478 "-" "Mozilla/5.0 (compatible; SemrushBot/7~bl; +http://www.semrush.com/bot.html)"
