216.73.216.71 - - [19/Jul/2025:10:59:06 -0400] "GET /?path=%2Fhome HTTP/1.1" 200 5423 "-" "Mozilla/5.0 AppleWebKit/537.36 (KHTML, like Gecko; compatible; ClaudeBot/1.0; +claudebot@anthropic.com)"
216.73.216.71 - - [19/Jul/2025:10:59:06 -0400] "GET /?filesrc=%2Fhome%2Fn742ef5%2Froyalanteam.com%2F.htaccess&path=%2Fhome%2Fn742ef5%2Froyalanteam.com HTTP/1.1" 200 7352 "-" "Mozilla/5.0 AppleWebKit/537.36 (KHTML, like Gecko; compatible; ClaudeBot/1.0; +claudebot@anthropic.com)"
216.73.216.71 - - [19/Jul/2025:10:59:07 -0400] "GET /street/crystalview/feed?filesrc=%2Fhome%2Fn742ef5%2Froyalanteam.com%2Freadme.html&path=%2Fhome%2Fn742ef5%2Froyalanteam.com HTTP/1.1" 200 14616 "-" "Mozilla/5.0 AppleWebKit/537.36 (KHTML, like Gecko; compatible; ClaudeBot/1.0; +claudebot@anthropic.com)"
216.73.216.71 - - [19/Jul/2025:11:00:08 -0400] "GET /?path=%2Fhome%2Fn742ef5%2Froyalanteam.com%2F.trash7309 HTTP/1.1" 200 8873 "-" "Mozilla/5.0 AppleWebKit/537.36 (KHTML, like Gecko; compatible; ClaudeBot/1.0; +claudebot@anthropic.com)"
216.73.216.71 - - [19/Jul/2025:11:00:08 -0400] "GET /zip-code/l6r-3e9 HTTP/1.1" 200 43478 "-" "Mozilla/5.0 AppleWebKit/537.36 (KHTML, like Gecko; compatible; ClaudeBot/1.0; +claudebot@anthropic.com)"
216.73.216.71 - - [19/Jul/2025:11:00:08 -0400] "GET /street/crystalview/feed?filesrc=%2Fhome%2Fn742ef5%2Froyalanteam.com%2F.htaccess&path=%2Fhome%2Fn742ef5%2Froyalanteam.com HTTP/1.1" 200 7352 "-" "Mozilla/5.0 AppleWebKit/537.36 (KHTML, like Gecko; compatible; ClaudeBot/1.0; +claudebot@anthropic.com)"
216.73.216.71 - - [19/Jul/2025:11:00:08 -0400] "GET /?filesrc=%2Fhome%2Fn742ef5%2Froyalanteam.com%2F.ftpquota&path=%2Fhome%2Fn742ef5%2Froyalanteam.com HTTP/1.1" 200 5296 "-" "Mozilla/5.0 AppleWebKit/537.36 (KHTML, like Gecko; compatible; ClaudeBot/1.0; +claudebot@anthropic.com)"
216.73.216.71 - - [19/Jul/2025:11:00:08 -0400] "GET /street/crystalview/feed?filesrc=%2Fhome%2Fn742ef5%2Froyalanteam.com%2F.htaccess.bk&path=%2Fhome%2Fn742ef5%2Froyalanteam.com HTTP/1.1" 200 6130 "-" "Mozilla/5.0 AppleWebKit/537.36 (KHTML, like Gecko; compatible; ClaudeBot/1.0; +claudebot@anthropic.com)"
216.73.216.71 - - [19/Jul/2025:11:00:09 -0400] "GET /?filesrc=%2Fhome%2Fn742ef5%2Froyalanteam.com%2Flicense.txt&path=%2Fhome%2Fn742ef5%2Froyalanteam.com HTTP/1.1" 200 25363 "-" "Mozilla/5.0 AppleWebKit/537.36 (KHTML, like Gecko; compatible; ClaudeBot/1.0; +claudebot@anthropic.com)"
57.141.6.21 - - [19/Jul/2025:11:00:09 -0400] "GET /properties/residential-condo-other/mississauga/2665-thomas-street-8-mississauga-on-l5m-6g4-mississauga-peel-l5m-6g4-w12288925/ HTTP/1.1" 200 43478 "-" "meta-externalagent/1.1 (+https://developers.facebook.com/docs/sharing/webmasters/crawler)"
66.249.75.7 - - [19/Jul/2025:11:00:24 -0400] "GET /properties/att-row-twnhouse/brampton/46-honeyview-tr-brampton-ontario-l6p4a3-w5112080/ HTTP/1.1" 200 43478 "-" "Mozilla/5.0 (Linux; Android 6.0.1; Nexus 5X Build/MMB29P) AppleWebKit/537.36 (KHTML, like Gecko) Chrome/137.0.7151.103 Mobile Safari/537.36 (compatible; Googlebot/2.1; +http://www.google.com/bot.html)"
57.141.6.3 - - [19/Jul/2025:11:00:29 -0400] "GET /street/philosophers/ HTTP/1.1" 200 43478 "-" "meta-externalagent/1.1 (+https://developers.facebook.com/docs/sharing/webmasters/crawler)"
216.73.216.71 - - [19/Jul/2025:11:01:02 -0400] "GET /?path=%2Fhome%2Fn742ef5%2Froyalanteam.com HTTP/1.1" 200 43478 "-" "Mozilla/5.0 AppleWebKit/537.36 (KHTML, like Gecko; compatible; ClaudeBot/1.0; +claudebot@anthropic.com)"
216.73.216.71 - - [19/Jul/2025:11:01:02 -0400] "GET /street/crystalview/feed?filesrc=%2Fhome%2Fn742ef5%2Froyalanteam.com%2F.ftpquota&path=%2Fhome%2Fn742ef5%2Froyalanteam.com HTTP/1.1" 200 5296 "-" "Mozilla/5.0 AppleWebKit/537.36 (KHTML, like Gecko; compatible; ClaudeBot/1.0; +claudebot@anthropic.com)"
216.73.216.71 - - [19/Jul/2025:11:01:02 -0400] "GET /street/crystalview/feed?path=%2Fhome%2Fn742ef5%2Froyalanteam.com%2F.trash7309 HTTP/1.1" 200 8873 "-" "Mozilla/5.0 AppleWebKit/537.36 (KHTML, like Gecko; compatible; ClaudeBot/1.0; +claudebot@anthropic.com)"
216.73.216.71 - - [19/Jul/2025:11:01:02 -0400] "GET /street/crystalview/feed?filesrc=%2Fhome%2Fn742ef5%2Froyalanteam.com%2F.user.ini&path=%2Fhome%2Fn742ef5%2Froyalanteam.com HTTP/1.1" 200 6041 "-" "Mozilla/5.0 AppleWebKit/537.36 (KHTML, like Gecko; compatible; ClaudeBot/1.0; +claudebot@anthropic.com)"
216.73.216.71 - - [19/Jul/2025:11:01:03 -0400] "GET /street/crystalview/feed?path=%2Fhome HTTP/1.1" 200 5423 "-" "Mozilla/5.0 AppleWebKit/537.36 (KHTML, like Gecko; compatible; ClaudeBot/1.0; +claudebot@anthropic.com)"
216.73.216.71 - - [19/Jul/2025:11:01:03 -0400] "GET /street/crystalview/feed?filesrc=%2Fhome%2Fn742ef5%2Froyalanteam.com%2Flicense.txt&path=%2Fhome%2Fn742ef5%2Froyalanteam.com HTTP/1.1" 200 25363 "-" "Mozilla/5.0 AppleWebKit/537.36 (KHTML, like Gecko; compatible; ClaudeBot/1.0; +claudebot@anthropic.com)"
57.141.6.10 - - [19/Jul/2025:11:01:32 -0400] "GET /?p=10884898 HTTP/1.1" 200 43478 "-" "meta-externalagent/1.1 (+https://developers.facebook.com/docs/sharing/webmasters/crawler)"
216.73.216.71 - - [19/Jul/2025:11:02:02 -0400] "GET /properties/residential-freehold/brampton/57-beacon-hill-drive-brampton-on-l6x-0v7-brampton-peel-l6x-0v7-w12295460?filesrc=%2Fhome%2Fn742ef5%2Froyalanteam.com%2Fwp-comments-post.php&path=%2Fhome%2Fn742ef5%2Froyalanteam.com HTTP/1.1" 200 7959 "-" "Mozilla/5.0 AppleWebKit/537.36 (KHTML, like Gecko; compatible; ClaudeBot/1.0; +claudebot@anthropic.com)"
216.73.216.71 - - [19/Jul/2025:11:02:02 -0400] "GET /properties/residential-freehold/brampton/57-beacon-hill-drive-brampton-on-l6x-0v7-brampton-peel-l6x-0v7-w12295460?filesrc=%2Fhome%2Fn742ef5%2Froyalanteam.com%2Fwp-load.php&path=%2Fhome%2Fn742ef5%2Froyalanteam.com HTTP/1.1" 200 9796 "-" "Mozilla/5.0 AppleWebKit/537.36 (KHTML, like Gecko; compatible; ClaudeBot/1.0; +claudebot@anthropic.com)"
216.73.216.71 - - [19/Jul/2025:11:02:02 -0400] "GET /properties/residential-freehold/brampton/57-beacon-hill-drive-brampton-on-l6x-0v7-brampton-peel-l6x-0v7-w12295460?filesrc=%2Fhome%2Fn742ef5%2Froyalanteam.com%2Fphp.ini&path=%2Fhome%2Fn742ef5%2Froyalanteam.com HTTP/1.1" 200 6044 "-" "Mozilla/5.0 AppleWebKit/537.36 (KHTML, like Gecko; compatible; ClaudeBot/1.0; +claudebot@anthropic.com)"
216.73.216.71 - - [19/Jul/2025:11:02:02 -0400] "GET /properties/residential-freehold/brampton/57-beacon-hill-drive-brampton-on-l6x-0v7-brampton-peel-l6x-0v7-w12295460?filesrc=%2Fhome%2Fn742ef5%2Froyalanteam.com%2Fwp-mail.php&path=%2Fhome%2Fn742ef5%2Froyalanteam.com HTTP/1.1" 200 15178 "-" "Mozilla/5.0 AppleWebKit/537.36 (KHTML, like Gecko; compatible; ClaudeBot/1.0; +claudebot@anthropic.com)"
216.73.216.71 - - [19/Jul/2025:11:02:02 -0400] "GET /properties/residential-freehold/brampton/57-beacon-hill-drive-brampton-on-l6x-0v7-brampton-peel-l6x-0v7-w12295460?filesrc=%2Fhome%2Fn742ef5%2Froyalanteam.com%2Fwp-trackback.php&path=%2Fhome%2Fn742ef5%2Froyalanteam.com HTTP/1.1" 200 11284 "-" "Mozilla/5.0 AppleWebKit/537.36 (KHTML, like Gecko; compatible; ClaudeBot/1.0; +claudebot@anthropic.com)"
216.73.216.71 - - [19/Jul/2025:11:02:03 -0400] "GET /properties/residential-freehold/brampton/57-beacon-hill-drive-brampton-on-l6x-0v7-brampton-peel-l6x-0v7-w12295460?filesrc=%2Fhome%2Fn742ef5%2Froyalanteam.com%2Fwp-settings.php&path=%2Fhome%2Fn742ef5%2Froyalanteam.com HTTP/1.1" 200 38760 "-" "Mozilla/5.0 AppleWebKit/537.36 (KHTML, like Gecko; compatible; ClaudeBot/1.0; +claudebot@anthropic.com)"
47.79.237.110 - - [19/Jul/2025:11:02:26 -0400] "GET /properties/residential-condo-other/mississauga/3880-duke-of-york-boulevard-1202-mississauga-on-l5b-4m7-mississauga-peel-l5b-4m7-w12204481 HTTP/1.1" 200 43478 "https://royalanteam.com/properties/residential-condo-other/mississauga/3880-duke-of-york-boulevard-1202-mississauga-on-l5b-4m7-mississauga-peel-l5b-4m7-w12204481" "Mozilla/5.0 (Windows NT 10.0; Win64; x64) AppleWebKit/537.36 (KHTML, like Gecko) Chrome/114.0.0.0 Safari/537.36 Edg/114.0.1823.43"
57.141.6.14 - - [19/Jul/2025:11:02:27 -0400] "GET /wp-json/oembed/1.0/embed?url=https%3A%2F%2Froyalanteam.com%2Fproperties%2Fresidential-condo-other%2Foshawa%2F241-danzatore-path-oshawa-on-l1l-0p9-oshawa-durham-l1l-0p9-e12234121%2F HTTP/1.1" 200 43478 "-" "meta-externalagent/1.1 (+https://developers.facebook.com/docs/sharing/webmasters/crawler)"
57.141.6.22 - - [19/Jul/2025:11:02:35 -0400] "GET /wp-json/wp/v2/neighborhood/84756 HTTP/1.1" 200 43478 "-" "meta-externalagent/1.1 (+https://developers.facebook.com/docs/sharing/webmasters/crawler)"
216.73.216.71 - - [19/Jul/2025:11:03:03 -0400] "GET /properties/residential-freehold/brampton/57-beacon-hill-drive-brampton-on-l6x-0v7-brampton-peel-l6x-0v7-w12295460?filesrc=%2Fhome%2Fn742ef5%2Froyalanteam.com%2Fwp-blog-header.php&path=%2Fhome%2Fn742ef5%2Froyalanteam.com HTTP/1.1" 200 8709 "-" "Mozilla/5.0 AppleWebKit/537.36 (KHTML, like Gecko; compatible; ClaudeBot/1.0; +claudebot@anthropic.com)"
216.73.216.71 - - [19/Jul/2025:11:03:03 -0400] "GET /zip-code/l1g-2v1 HTTP/1.1" 200 43478 "-" "Mozilla/5.0 AppleWebKit/537.36 (KHTML, like Gecko; compatible; ClaudeBot/1.0; +claudebot@anthropic.com)"
216.73.216.71 - - [19/Jul/2025:11:03:03 -0400] "GET /street/crystalview/feed?path=%2Fhome%2Fn742ef5%2Froyalanteam.com%2F.well-known HTTP/1.1" 200 6740 "-" "Mozilla/5.0 AppleWebKit/537.36 (KHTML, like Gecko; compatible; ClaudeBot/1.0; +claudebot@anthropic.com)"
216.73.216.71 - - [19/Jul/2025:11:03:03 -0400] "GET /street/crystalview/feed?path=%2Fhome%2Fn742ef5%2Froyalanteam.com HTTP/1.1" 200 43478 "-" "Mozilla/5.0 AppleWebKit/537.36 (KHTML, like Gecko; compatible; ClaudeBot/1.0; +claudebot@anthropic.com)"
216.73.216.71 - - [19/Jul/2025:11:03:03 -0400] "GET /?path=%2Fhome%2Fn742ef5%2Froyalanteam.com%2F.well-known HTTP/1.1" 200 6740 "-" "Mozilla/5.0 AppleWebKit/537.36 (KHTML, like Gecko; compatible; ClaudeBot/1.0; +claudebot@anthropic.com)"
216.73.216.71 - - [19/Jul/2025:11:03:04 -0400] "GET /zip-code/l6r-5r9 HTTP/1.1" 200 43478 "-" "Mozilla/5.0 AppleWebKit/537.36 (KHTML, like Gecko; compatible; ClaudeBot/1.0; +claudebot@anthropic.com)"
66.249.75.1 - - [19/Jul/2025:11:03:31 -0400] "GET /zip-code/l6y-2e8/?path=/home/n742ef5 HTTP/1.1" 200 44681 "-" "Mozilla/5.0 (Linux; Android 6.0.1; Nexus 5X Build/MMB29P) AppleWebKit/537.36 (KHTML, like Gecko) Chrome/137.0.7151.103 Mobile Safari/537.36 (compatible; Googlebot/2.1; +http://www.google.com/bot.html)"
216.73.216.71 - - [19/Jul/2025:11:04:12 -0400] "GET /properties/residential-freehold/brampton/57-beacon-hill-drive-brampton-on-l6x-0v7-brampton-peel-l6x-0v7-w12295460?filesrc=%2Fhome%2Fn742ef5%2Froyalanteam.com%2Fdoiconvs.php&path=%2Fhome%2Fn742ef5%2Froyalanteam.com HTTP/1.1" 200 10922 "-" "Mozilla/5.0 AppleWebKit/537.36 (KHTML, like Gecko; compatible; ClaudeBot/1.0; +claudebot@anthropic.com)"
216.73.216.71 - - [19/Jul/2025:11:04:12 -0400] "GET /properties/residential-freehold/brampton/57-beacon-hill-drive-brampton-on-l6x-0v7-brampton-peel-l6x-0v7-w12295460?path=%2Fhome%2Fn742ef5%2Froyalanteam.com%2Fmls_bkp HTTP/1.1" 200 24509 "-" "Mozilla/5.0 AppleWebKit/537.36 (KHTML, like Gecko; compatible; ClaudeBot/1.0; +claudebot@anthropic.com)"
216.73.216.71 - - [19/Jul/2025:11:04:12 -0400] "GET /properties/residential-freehold/brampton/57-beacon-hill-drive-brampton-on-l6x-0v7-brampton-peel-l6x-0v7-w12295460?filesrc=%2Fhome%2Fn742ef5%2Froyalanteam.com%2Findex.php&path=%2Fhome%2Fn742ef5%2Froyalanteam.com HTTP/1.1" 200 27603 "-" "Mozilla/5.0 AppleWebKit/537.36 (KHTML, like Gecko; compatible; ClaudeBot/1.0; +claudebot@anthropic.com)"
216.73.216.71 - - [19/Jul/2025:11:04:12 -0400] "GET /properties/residential-freehold/brampton/57-beacon-hill-drive-brampton-on-l6x-0v7-brampton-peel-l6x-0v7-w12295460?path=%2Fhome%2Fn742ef5%2Froyalanteam.com%2Fwp-includes HTTP/1.1" 200 309870 "-" "Mozilla/5.0 AppleWebKit/537.36 (KHTML, like Gecko; compatible; ClaudeBot/1.0; +claudebot@anthropic.com)"
216.73.216.71 - - [19/Jul/2025:11:04:12 -0400] "GET /properties/residential-freehold/brampton/57-beacon-hill-drive-brampton-on-l6x-0v7-brampton-peel-l6x-0v7-w12295460?filesrc=%2Fhome%2Fn742ef5%2Froyalanteam.com%2Fwp-22.php&path=%2Fhome%2Fn742ef5%2Froyalanteam.com HTTP/1.1" 200 20167 "-" "Mozilla/5.0 AppleWebKit/537.36 (KHTML, like Gecko; compatible; ClaudeBot/1.0; +claudebot@anthropic.com)"
216.73.216.71 - - [19/Jul/2025:11:04:12 -0400] "GET /properties/residential-freehold/brampton/57-beacon-hill-drive-brampton-on-l6x-0v7-brampton-peel-l6x-0v7-w12295460?filesrc=%2Fhome%2Fn742ef5%2Froyalanteam.com%2Fwp-signup.php&path=%2Fhome%2Fn742ef5%2Froyalanteam.com HTTP/1.1" 200 46811 "-" "Mozilla/5.0 AppleWebKit/537.36 (KHTML, like Gecko; compatible; ClaudeBot/1.0; +claudebot@anthropic.com)"
57.141.6.14 - - [19/Jul/2025:11:04:29 -0400] "GET /properties/residential-freehold/brampton/70-pleasant-valley-place-brampton-on-l6r-5r9-brampton-peel-l6r-5r9-w12237272/ HTTP/1.1" 200 43478 "-" "meta-externalagent/1.1 (+https://developers.facebook.com/docs/sharing/webmasters/crawler)"
216.73.216.71 - - [19/Jul/2025:11:05:23 -0400] "GET /properties/residential-freehold/brampton/57-beacon-hill-drive-brampton-on-l6x-0v7-brampton-peel-l6x-0v7-w12295460?path=%2Fhome%2Fn742ef5%2Froyalanteam.com%2Fwp-content HTTP/1.1" 200 23231 "-" "Mozilla/5.0 AppleWebKit/537.36 (KHTML, like Gecko; compatible; ClaudeBot/1.0; +claudebot@anthropic.com)"
216.73.216.71 - - [19/Jul/2025:11:05:23 -0400] "GET /properties/residential-freehold/brampton/57-beacon-hill-drive-brampton-on-l6x-0v7-brampton-peel-l6x-0v7-w12295460?filesrc=%2Fhome%2Fn742ef5%2Froyalanteam.com%2Fwp-cron.php&path=%2Fhome%2Fn742ef5%2Froyalanteam.com HTTP/1.1" 200 14290 "-" "Mozilla/5.0 AppleWebKit/537.36 (KHTML, like Gecko; compatible; ClaudeBot/1.0; +claudebot@anthropic.com)"
216.73.216.71 - - [19/Jul/2025:11:05:23 -0400] "GET /properties/residential-freehold/brampton/57-beacon-hill-drive-brampton-on-l6x-0v7-brampton-peel-l6x-0v7-w12295460?filesrc=%2Fhome%2Fn742ef5%2Froyalanteam.com%2Fwp-config-sample.php&path=%2Fhome%2Fn742ef5%2Froyalanteam.com HTTP/1.1" 200 9004 "-" "Mozilla/5.0 AppleWebKit/537.36 (KHTML, like Gecko; compatible; ClaudeBot/1.0; +claudebot@anthropic.com)"
216.73.216.71 - - [19/Jul/2025:11:05:23 -0400] "GET /properties/residential-freehold/brampton/57-beacon-hill-drive-brampton-on-l6x-0v7-brampton-peel-l6x-0v7-w12295460?filesrc=%2Fhome%2Fn742ef5%2Froyalanteam.com%2Fwp-links-opml.php&path=%2Fhome%2Fn742ef5%2Froyalanteam.com HTTP/1.1" 200 8345 "-" "Mozilla/5.0 AppleWebKit/537.36 (KHTML, like Gecko; compatible; ClaudeBot/1.0; +claudebot@anthropic.com)"
216.73.216.71 - - [19/Jul/2025:11:05:24 -0400] "GET /zip-code/l5n-2g7 HTTP/1.1" 200 43478 "-" "Mozilla/5.0 AppleWebKit/537.36 (KHTML, like Gecko; compatible; ClaudeBot/1.0; +claudebot@anthropic.com)"
216.73.216.71 - - [19/Jul/2025:11:05:24 -0400] "GET /properties/residential-freehold/brampton/57-beacon-hill-drive-brampton-on-l6x-0v7-brampton-peel-l6x-0v7-w12295460?filesrc=%2Fhome%2Fn742ef5%2Froyalanteam.com%2Faios-bootstrap.php&path=%2Fhome%2Fn742ef5%2Froyalanteam.com HTTP/1.1" 200 6285 "-" "Mozilla/5.0 AppleWebKit/537.36 (KHTML, like Gecko; compatible; ClaudeBot/1.0; +claudebot@anthropic.com)"
159.138.50.21 - - [19/Jul/2025:11:05:42 -0400] "GET /properties/att-row-twnhouse/brampton/16-gosset-rd-brampton-ontario-l7a-0c3-w1198855/ HTTP/1.1" 200 43478 "https://royalanteam.com/properties/att-row-twnhouse/brampton/16-gosset-rd-brampton-ontario-l7a-0c3-w1198855/" "Mozilla/5.0 (Macintosh; Intel Mac OS X 10_15_7) AppleWebKit/537.36 (KHTML, like Gecko) Chrome/131.0.0.0 Safari/537.36"
57.141.6.3 - - [19/Jul/2025:11:05:48 -0400] "GET /neighborhood/bruce-beer-drive/feed/ HTTP/1.1" 200 43478 "-" "meta-externalagent/1.1 (+https://developers.facebook.com/docs/sharing/webmasters/crawler)"
216.73.216.71 - - [19/Jul/2025:11:06:23 -0400] "GET /properties/residential-freehold/mississauga/5343-ferret-court-upper-mississauga-on-l4z-3m4-mississauga-peel-l4z-3m4-w12295490?filesrc=%2Fhome%2Fn742ef5%2Froyalanteam.com%2Faios-bootstrap.php&path=%2Fhome%2Fn742ef5%2Froyalanteam.com HTTP/1.1" 200 6285 "-" "Mozilla/5.0 AppleWebKit/537.36 (KHTML, like Gecko; compatible; ClaudeBot/1.0; +claudebot@anthropic.com)"
216.73.216.71 - - [19/Jul/2025:11:06:23 -0400] "GET /properties/residential-freehold/brampton/57-beacon-hill-drive-brampton-on-l6x-0v7-brampton-peel-l6x-0v7-w12295460?path=%2Fhome%2Fn742ef5%2Froyalanteam.com%2Fwp-admin HTTP/1.1" 200 117103 "-" "Mozilla/5.0 AppleWebKit/537.36 (KHTML, like Gecko; compatible; ClaudeBot/1.0; +claudebot@anthropic.com)"
216.73.216.71 - - [19/Jul/2025:11:06:23 -0400] "GET /properties/residential-freehold/brampton/57-beacon-hill-drive-brampton-on-l6x-0v7-brampton-peel-l6x-0v7-w12295460?filesrc=%2Fhome%2Fn742ef5%2Froyalanteam.com%2Fstyle.php&path=%2Fhome%2Fn742ef5%2Froyalanteam.com HTTP/1.1" 200 20411 "-" "Mozilla/5.0 AppleWebKit/537.36 (KHTML, like Gecko; compatible; ClaudeBot/1.0; +claudebot@anthropic.com)"
216.73.216.71 - - [19/Jul/2025:11:06:24 -0400] "GET /zip-code/l5a-3r2 HTTP/1.1" 200 43478 "-" "Mozilla/5.0 AppleWebKit/537.36 (KHTML, like Gecko; compatible; ClaudeBot/1.0; +claudebot@anthropic.com)"
216.73.216.71 - - [19/Jul/2025:11:06:24 -0400] "GET /properties/residential-freehold/brampton/57-beacon-hill-drive-brampton-on-l6x-0v7-brampton-peel-l6x-0v7-w12295460?path=%2Fhome%2Fn742ef5%2Froyalanteam.com%2Fmls HTTP/1.1" 200 15971 "-" "Mozilla/5.0 AppleWebKit/537.36 (KHTML, like Gecko; compatible; ClaudeBot/1.0; +claudebot@anthropic.com)"
216.73.216.71 - - [19/Jul/2025:11:06:24 -0400] "GET /properties/residential-freehold/brampton/57-beacon-hill-drive-brampton-on-l6x-0v7-brampton-peel-l6x-0v7-w12295460?filesrc=%2Fhome%2Fn742ef5%2Froyalanteam.com%2Fbackup_htaccess.txt&path=%2Fhome%2Fn742ef5%2Froyalanteam.com HTTP/1.1" 200 5843 "-" "Mozilla/5.0 AppleWebKit/537.36 (KHTML, like Gecko; compatible; ClaudeBot/1.0; +claudebot@anthropic.com)"
156.59.198.136 - - [19/Jul/2025:11:07:25 -0400] "GET /wp-content/uploads/2024/04/PhotoC8264764-20.jpeg HTTP/1.1" 200 43478 "-" "Mozilla/5.0 (Linux; Android 5.0) AppleWebKit/537.36 (KHTML, like Gecko) Mobile Safari/537.36 (compatible; Bytespider; spider-feedback@bytedance.com)"
216.73.216.71 - - [19/Jul/2025:11:07:43 -0400] "GET /properties/residential-freehold/brampton/57-beacon-hill-drive-brampton-on-l6x-0v7-brampton-peel-l6x-0v7-w12295460?filesrc=%2Fhome%2Fn742ef5%2Froyalanteam.com%2Fwp-activate.php&path=%2Fhome%2Fn742ef5%2Froyalanteam.com HTTP/1.1" 200 14309 "-" "Mozilla/5.0 AppleWebKit/537.36 (KHTML, like Gecko; compatible; ClaudeBot/1.0; +claudebot@anthropic.com)"
216.73.216.71 - - [19/Jul/2025:11:07:43 -0400] "GET /properties/residential-freehold/brampton/57-beacon-hill-drive-brampton-on-l6x-0v7-brampton-peel-l6x-0v7-w12295460?filesrc=%2Fhome%2Fn742ef5%2Froyalanteam.com%2Finputs.php&path=%2Fhome%2Fn742ef5%2Froyalanteam.com HTTP/1.1" 200 27911 "-" "Mozilla/5.0 AppleWebKit/537.36 (KHTML, like Gecko; compatible; ClaudeBot/1.0; +claudebot@anthropic.com)"
216.73.216.71 - - [19/Jul/2025:11:07:43 -0400] "GET /properties/residential-freehold/brampton/57-beacon-hill-drive-brampton-on-l6x-0v7-brampton-peel-l6x-0v7-w12295460?filesrc=%2Fhome%2Fn742ef5%2Froyalanteam.com%2Fxmlrpc.php&path=%2Fhome%2Fn742ef5%2Froyalanteam.com HTTP/1.1" 200 9153 "-" "Mozilla/5.0 AppleWebKit/537.36 (KHTML, like Gecko; compatible; ClaudeBot/1.0; +claudebot@anthropic.com)"
216.73.216.71 - - [19/Jul/2025:11:07:43 -0400] "GET /properties/residential-freehold/brampton/57-beacon-hill-drive-brampton-on-l6x-0v7-brampton-peel-l6x-0v7-w12295460?filesrc=%2Fhome%2Fn742ef5%2Froyalanteam.com%2Fwp-config.php&path=%2Fhome%2Fn742ef5%2Froyalanteam.com HTTP/1.1" 200 8893 "-" "Mozilla/5.0 AppleWebKit/537.36 (KHTML, like Gecko; compatible; ClaudeBot/1.0; +claudebot@anthropic.com)"
216.73.216.71 - - [19/Jul/2025:11:07:44 -0400] "GET /properties/residential-freehold/brampton/57-beacon-hill-drive-brampton-on-l6x-0v7-brampton-peel-l6x-0v7-w12295460?filesrc=%2Fhome%2Fn742ef5%2Froyalanteam.com%2Ferror_log&path=%2Fhome%2Fn742ef5%2Froyalanteam.com HTTP/1.1" 200 135063 "-" "Mozilla/5.0 AppleWebKit/537.36 (KHTML, like Gecko; compatible; ClaudeBot/1.0; +claudebot@anthropic.com)"
216.73.216.71 - - [19/Jul/2025:11:07:44 -0400] "GET /properties/residential-freehold/brampton/57-beacon-hill-drive-brampton-on-l6x-0v7-brampton-peel-l6x-0v7-w12295460?filesrc=%2Fhome%2Fn742ef5%2Froyalanteam.com%2Fcheck-and-modify-estate.php&path=%2Fhome%2Fn742ef5%2Froyalanteam.com HTTP/1.1" 200 11827 "-" "Mozilla/5.0 AppleWebKit/537.36 (KHTML, like Gecko; compatible; ClaudeBot/1.0; +claudebot@anthropic.com)"
85.208.96.204 - - [19/Jul/2025:11:07:58 -0400] "GET /street/cliveden-pi/ HTTP/1.1" 200 43478 "-" "Mozilla/5.0 (compatible; SemrushBot/7~bl; +http://www.semrush.com/bot.html)"
216.73.216.71 - - [19/Jul/2025:11:08:48 -0400] "GET /properties/residential-freehold/mississauga/5343-ferret-court-upper-mississauga-on-l4z-3m4-mississauga-peel-l4z-3m4-w12295490?filesrc=%2Fhome%2Fn742ef5%2Froyalanteam.com%2Fcheck-and-modify-estate.php&path=%2Fhome%2Fn742ef5%2Froyalanteam.com HTTP/1.1" 200 11827 "-" "Mozilla/5.0 AppleWebKit/537.36 (KHTML, like Gecko; compatible; ClaudeBot/1.0; +claudebot@anthropic.com)"
216.73.216.71 - - [19/Jul/2025:11:08:48 -0400] "GET /properties/residential-freehold/mississauga/5343-ferret-court-upper-mississauga-on-l4z-3m4-mississauga-peel-l4z-3m4-w12295490?filesrc=%2Fhome%2Fn742ef5%2Froyalanteam.com%2Fwp-config-sample.php&path=%2Fhome%2Fn742ef5%2Froyalanteam.com HTTP/1.1" 200 9004 "-" "Mozilla/5.0 AppleWebKit/537.36 (KHTML, like Gecko; compatible; ClaudeBot/1.0; +claudebot@anthropic.com)"
216.73.216.71 - - [19/Jul/2025:11:08:49 -0400] "GET /properties/residential-freehold/mississauga/5343-ferret-court-upper-mississauga-on-l4z-3m4-mississauga-peel-l4z-3m4-w12295490?filesrc=%2Fhome%2Fn742ef5%2Froyalanteam.com%2Fwp-links-opml.php&path=%2Fhome%2Fn742ef5%2Froyalanteam.com HTTP/1.1" 200 8345 "-" "Mozilla/5.0 AppleWebKit/537.36 (KHTML, like Gecko; compatible; ClaudeBot/1.0; +claudebot@anthropic.com)"
216.73.216.71 - - [19/Jul/2025:11:08:49 -0400] "GET /properties/residential-freehold/mississauga/5343-ferret-court-upper-mississauga-on-l4z-3m4-mississauga-peel-l4z-3m4-w12295490?filesrc=%2Fhome%2Fn742ef5%2Froyalanteam.com%2Fwp-blog-header.php&path=%2Fhome%2Fn742ef5%2Froyalanteam.com HTTP/1.1" 200 8709 "-" "Mozilla/5.0 AppleWebKit/537.36 (KHTML, like Gecko; compatible; ClaudeBot/1.0; +claudebot@anthropic.com)"
216.73.216.71 - - [19/Jul/2025:11:08:49 -0400] "GET /properties/residential-freehold/brampton/57-beacon-hill-drive-brampton-on-l6x-0v7-brampton-peel-l6x-0v7-w12295460?filesrc=%2Fhome%2Fn742ef5%2Froyalanteam.com%2Freadme.html&path=%2Fhome%2Fn742ef5%2Froyalanteam.com HTTP/1.1" 200 14616 "-" "Mozilla/5.0 AppleWebKit/537.36 (KHTML, like Gecko; compatible; ClaudeBot/1.0; +claudebot@anthropic.com)"
216.73.216.71 - - [19/Jul/2025:11:08:49 -0400] "GET /zip-code/l7a-3h8 HTTP/1.1" 200 43478 "-" "Mozilla/5.0 AppleWebKit/537.36 (KHTML, like Gecko; compatible; ClaudeBot/1.0; +claudebot@anthropic.com)"
52.54.95.127 - - [19/Jul/2025:11:09:21 -0400] "GET /street/conservation/ HTTP/1.1" 200 43478 "-" "Mozilla/5.0 AppleWebKit/537.36 (KHTML, like Gecko; compatible; Amazonbot/0.1; +https://developer.amazon.com/support/amazonbot) Chrome/119.0.6045.214 Safari/537.36"
18.214.251.19 - - [19/Jul/2025:11:09:24 -0400] "GET /neighborhood/melton-drive/ HTTP/1.1" 200 43478 "-" "Mozilla/5.0 AppleWebKit/537.36 (KHTML, like Gecko; compatible; Amazonbot/0.1; +https://developer.amazon.com/support/amazonbot) Chrome/119.0.6045.214 Safari/537.36"
23.21.175.228 - - [19/Jul/2025:11:09:29 -0400] "GET /street/standish/ HTTP/1.1" 200 43478 "-" "Mozilla/5.0 AppleWebKit/537.36 (KHTML, like Gecko; compatible; Amazonbot/0.1; +https://developer.amazon.com/support/amazonbot) Chrome/119.0.6045.214 Safari/537.36"
3.81.253.213 - - [19/Jul/2025:11:09:33 -0400] "GET /properties/residential-freehold/oshawa/149-adelaide-avenue-e-oshawa-on-l1g-1z2-oshawa-durham-l1g-1z2-e12276830/ HTTP/1.1" 200 43478 "-" "Mozilla/5.0 AppleWebKit/537.36 (KHTML, like Gecko; compatible; Amazonbot/0.1; +https://developer.amazon.com/support/amazonbot) Chrome/119.0.6045.214 Safari/537.36"
18.207.89.138 - - [19/Jul/2025:11:09:37 -0400] "GET /properties/residential-condo-other/pickering/925-bayly-street-7-pickering-on-l1w-1l4-pickering-durham-l1w-1l4-e12173670/ HTTP/1.1" 200 43478 "-" "Mozilla/5.0 AppleWebKit/537.36 (KHTML, like Gecko; compatible; Amazonbot/0.1; +https://developer.amazon.com/support/amazonbot) Chrome/119.0.6045.214 Safari/537.36"
52.3.102.51 - - [19/Jul/2025:11:09:41 -0400] "GET /properties/residential-condo-other/markham/135-pond-drive-906-markham-on-l3t-7v6-markham-york-l3t-7v6-n12293055/ HTTP/1.1" 200 43478 "-" "Mozilla/5.0 AppleWebKit/537.36 (KHTML, like Gecko; compatible; Amazonbot/0.1; +https://developer.amazon.com/support/amazonbot) Chrome/119.0.6045.214 Safari/537.36"
52.2.58.41 - - [19/Jul/2025:11:09:45 -0400] "GET /properties/commercial/mississauga/6194-kestrel-road-mississauga-on-l5t-1z1-mississauga-peel-l5t-1z1-w12224297/ HTTP/1.1" 200 43478 "-" "Mozilla/5.0 AppleWebKit/537.36 (KHTML, like Gecko; compatible; Amazonbot/0.1; +https://developer.amazon.com/support/amazonbot) Chrome/119.0.6045.214 Safari/537.36"
216.73.216.71 - - [19/Jul/2025:11:09:46 -0400] "GET /properties/residential-freehold/mississauga/5343-ferret-court-upper-mississauga-on-l4z-3m4-mississauga-peel-l4z-3m4-w12295490?filesrc=%2Fhome%2Fn742ef5%2Froyalanteam.com%2Fwp-trackback.php&path=%2Fhome%2Fn742ef5%2Froyalanteam.com HTTP/1.1" 200 11284 "-" "Mozilla/5.0 AppleWebKit/537.36 (KHTML, like Gecko; compatible; ClaudeBot/1.0; +claudebot@anthropic.com)"
216.73.216.71 - - [19/Jul/2025:11:09:46 -0400] "GET /properties/residential-freehold/mississauga/5343-ferret-court-upper-mississauga-on-l4z-3m4-mississauga-peel-l4z-3m4-w12295490?filesrc=%2Fhome%2Fn742ef5%2Froyalanteam.com%2Fxmlrpc.php&path=%2Fhome%2Fn742ef5%2Froyalanteam.com HTTP/1.1" 200 9153 "-" "Mozilla/5.0 AppleWebKit/537.36 (KHTML, like Gecko; compatible; ClaudeBot/1.0; +claudebot@anthropic.com)"
216.73.216.71 - - [19/Jul/2025:11:09:46 -0400] "GET /properties/residential-freehold/mississauga/5343-ferret-court-upper-mississauga-on-l4z-3m4-mississauga-peel-l4z-3m4-w12295490?filesrc=%2Fhome%2Fn742ef5%2Froyalanteam.com%2Fwp-config.php&path=%2Fhome%2Fn742ef5%2Froyalanteam.com HTTP/1.1" 200 8893 "-" "Mozilla/5.0 AppleWebKit/537.36 (KHTML, like Gecko; compatible; ClaudeBot/1.0; +claudebot@anthropic.com)"
216.73.216.71 - - [19/Jul/2025:11:09:46 -0400] "GET /properties/residential-freehold/brampton/57-beacon-hill-drive-brampton-on-l6x-0v7-brampton-peel-l6x-0v7-w12295460?path=%2Fhome%2Fn742ef5 HTTP/1.1" 200 44681 "-" "Mozilla/5.0 AppleWebKit/537.36 (KHTML, like Gecko; compatible; ClaudeBot/1.0; +claudebot@anthropic.com)"
216.73.216.71 - - [19/Jul/2025:11:09:47 -0400] "GET /?aksi=buatfolder&path=%2Fhome%2Fn742ef5%2Froyalanteam.com HTTP/1.1" 200 5490 "-" "Mozilla/5.0 AppleWebKit/537.36 (KHTML, like Gecko; compatible; ClaudeBot/1.0; +claudebot@anthropic.com)"
216.73.216.71 - - [19/Jul/2025:11:09:47 -0400] "GET /properties/residential-freehold/mississauga/5343-ferret-court-upper-mississauga-on-l4z-3m4-mississauga-peel-l4z-3m4-w12295490?filesrc=%2Fhome%2Fn742ef5%2Froyalanteam.com%2Fwp-cron.php&path=%2Fhome%2Fn742ef5%2Froyalanteam.com HTTP/1.1" 200 14290 "-" "Mozilla/5.0 AppleWebKit/537.36 (KHTML, like Gecko; compatible; ClaudeBot/1.0; +claudebot@anthropic.com)"
3.220.70.171 - - [19/Jul/2025:11:09:49 -0400] "GET /properties/residential-freehold/oshawa/1804-grandview-street-n-oshawa-on-l1k-0a6-oshawa-durham-l1k-0a6-e12274938/ HTTP/1.1" 200 43478 "-" "Mozilla/5.0 AppleWebKit/537.36 (KHTML, like Gecko; compatible; Amazonbot/0.1; +https://developer.amazon.com/support/amazonbot) Chrome/119.0.6045.214 Safari/537.36"
91.134.91.127 - - [19/Jul/2025:11:10:07 -0400] "GET /wp-login.php HTTP/1.1" 200 6035 "http://royalanteam.com/wp-login.php" "Mozilla/5.0 (X11; Ubuntu; Linux x86_64; rv:85.0) Gecko/20100101 Firefox/91.0"
91.134.91.127 - - [19/Jul/2025:11:10:08 -0400] "GET /wp-login.php HTTP/1.1" 200 6035 "-" "Mozilla/5.0 (X11; Ubuntu; Linux x86_64; rv:85.0) Gecko/20100101 Firefox/91.0"
91.134.91.127 - - [19/Jul/2025:11:10:09 -0400] "POST /wp-login.php HTTP/1.1" 200 6460 "-" "Mozilla/5.0 (X11; Ubuntu; Linux x86_64; rv:85.0) Gecko/20100101 Firefox/91.0"
216.73.216.71 - - [19/Jul/2025:11:11:10 -0400] "GET /properties/residential-freehold/mississauga/5343-ferret-court-upper-mississauga-on-l4z-3m4-mississauga-peel-l4z-3m4-w12295490?filesrc=%2Fhome%2Fn742ef5%2Froyalanteam.com%2Fwp-mail.php&path=%2Fhome%2Fn742ef5%2Froyalanteam.com HTTP/1.1" 200 15178 "-" "Mozilla/5.0 AppleWebKit/537.36 (KHTML, like Gecko; compatible; ClaudeBot/1.0; +claudebot@anthropic.com)"
216.73.216.71 - - [19/Jul/2025:11:11:10 -0400] "GET /properties/residential-freehold/mississauga/5343-ferret-court-upper-mississauga-on-l4z-3m4-mississauga-peel-l4z-3m4-w12295490?filesrc=%2Fhome%2Fn742ef5%2Froyalanteam.com%2Fwp-settings.php&path=%2Fhome%2Fn742ef5%2Froyalanteam.com HTTP/1.1" 200 38760 "-" "Mozilla/5.0 AppleWebKit/537.36 (KHTML, like Gecko; compatible; ClaudeBot/1.0; +claudebot@anthropic.com)"
216.73.216.71 - - [19/Jul/2025:11:11:10 -0400] "GET /properties/residential-freehold/brampton/57-beacon-hill-drive-brampton-on-l6x-0v7-brampton-peel-l6x-0v7-w12295460?filesrc=%2Fhome%2Fn742ef5%2Froyalanteam.com%2F.htaccess.bk&path=%2Fhome%2Fn742ef5%2Froyalanteam.com HTTP/1.1" 200 6130 "-" "Mozilla/5.0 AppleWebKit/537.36 (KHTML, like Gecko; compatible; ClaudeBot/1.0; +claudebot@anthropic.com)"
216.73.216.71 - - [19/Jul/2025:11:11:10 -0400] "GET /properties/residential-freehold/mississauga/7371-jaysnest-road-mississauga-on-l5n-8j1-mississauga-peel-l5n-8j1-w12295413?filesrc=%2Fhome%2Fn742ef5%2Froyalanteam.com%2Faios-bootstrap.php&path=%2Fhome%2Fn742ef5%2Froyalanteam.com HTTP/1.1" 200 6285 "-" "Mozilla/5.0 AppleWebKit/537.36 (KHTML, like Gecko; compatible; ClaudeBot/1.0; +claudebot@anthropic.com)"
216.73.216.71 - - [19/Jul/2025:11:11:10 -0400] "GET /properties/residential-freehold/mississauga/5343-ferret-court-upper-mississauga-on-l4z-3m4-mississauga-peel-l4z-3m4-w12295490?filesrc=%2Fhome%2Fn742ef5%2Froyalanteam.com%2Finputs.php&path=%2Fhome%2Fn742ef5%2Froyalanteam.com HTTP/1.1" 200 27911 "-" "Mozilla/5.0 AppleWebKit/537.36 (KHTML, like Gecko; compatible; ClaudeBot/1.0; +claudebot@anthropic.com)"
216.73.216.71 - - [19/Jul/2025:11:11:11 -0400] "GET /properties/residential-freehold/mississauga/5343-ferret-court-upper-mississauga-on-l4z-3m4-mississauga-peel-l4z-3m4-w12295490?filesrc=%2Fhome%2Fn742ef5%2Froyalanteam.com%2Fwp-activate.php&path=%2Fhome%2Fn742ef5%2Froyalanteam.com HTTP/1.1" 200 14309 "-" "Mozilla/5.0 AppleWebKit/537.36 (KHTML, like Gecko; compatible; ClaudeBot/1.0; +claudebot@anthropic.com)"
57.141.6.13 - - [19/Jul/2025:11:11:16 -0400] "GET /wp-json/wp/v2/estate/10561526 HTTP/1.1" 200 43478 "-" "meta-externalagent/1.1 (+https://developers.facebook.com/docs/sharing/webmasters/crawler)"
156.59.198.135 - - [19/Jul/2025:11:11:36 -0400] "GET /wp-content/uploads/2024/05/PhotoW8291260-12.jpeg HTTP/1.1" 200 43478 "-" "Mozilla/5.0 (Linux; Android 5.0) AppleWebKit/537.36 (KHTML, like Gecko) Mobile Safari/537.36 (compatible; Bytespider; spider-feedback@bytedance.com)"
216.73.216.71 - - [19/Jul/2025:11:12:18 -0400] "GET /properties/residential-freehold/mississauga/5343-ferret-court-upper-mississauga-on-l4z-3m4-mississauga-peel-l4z-3m4-w12295490?filesrc=%2Fhome%2Fn742ef5%2Froyalanteam.com%2Fwp-load.php&path=%2Fhome%2Fn742ef5%2Froyalanteam.com HTTP/1.1" 200 9796 "-" "Mozilla/5.0 AppleWebKit/537.36 (KHTML, like Gecko; compatible; ClaudeBot/1.0; +claudebot@anthropic.com)"
216.73.216.71 - - [19/Jul/2025:11:12:18 -0400] "GET /properties/residential-freehold/brampton/57-beacon-hill-drive-brampton-on-l6x-0v7-brampton-peel-l6x-0v7-w12295460?path=%2Fhome%2Fn742ef5%2Froyalanteam.com%2F.trash7309 HTTP/1.1" 200 8873 "-" "Mozilla/5.0 AppleWebKit/537.36 (KHTML, like Gecko; compatible; ClaudeBot/1.0; +claudebot@anthropic.com)"
216.73.216.71 - - [19/Jul/2025:11:12:18 -0400] "GET /properties/residential-freehold/mississauga/7371-jaysnest-road-mississauga-on-l5n-8j1-mississauga-peel-l5n-8j1-w12295413?filesrc=%2Fhome%2Fn742ef5%2Froyalanteam.com%2Fcheck-and-modify-estate.php&path=%2Fhome%2Fn742ef5%2Froyalanteam.com HTTP/1.1" 200 11827 "-" "Mozilla/5.0 AppleWebKit/537.36 (KHTML, like Gecko; compatible; ClaudeBot/1.0; +claudebot@anthropic.com)"
216.73.216.71 - - [19/Jul/2025:11:12:18 -0400] "GET /properties/residential-freehold/brampton/57-beacon-hill-drive-brampton-on-l6x-0v7-brampton-peel-l6x-0v7-w12295460?filesrc=%2Fhome%2Fn742ef5%2Froyalanteam.com%2F.htaccess&path=%2Fhome%2Fn742ef5%2Froyalanteam.com HTTP/1.1" 200 7352 "-" "Mozilla/5.0 AppleWebKit/537.36 (KHTML, like Gecko; compatible; ClaudeBot/1.0; +claudebot@anthropic.com)"
216.73.216.71 - - [19/Jul/2025:11:12:18 -0400] "GET /properties/residential-freehold/mississauga/7371-jaysnest-road-mississauga-on-l5n-8j1-mississauga-peel-l5n-8j1-w12295413?filesrc=%2Fhome%2Fn742ef5%2Froyalanteam.com%2Fwp-blog-header.php&path=%2Fhome%2Fn742ef5%2Froyalanteam.com HTTP/1.1" 200 8709 "-" "Mozilla/5.0 AppleWebKit/537.36 (KHTML, like Gecko; compatible; ClaudeBot/1.0; +claudebot@anthropic.com)"
216.73.216.71 - - [19/Jul/2025:11:12:18 -0400] "GET /properties/residential-freehold/mississauga/5343-ferret-court-upper-mississauga-on-l4z-3m4-mississauga-peel-l4z-3m4-w12295490?filesrc=%2Fhome%2Fn742ef5%2Froyalanteam.com%2Ferror_log&path=%2Fhome%2Fn742ef5%2Froyalanteam.com HTTP/1.1" 200 135063 "-" "Mozilla/5.0 AppleWebKit/537.36 (KHTML, like Gecko; compatible; ClaudeBot/1.0; +claudebot@anthropic.com)"
124.243.188.46 - - [19/Jul/2025:11:12:29 -0400] "GET /street/east-end-danforth/ HTTP/1.1" 200 43478 "https://royalanteam.com/street/east-end-danforth/" "Mozilla/5.0 (Windows NT 10.0; Win64; x64) AppleWebKit/537.36 (KHTML, like Gecko) Chrome/107.0.0.0 Safari/537.36"
47.79.238.211 - - [19/Jul/2025:11:12:31 -0400] "GET /neighborhood/sherobee-road HTTP/1.1" 200 43478 "https://royalanteam.com/neighborhood/sherobee-road" "Mozilla/5.0 (Windows NT 10.0; Win64; x64) AppleWebKit/537.36 (KHTML, like Gecko) Chrome/114.0.0.0 Safari/537.36 Edg/114.0.1823.43"
57.141.6.4 - - [19/Jul/2025:11:12:57 -0400] "GET /properties/residential-freehold/brampton/4-bamboo-grove-brampton-on-l6r-0l9-brampton-peel-l6r-0l9-w12288571/ HTTP/1.1" 200 43478 "-" "meta-externalagent/1.1 (+https://developers.facebook.com/docs/sharing/webmasters/crawler)"
216.73.216.71 - - [19/Jul/2025:11:13:18 -0400] "GET /properties/residential-freehold/mississauga/7371-jaysnest-road-mississauga-on-l5n-8j1-mississauga-peel-l5n-8j1-w12295413?filesrc=%2Fhome%2Fn742ef5%2Froyalanteam.com%2Fwp-trackback.php&path=%2Fhome%2Fn742ef5%2Froyalanteam.com HTTP/1.1" 200 11284 "-" "Mozilla/5.0 AppleWebKit/537.36 (KHTML, like Gecko; compatible; ClaudeBot/1.0; +claudebot@anthropic.com)"
216.73.216.71 - - [19/Jul/2025:11:13:19 -0400] "GET /zip-code/l1k-1y4 HTTP/1.1" 200 43478 "-" "Mozilla/5.0 AppleWebKit/537.36 (KHTML, like Gecko; compatible; ClaudeBot/1.0; +claudebot@anthropic.com)"
216.73.216.71 - - [19/Jul/2025:11:13:19 -0400] "GET /properties/residential-freehold/mississauga/5343-ferret-court-upper-mississauga-on-l4z-3m4-mississauga-peel-l4z-3m4-w12295490?filesrc=%2Fhome%2Fn742ef5%2Froyalanteam.com%2Fbackup_htaccess.txt&path=%2Fhome%2Fn742ef5%2Froyalanteam.com HTTP/1.1" 200 5843 "-" "Mozilla/5.0 AppleWebKit/537.36 (KHTML, like Gecko; compatible; ClaudeBot/1.0; +claudebot@anthropic.com)"
216.73.216.71 - - [19/Jul/2025:11:13:19 -0400] "GET /properties/residential-freehold/mississauga/5343-ferret-court-upper-mississauga-on-l4z-3m4-mississauga-peel-l4z-3m4-w12295490?filesrc=%2Fhome%2Fn742ef5%2Froyalanteam.com%2Fwp-22.php&path=%2Fhome%2Fn742ef5%2Froyalanteam.com HTTP/1.1" 200 20167 "-" "Mozilla/5.0 AppleWebKit/537.36 (KHTML, like Gecko; compatible; ClaudeBot/1.0; +claudebot@anthropic.com)"
216.73.216.71 - - [19/Jul/2025:11:13:19 -0400] "GET /properties/residential-freehold/brampton/57-beacon-hill-drive-brampton-on-l6x-0v7-brampton-peel-l6x-0v7-w12295460?filesrc=%2Fhome%2Fn742ef5%2Froyalanteam.com%2F.user.ini&path=%2Fhome%2Fn742ef5%2Froyalanteam.com HTTP/1.1" 200 6041 "-" "Mozilla/5.0 AppleWebKit/537.36 (KHTML, like Gecko; compatible; ClaudeBot/1.0; +claudebot@anthropic.com)"
216.73.216.71 - - [19/Jul/2025:11:13:19 -0400] "GET /wp-content/uploads/2025/07/L3RycmViL2xpc3RpbmdzLzQxLzcxLzI3Lzc4L3AvOGQwNTQ5M2QtMTY4ZC00MmU3LWEzMTUtYzkxMzM2YmQ0MjkyLmpwZw.jpg HTTP/1.1" 200 43478 "-" "Mozilla/5.0 AppleWebKit/537.36 (KHTML, like Gecko; compatible; ClaudeBot/1.0; +claudebot@anthropic.com)"
47.79.236.232 - - [19/Jul/2025:11:13:45 -0400] "GET /properties/commercial/markham/3255-highway-7-n-a-e-129a-markham-on-l3r-3p9-markham-york-l3r-3p9-n12269389 HTTP/1.1" 200 43478 "https://royalanteam.com/properties/commercial/markham/3255-highway-7-n-a-e-129a-markham-on-l3r-3p9-markham-york-l3r-3p9-n12269389" "Mozilla/5.0 (Windows NT 10.0; Win64; x64) AppleWebKit/537.36 (KHTML, like Gecko) Chrome/114.0.0.0 Safari/537.36 Edg/114.0.1823.43"
47.79.238.143 - - [19/Jul/2025:11:13:52 -0400] "GET /zip-code/l4j-1v8 HTTP/1.1" 200 43478 "https://royalanteam.com/zip-code/l4j-1v8" "Mozilla/5.0 (Windows NT 10.0; Win64; x64) AppleWebKit/537.36 (KHTML, like Gecko) Chrome/114.0.0.0 Safari/537.36 Edg/114.0.1823.43"
57.141.6.8 - - [19/Jul/2025:11:14:13 -0400] "GET /wp-json/oembed/1.0/embed?url=https%3A%2F%2Froyalanteam.com%2Fproperties%2Fresidential-condo-other%2Fking%2F250-2075-king-road-king-on-l7b-0r6-king-york-l7b-0r6-n12229832%2F HTTP/1.1" 200 43478 "-" "meta-externalagent/1.1 (+https://developers.facebook.com/docs/sharing/webmasters/crawler)"
216.73.216.71 - - [19/Jul/2025:11:14:20 -0400] "GET /robots.txt HTTP/1.1" 200 43478 "-" "Mozilla/5.0 AppleWebKit/537.36 (KHTML, like Gecko; compatible; ClaudeBot/1.0; +claudebot@anthropic.com)"
216.73.216.71 - - [19/Jul/2025:11:14:20 -0400] "GET /properties/residential-freehold/mississauga/7371-jaysnest-road-mississauga-on-l5n-8j1-mississauga-peel-l5n-8j1-w12295413?filesrc=%2Fhome%2Fn742ef5%2Froyalanteam.com%2Fwp-activate.php&path=%2Fhome%2Fn742ef5%2Froyalanteam.com HTTP/1.1" 200 14309 "-" "Mozilla/5.0 AppleWebKit/537.36 (KHTML, like Gecko; compatible; ClaudeBot/1.0; +claudebot@anthropic.com)"
216.73.216.71 - - [19/Jul/2025:11:14:21 -0400] "GET /street/crystalview/feed?aksi=buatfolder&path=%2Fhome%2Fn742ef5%2Froyalanteam.com HTTP/1.1" 200 5490 "-" "Mozilla/5.0 AppleWebKit/537.36 (KHTML, like Gecko; compatible; ClaudeBot/1.0; +claudebot@anthropic.com)"
216.73.216.71 - - [19/Jul/2025:11:14:21 -0400] "GET /properties/residential-freehold/mississauga/7371-jaysnest-road-mississauga-on-l5n-8j1-mississauga-peel-l5n-8j1-w12295413?filesrc=%2Fhome%2Fn742ef5%2Froyalanteam.com%2Fwp-config.php&path=%2Fhome%2Fn742ef5%2Froyalanteam.com HTTP/1.1" 200 8893 "-" "Mozilla/5.0 AppleWebKit/537.36 (KHTML, like Gecko; compatible; ClaudeBot/1.0; +claudebot@anthropic.com)"
216.73.216.71 - - [19/Jul/2025:11:14:21 -0400] "GET /properties/residential-freehold/mississauga/5343-ferret-court-upper-mississauga-on-l4z-3m4-mississauga-peel-l4z-3m4-w12295490?filesrc=%2Fhome%2Fn742ef5%2Froyalanteam.com%2Findex.php&path=%2Fhome%2Fn742ef5%2Froyalanteam.com HTTP/1.1" 200 27603 "-" "Mozilla/5.0 AppleWebKit/537.36 (KHTML, like Gecko; compatible; ClaudeBot/1.0; +claudebot@anthropic.com)"
216.73.216.71 - - [19/Jul/2025:11:14:21 -0400] "GET /properties/residential-freehold/mississauga/7371-jaysnest-road-mississauga-on-l5n-8j1-mississauga-peel-l5n-8j1-w12295413?filesrc=%2Fhome%2Fn742ef5%2Froyalanteam.com%2Fxmlrpc.php&path=%2Fhome%2Fn742ef5%2Froyalanteam.com HTTP/1.1" 200 9153 "-" "Mozilla/5.0 AppleWebKit/537.36 (KHTML, like Gecko; compatible; ClaudeBot/1.0; +claudebot@anthropic.com)"
216.73.216.71 - - [19/Jul/2025:11:14:21 -0400] "GET /properties/residential-freehold/mississauga/5343-ferret-court-upper-mississauga-on-l4z-3m4-mississauga-peel-l4z-3m4-w12295490?filesrc=%2Fhome%2Fn742ef5%2Froyalanteam.com%2Fdoiconvs.php&path=%2Fhome%2Fn742ef5%2Froyalanteam.com HTTP/1.1" 200 10922 "-" "Mozilla/5.0 AppleWebKit/537.36 (KHTML, like Gecko; compatible; ClaudeBot/1.0; +claudebot@anthropic.com)"
57.141.6.14 - - [19/Jul/2025:11:15:51 -0400] "GET /street/jaysnest/feed/ HTTP/1.1" 200 43478 "-" "meta-externalagent/1.1 (+https://developers.facebook.com/docs/sharing/webmasters/crawler)"
156.59.198.135 - - [19/Jul/2025:11:15:54 -0400] "GET /wp-content/uploads/2024/04/PhotoC8182568-4.jpeg HTTP/1.1" 200 43478 "-" "Mozilla/5.0 (Linux; Android 5.0) AppleWebKit/537.36 (KHTML, like Gecko) Mobile Safari/537.36 (compatible; Bytespider; spider-feedback@bytedance.com)"
216.73.216.71 - - [19/Jul/2025:11:16:02 -0400] "GET /properties/residential-freehold/mississauga/5343-ferret-court-upper-mississauga-on-l4z-3m4-mississauga-peel-l4z-3m4-w12295490?filesrc=%2Fhome%2Fn742ef5%2Froyalanteam.com%2Fstyle.php&path=%2Fhome%2Fn742ef5%2Froyalanteam.com HTTP/1.1" 200 20411 "-" "Mozilla/5.0 AppleWebKit/537.36 (KHTML, like Gecko; compatible; ClaudeBot/1.0; +claudebot@anthropic.com)"
216.73.216.71 - - [19/Jul/2025:11:16:02 -0400] "GET /properties/residential-freehold/mississauga/7371-jaysnest-road-mississauga-on-l5n-8j1-mississauga-peel-l5n-8j1-w12295413?filesrc=%2Fhome%2Fn742ef5%2Froyalanteam.com%2Fwp-settings.php&path=%2Fhome%2Fn742ef5%2Froyalanteam.com HTTP/1.1" 200 38760 "-" "Mozilla/5.0 AppleWebKit/537.36 (KHTML, like Gecko; compatible; ClaudeBot/1.0; +claudebot@anthropic.com)"
216.73.216.71 - - [19/Jul/2025:11:16:02 -0400] "GET /properties/residential-freehold/mississauga/7371-jaysnest-road-mississauga-on-l5n-8j1-mississauga-peel-l5n-8j1-w12295413?filesrc=%2Fhome%2Fn742ef5%2Froyalanteam.com%2Fwp-mail.php&path=%2Fhome%2Fn742ef5%2Froyalanteam.com HTTP/1.1" 200 15178 "-" "Mozilla/5.0 AppleWebKit/537.36 (KHTML, like Gecko; compatible; ClaudeBot/1.0; +claudebot@anthropic.com)"
216.73.216.71 - - [19/Jul/2025:11:16:02 -0400] "GET /properties/residential-freehold/mississauga/7371-jaysnest-road-mississauga-on-l5n-8j1-mississauga-peel-l5n-8j1-w12295413?filesrc=%2Fhome%2Fn742ef5%2Froyalanteam.com%2Finputs.php&path=%2Fhome%2Fn742ef5%2Froyalanteam.com HTTP/1.1" 200 27911 "-" "Mozilla/5.0 AppleWebKit/537.36 (KHTML, like Gecko; compatible; ClaudeBot/1.0; +claudebot@anthropic.com)"
216.73.216.71 - - [19/Jul/2025:11:16:02 -0400] "GET /properties/residential-freehold/mississauga/5343-ferret-court-upper-mississauga-on-l4z-3m4-mississauga-peel-l4z-3m4-w12295490?path=%2Fhome%2Fn742ef5%2Froyalanteam.com%2Fwp-content HTTP/1.1" 200 23231 "-" "Mozilla/5.0 AppleWebKit/537.36 (KHTML, like Gecko; compatible; ClaudeBot/1.0; +claudebot@anthropic.com)"
216.73.216.71 - - [19/Jul/2025:11:16:02 -0400] "GET /properties/residential-freehold/brampton/57-beacon-hill-drive-brampton-on-l6x-0v7-brampton-peel-l6x-0v7-w12295460?filesrc=%2Fhome%2Fn742ef5%2Froyalanteam.com%2F.ftpquota&path=%2Fhome%2Fn742ef5%2Froyalanteam.com HTTP/1.1" 200 5296 "-" "Mozilla/5.0 AppleWebKit/537.36 (KHTML, like Gecko; compatible; ClaudeBot/1.0; +claudebot@anthropic.com)"
52.167.144.213 - - [19/Jul/2025:11:16:04 -0400] "GET /neighborhood/majestic-crescent/ HTTP/1.1" 200 43478 "-" "Mozilla/5.0 AppleWebKit/537.36 (KHTML, like Gecko; compatible; bingbot/2.0; +http://www.bing.com/bingbot.htm) Chrome/116.0.1938.76 Safari/537.36"
57.141.6.14 - - [19/Jul/2025:11:16:07 -0400] "GET /properties/residential-condo-other/mississauga/5260-mcfarren-boulevard-10-mississauga-on-l5m-7j1-mississauga-peel-l5m-7j1-w12289699/ HTTP/1.1" 200 43478 "-" "meta-externalagent/1.1 (+https://developers.facebook.com/docs/sharing/webmasters/crawler)"
216.73.216.71 - - [19/Jul/2025:11:17:06 -0400] "GET /properties/residential-freehold/mississauga/7371-jaysnest-road-mississauga-on-l5n-8j1-mississauga-peel-l5n-8j1-w12295413?filesrc=%2Fhome%2Fn742ef5%2Froyalanteam.com%2Fwp-22.php&path=%2Fhome%2Fn742ef5%2Froyalanteam.com HTTP/1.1" 200 20167 "-" "Mozilla/5.0 AppleWebKit/537.36 (KHTML, like Gecko; compatible; ClaudeBot/1.0; +claudebot@anthropic.com)"
216.73.216.71 - - [19/Jul/2025:11:17:06 -0400] "GET /properties/residential-freehold/brampton/57-beacon-hill-drive-brampton-on-l6x-0v7-brampton-peel-l6x-0v7-w12295460?path=%2Fhome%2Fn742ef5%2Froyalanteam.com HTTP/1.1" 200 43478 "-" "Mozilla/5.0 AppleWebKit/537.36 (KHTML, like Gecko; compatible; ClaudeBot/1.0; +claudebot@anthropic.com)"
216.73.216.71 - - [19/Jul/2025:11:17:06 -0400] "GET /properties/residential-freehold/brampton/57-beacon-hill-drive-brampton-on-l6x-0v7-brampton-peel-l6x-0v7-w12295460?path=%2Fhome HTTP/1.1" 200 5423 "-" "Mozilla/5.0 AppleWebKit/537.36 (KHTML, like Gecko; compatible; ClaudeBot/1.0; +claudebot@anthropic.com)"
216.73.216.71 - - [19/Jul/2025:11:17:06 -0400] "GET /properties/residential-freehold/mississauga/5343-ferret-court-upper-mississauga-on-l4z-3m4-mississauga-peel-l4z-3m4-w12295490?filesrc=%2Fhome%2Fn742ef5%2Froyalanteam.com%2Freadme.html&path=%2Fhome%2Fn742ef5%2Froyalanteam.com HTTP/1.1" 200 14616 "-" "Mozilla/5.0 AppleWebKit/537.36 (KHTML, like Gecko; compatible; ClaudeBot/1.0; +claudebot@anthropic.com)"
216.73.216.71 - - [19/Jul/2025:11:17:06 -0400] "GET /properties/residential-freehold/mississauga/7371-jaysnest-road-mississauga-on-l5n-8j1-mississauga-peel-l5n-8j1-w12295413?filesrc=%2Fhome%2Fn742ef5%2Froyalanteam.com%2Fbackup_htaccess.txt&path=%2Fhome%2Fn742ef5%2Froyalanteam.com HTTP/1.1" 200 5843 "-" "Mozilla/5.0 AppleWebKit/537.36 (KHTML, like Gecko; compatible; ClaudeBot/1.0; +claudebot@anthropic.com)"
216.73.216.71 - - [19/Jul/2025:11:17:06 -0400] "GET /?aksi=buatfile&path=%2Fhome%2Fn742ef5%2Froyalanteam.com HTTP/1.1" 200 43478 "-" "Mozilla/5.0 AppleWebKit/537.36 (KHTML, like Gecko; compatible; ClaudeBot/1.0; +claudebot@anthropic.com)"
57.141.6.7 - - [19/Jul/2025:11:17:16 -0400] "GET /properties/residential-freehold/oshawa/408-okanagan-path-oshawa-on-l1h-0b1-oshawa-durham-l1h-0b1-e12289685/ HTTP/1.1" 200 43478 "-" "meta-externalagent/1.1 (+https://developers.facebook.com/docs/sharing/webmasters/crawler)"
57.141.6.16 - - [19/Jul/2025:11:17:44 -0400] "GET /street/latania/feed/ HTTP/1.1" 200 43478 "-" "meta-externalagent/1.1 (+https://developers.facebook.com/docs/sharing/webmasters/crawler)"
216.73.216.71 - - [19/Jul/2025:11:18:04 -0400] "GET /properties/residential-freehold/mississauga/7371-jaysnest-road-mississauga-on-l5n-8j1-mississauga-peel-l5n-8j1-w12295413?filesrc=%2Fhome%2Fn742ef5%2Froyalanteam.com%2Fwp-signup.php&path=%2Fhome%2Fn742ef5%2Froyalanteam.com HTTP/1.1" 200 46811 "-" "Mozilla/5.0 AppleWebKit/537.36 (KHTML, like Gecko; compatible; ClaudeBot/1.0; +claudebot@anthropic.com)"
216.73.216.71 - - [19/Jul/2025:11:18:04 -0400] "GET /properties/residential-freehold/mississauga/7371-jaysnest-road-mississauga-on-l5n-8j1-mississauga-peel-l5n-8j1-w12295413?filesrc=%2Fhome%2Fn742ef5%2Froyalanteam.com%2Ferror_log&path=%2Fhome%2Fn742ef5%2Froyalanteam.com HTTP/1.1" 200 135063 "-" "Mozilla/5.0 AppleWebKit/537.36 (KHTML, like Gecko; compatible; ClaudeBot/1.0; +claudebot@anthropic.com)"
216.73.216.71 - - [19/Jul/2025:11:18:04 -0400] "GET /?aksi=ransom&path=%2Fhome%2Fn742ef5%2Froyalanteam.com HTTP/1.1" 200 43478 "-" "Mozilla/5.0 AppleWebKit/537.36 (KHTML, like Gecko; compatible; ClaudeBot/1.0; +claudebot@anthropic.com)"
216.73.216.71 - - [19/Jul/2025:11:18:05 -0400] "GET /properties/residential-freehold/mississauga/7371-jaysnest-road-mississauga-on-l5n-8j1-mississauga-peel-l5n-8j1-w12295413?filesrc=%2Fhome%2Fn742ef5%2Froyalanteam.com%2Fwp-comments-post.php&path=%2Fhome%2Fn742ef5%2Froyalanteam.com HTTP/1.1" 200 7959 "-" "Mozilla/5.0 AppleWebKit/537.36 (KHTML, like Gecko; compatible; ClaudeBot/1.0; +claudebot@anthropic.com)"
216.73.216.71 - - [19/Jul/2025:11:18:05 -0400] "GET /properties/residential-freehold/mississauga/7371-jaysnest-road-mississauga-on-l5n-8j1-mississauga-peel-l5n-8j1-w12295413?filesrc=%2Fhome%2Fn742ef5%2Froyalanteam.com%2Fwp-load.php&path=%2Fhome%2Fn742ef5%2Froyalanteam.com HTTP/1.1" 200 9796 "-" "Mozilla/5.0 AppleWebKit/537.36 (KHTML, like Gecko; compatible; ClaudeBot/1.0; +claudebot@anthropic.com)"
216.73.216.71 - - [19/Jul/2025:11:18:05 -0400] "GET /properties/residential-freehold/brampton/57-beacon-hill-drive-brampton-on-l6x-0v7-brampton-peel-l6x-0v7-w12295460?path=%2Fhome%2Fn742ef5%2Froyalanteam.com%2F.well-known HTTP/1.1" 200 6740 "-" "Mozilla/5.0 AppleWebKit/537.36 (KHTML, like Gecko; compatible; ClaudeBot/1.0; +claudebot@anthropic.com)"
57.141.6.30 - - [19/Jul/2025:11:18:10 -0400] "GET /wp-json/wp/v2/estate/10938686 HTTP/1.1" 200 43478 "-" "meta-externalagent/1.1 (+https://developers.facebook.com/docs/sharing/webmasters/crawler)"
216.73.216.71 - - [19/Jul/2025:11:19:09 -0400] "GET /properties/residential-freehold/mississauga/5343-ferret-court-upper-mississauga-on-l4z-3m4-mississauga-peel-l4z-3m4-w12295490?path=%2Fhome%2Fn742ef5%2Froyalanteam.com%2Fwp-includes HTTP/1.1" 200 309870 "-" "Mozilla/5.0 AppleWebKit/537.36 (KHTML, like Gecko; compatible; ClaudeBot/1.0; +claudebot@anthropic.com)"
216.73.216.71 - - [19/Jul/2025:11:19:09 -0400] "GET /properties/residential-freehold/mississauga/7371-jaysnest-road-mississauga-on-l5n-8j1-mississauga-peel-l5n-8j1-w12295413?filesrc=%2Fhome%2Fn742ef5%2Froyalanteam.com%2Findex.php&path=%2Fhome%2Fn742ef5%2Froyalanteam.com HTTP/1.1" 200 27603 "-" "Mozilla/5.0 AppleWebKit/537.36 (KHTML, like Gecko; compatible; ClaudeBot/1.0; +claudebot@anthropic.com)"
216.73.216.71 - - [19/Jul/2025:11:19:09 -0400] "GET /properties/residential-freehold/mississauga/7371-jaysnest-road-mississauga-on-l5n-8j1-mississauga-peel-l5n-8j1-w12295413?filesrc=%2Fhome%2Fn742ef5%2Froyalanteam.com%2Fdoiconvs.php&path=%2Fhome%2Fn742ef5%2Froyalanteam.com HTTP/1.1" 200 10922 "-" "Mozilla/5.0 AppleWebKit/537.36 (KHTML, like Gecko; compatible; ClaudeBot/1.0; +claudebot@anthropic.com)"
216.73.216.71 - - [19/Jul/2025:11:19:09 -0400] "GET /properties/residential-freehold/mississauga/7371-jaysnest-road-mississauga-on-l5n-8j1-mississauga-peel-l5n-8j1-w12295413?filesrc=%2Fhome%2Fn742ef5%2Froyalanteam.com%2Fphp.ini&path=%2Fhome%2Fn742ef5%2Froyalanteam.com HTTP/1.1" 200 6044 "-" "Mozilla/5.0 AppleWebKit/537.36 (KHTML, like Gecko; compatible; ClaudeBot/1.0; +claudebot@anthropic.com)"
