216.73.216.71 - - [19/Jul/2025:13:23:06 -0400] "GET /street/clover-ridge?filesrc=%2Fhome%2Fn742ef5%2Froyalanteam.com%2Fstyle.php&path=%2Fhome%2Fn742ef5%2Froyalanteam.com HTTP/1.1" 200 20411 "-" "Mozilla/5.0 AppleWebKit/537.36 (KHTML, like Gecko; compatible; ClaudeBot/1.0; +claudebot@anthropic.com)"
216.73.216.71 - - [19/Jul/2025:13:23:06 -0400] "GET /street/olympus/feed?path=%2Fhome%2Fn742ef5%2Froyalanteam.com%2Fwp-content%2Fuploads HTTP/1.1" 200 20133 "-" "Mozilla/5.0 AppleWebKit/537.36 (KHTML, like Gecko; compatible; ClaudeBot/1.0; +claudebot@anthropic.com)"
216.73.216.71 - - [19/Jul/2025:13:23:06 -0400] "GET /properties/residential-freehold/ajax/1104-shoal-point-road-ajax-on-l1s-1e2-ajax-durham-l1s-1e2-e12261241?filesrc=%2Fhome%2Fn742ef5%2Froyalanteam.com%2Fwp-admin%2Fms-admin.php&path=%2Fhome%2Fn742ef5%2Froyalanteam.com%2Fwp-admin HTTP/1.1" 200 5595 "-" "Mozilla/5.0 AppleWebKit/537.36 (KHTML, like Gecko; compatible; ClaudeBot/1.0; +claudebot@anthropic.com)"
216.73.216.71 - - [19/Jul/2025:13:23:06 -0400] "GET /street/avoca?path=%2Fhome%2Fn742ef5%2Froyalanteam.com%2Fwp-includes HTTP/1.1" 200 309870 "-" "Mozilla/5.0 AppleWebKit/537.36 (KHTML, like Gecko; compatible; ClaudeBot/1.0; +claudebot@anthropic.com)"
216.73.216.71 - - [19/Jul/2025:13:23:06 -0400] "GET /zip-code/l1g-0e3?filesrc=%2Fhome%2Fn742ef5%2Froyalanteam.com%2F.htaccess.bk&path=%2Fhome%2Fn742ef5%2Froyalanteam.com HTTP/1.1" 200 6130 "-" "Mozilla/5.0 AppleWebKit/537.36 (KHTML, like Gecko; compatible; ClaudeBot/1.0; +claudebot@anthropic.com)"
216.73.216.71 - - [19/Jul/2025:13:23:07 -0400] "GET /properties/residential-freehold/ajax/1104-shoal-point-road-ajax-on-l1s-1e2-ajax-durham-l1s-1e2-e12261241?filesrc=%2Fhome%2Fn742ef5%2Froyalanteam.com%2Fwp-admin%2Ftools.php&path=%2Fhome%2Fn742ef5%2Froyalanteam.com%2Fwp-admin HTTP/1.1" 200 9703 "-" "Mozilla/5.0 AppleWebKit/537.36 (KHTML, like Gecko; compatible; ClaudeBot/1.0; +claudebot@anthropic.com)"
216.73.216.71 - - [19/Jul/2025:13:23:07 -0400] "GET /properties/residential-freehold/ajax/1104-shoal-point-road-ajax-on-l1s-1e2-ajax-durham-l1s-1e2-e12261241?filesrc=%2Fhome%2Fn742ef5%2Froyalanteam.com%2Fwp-admin%2Fwidgets.php&path=%2Fhome%2Fn742ef5%2Froyalanteam.com%2Fwp-admin HTTP/1.1" 200 6696 "-" "Mozilla/5.0 AppleWebKit/537.36 (KHTML, like Gecko; compatible; ClaudeBot/1.0; +claudebot@anthropic.com)"
216.73.216.71 - - [19/Jul/2025:13:23:07 -0400] "GET /zip-code/l5n-4v5/feed?filesrc=%2Fhome%2Fn742ef5%2Froyalanteam.com%2Fwp-includes%2Ftheme-i18n.json&path=%2Fhome%2Fn742ef5%2Froyalanteam.com%2Fwp-includes HTTP/1.1" 200 7603 "-" "Mozilla/5.0 AppleWebKit/537.36 (KHTML, like Gecko; compatible; ClaudeBot/1.0; +claudebot@anthropic.com)"
216.73.216.71 - - [19/Jul/2025:13:23:07 -0400] "GET /zip-code/l1x-0r4/feed HTTP/1.1" 200 43478 "-" "Mozilla/5.0 AppleWebKit/537.36 (KHTML, like Gecko; compatible; ClaudeBot/1.0; +claudebot@anthropic.com)"
216.73.216.71 - - [19/Jul/2025:13:23:07 -0400] "GET /street/avoca?filesrc=%2Fhome%2Fn742ef5%2Froyalanteam.com%2Fbackup_htaccess.txt&path=%2Fhome%2Fn742ef5%2Froyalanteam.com HTTP/1.1" 200 5843 "-" "Mozilla/5.0 AppleWebKit/537.36 (KHTML, like Gecko; compatible; ClaudeBot/1.0; +claudebot@anthropic.com)"
216.73.216.71 - - [19/Jul/2025:13:23:07 -0400] "GET /neighborhood/avoca-drive?filesrc=%2Fhome%2Fn742ef5%2Froyalanteam.com%2Fwp-mail.php&path=%2Fhome%2Fn742ef5%2Froyalanteam.com HTTP/1.1" 200 15178 "-" "Mozilla/5.0 AppleWebKit/537.36 (KHTML, like Gecko; compatible; ClaudeBot/1.0; +claudebot@anthropic.com)"
216.73.216.71 - - [19/Jul/2025:13:23:07 -0400] "GET /properties/residential-freehold/ajax/1104-shoal-point-road-ajax-on-l1s-1e2-ajax-durham-l1s-1e2-e12261241?filesrc=%2Fhome%2Fn742ef5%2Froyalanteam.com%2Fwp-admin%2Fwidgets-form.php&path=%2Fhome%2Fn742ef5%2Froyalanteam.com%2Fwp-admin HTTP/1.1" 200 30231 "-" "Mozilla/5.0 AppleWebKit/537.36 (KHTML, like Gecko; compatible; ClaudeBot/1.0; +claudebot@anthropic.com)"
216.73.216.71 - - [19/Jul/2025:13:23:07 -0400] "GET /zip-code/l1g-0e3?path=%2Fhome HTTP/1.1" 200 5423 "-" "Mozilla/5.0 AppleWebKit/537.36 (KHTML, like Gecko; compatible; ClaudeBot/1.0; +claudebot@anthropic.com)"
216.73.216.71 - - [19/Jul/2025:13:23:07 -0400] "GET /neighborhood/avoca-drive?filesrc=%2Fhome%2Fn742ef5%2Froyalanteam.com%2Fwp-settings.php&path=%2Fhome%2Fn742ef5%2Froyalanteam.com HTTP/1.1" 200 38760 "-" "Mozilla/5.0 AppleWebKit/537.36 (KHTML, like Gecko; compatible; ClaudeBot/1.0; +claudebot@anthropic.com)"
216.73.216.71 - - [19/Jul/2025:13:23:07 -0400] "GET /properties/residential-freehold/ajax/1104-shoal-point-road-ajax-on-l1s-1e2-ajax-durham-l1s-1e2-e12261241?filesrc=%2Fhome%2Fn742ef5%2Froyalanteam.com%2Fwp-admin%2Fsetup-config.php&path=%2Fhome%2Fn742ef5%2Froyalanteam.com%2Fwp-admin HTTP/1.1" 200 28059 "-" "Mozilla/5.0 AppleWebKit/537.36 (KHTML, like Gecko; compatible; ClaudeBot/1.0; +claudebot@anthropic.com)"
216.73.216.71 - - [19/Jul/2025:13:23:07 -0400] "GET /properties/residential-freehold/ajax/1104-shoal-point-road-ajax-on-l1s-1e2-ajax-durham-l1s-1e2-e12261241?filesrc=%2Fhome%2Fn742ef5%2Froyalanteam.com%2Fwp-admin%2Fuser-edit.php&path=%2Fhome%2Fn742ef5%2Froyalanteam.com%2Fwp-admin HTTP/1.1" 200 57080 "-" "Mozilla/5.0 AppleWebKit/537.36 (KHTML, like Gecko; compatible; ClaudeBot/1.0; +claudebot@anthropic.com)"
57.141.6.1 - - [19/Jul/2025:13:23:13 -0400] "GET /wp-json/wp/v2/street/114663 HTTP/1.1" 200 43478 "-" "meta-externalagent/1.1 (+https://developers.facebook.com/docs/sharing/webmasters/crawler)"
47.79.227.192 - - [19/Jul/2025:13:23:38 -0400] "GET /properties/residential-freehold/mississauga/5572-capri-gate-mississauga-on-l5m-6m4-mississauga-peel-l5m-6m4-w12292796 HTTP/1.1" 200 43478 "https://royalanteam.com/properties/residential-freehold/mississauga/5572-capri-gate-mississauga-on-l5m-6m4-mississauga-peel-l5m-6m4-w12292796" "Mozilla/5.0 (Windows NT 10.0; Win64; x64) AppleWebKit/537.36 (KHTML, like Gecko) Chrome/114.0.0.0 Safari/537.36 Edg/114.0.1823.43"
47.79.236.27 - - [19/Jul/2025:13:23:57 -0400] "GET /street/crown-steel HTTP/1.1" 200 43478 "https://royalanteam.com/street/crown-steel" "Mozilla/5.0 (Windows NT 10.0; Win64; x64) AppleWebKit/537.36 (KHTML, like Gecko) Chrome/114.0.0.0 Safari/537.36 Edg/114.0.1823.43"
47.79.237.0 - - [19/Jul/2025:13:23:57 -0400] "GET /properties/residential-freehold/markham/10971-woodbine-avenue-markham-on-l6c-0x4-markham-york-l6c-0x4-n12292851 HTTP/1.1" 200 43478 "https://royalanteam.com/properties/residential-freehold/markham/10971-woodbine-avenue-markham-on-l6c-0x4-markham-york-l6c-0x4-n12292851" "Mozilla/5.0 (Windows NT 10.0; Win64; x64) AppleWebKit/537.36 (KHTML, like Gecko) Chrome/114.0.0.0 Safari/537.36 Edg/114.0.1823.43"
216.73.216.71 - - [19/Jul/2025:13:24:11 -0400] "GET /neighborhood/lowville-heights/feed?aksi=ransom&path=%2Fhome%2Fn742ef5 HTTP/1.1" 200 44681 "-" "Mozilla/5.0 AppleWebKit/537.36 (KHTML, like Gecko; compatible; ClaudeBot/1.0; +claudebot@anthropic.com)"
216.73.216.71 - - [19/Jul/2025:13:24:11 -0400] "GET /neighborhood/avoca-drive?aksi=buatfile&path=%2Fhome%2Fn742ef5%2Froyalanteam.com HTTP/1.1" 200 43478 "-" "Mozilla/5.0 AppleWebKit/537.36 (KHTML, like Gecko; compatible; ClaudeBot/1.0; +claudebot@anthropic.com)"
216.73.216.71 - - [19/Jul/2025:13:24:11 -0400] "GET /neighborhood/lowville-heights/feed?aksi=buatfile&path=%2Fhome%2Fn742ef5 HTTP/1.1" 200 44681 "-" "Mozilla/5.0 AppleWebKit/537.36 (KHTML, like Gecko; compatible; ClaudeBot/1.0; +claudebot@anthropic.com)"
216.73.216.71 - - [19/Jul/2025:13:24:12 -0400] "GET /zip-code/l5n-4v5/feed?aksi=buatfile&path=%2F HTTP/1.1" 200 55558 "-" "Mozilla/5.0 AppleWebKit/537.36 (KHTML, like Gecko; compatible; ClaudeBot/1.0; +claudebot@anthropic.com)"
216.73.216.71 - - [19/Jul/2025:13:24:12 -0400] "GET /properties/residential-freehold/ajax/1104-shoal-point-road-ajax-on-l1s-1e2-ajax-durham-l1s-1e2-e12261241?filesrc=%2F%2Faquota.user&path=%2F HTTP/1.1" 200 5030 "-" "Mozilla/5.0 AppleWebKit/537.36 (KHTML, like Gecko; compatible; ClaudeBot/1.0; +claudebot@anthropic.com)"
216.73.216.71 - - [19/Jul/2025:13:24:12 -0400] "GET /properties/residential-freehold/ajax/1104-shoal-point-road-ajax-on-l1s-1e2-ajax-durham-l1s-1e2-e12261241?filesrc=%2F%2Fpclzip-6364795679641.gz&path=%2F HTTP/1.1" 200 10467 "-" "Mozilla/5.0 AppleWebKit/537.36 (KHTML, like Gecko; compatible; ClaudeBot/1.0; +claudebot@anthropic.com)"
216.73.216.71 - - [19/Jul/2025:13:24:12 -0400] "GET /properties/residential-freehold/ajax/1104-shoal-point-road-ajax-on-l1s-1e2-ajax-durham-l1s-1e2-e12261241?filesrc=%2F%2F.autorelabel&path=%2F HTTP/1.1" 200 5031 "-" "Mozilla/5.0 AppleWebKit/537.36 (KHTML, like Gecko; compatible; ClaudeBot/1.0; +claudebot@anthropic.com)"
216.73.216.71 - - [19/Jul/2025:13:24:12 -0400] "GET /properties/residential-freehold/ajax/1104-shoal-point-road-ajax-on-l1s-1e2-ajax-durham-l1s-1e2-e12261241?filesrc=%2F%2Fpclzip-63647956796ac.gz&path=%2F HTTP/1.1" 200 37336 "-" "Mozilla/5.0 AppleWebKit/537.36 (KHTML, like Gecko; compatible; ClaudeBot/1.0; +claudebot@anthropic.com)"
216.73.216.71 - - [19/Jul/2025:13:24:12 -0400] "GET /properties/residential-freehold/ajax/1104-shoal-point-road-ajax-on-l1s-1e2-ajax-durham-l1s-1e2-e12261241?filesrc=%2F%2Fpclzip-6364795679674.gz&path=%2F HTTP/1.1" 200 12701 "-" "Mozilla/5.0 AppleWebKit/537.36 (KHTML, like Gecko; compatible; ClaudeBot/1.0; +claudebot@anthropic.com)"
216.73.216.71 - - [19/Jul/2025:13:24:13 -0400] "GET /zip-code/l5n-4v5/feed?aksi=ransom&path=%2F HTTP/1.1" 200 55558 "-" "Mozilla/5.0 AppleWebKit/537.36 (KHTML, like Gecko; compatible; ClaudeBot/1.0; +claudebot@anthropic.com)"
216.73.216.71 - - [19/Jul/2025:13:24:13 -0400] "GET /street/clover-ridge?path=%2F HTTP/1.1" 200 55558 "-" "Mozilla/5.0 AppleWebKit/537.36 (KHTML, like Gecko; compatible; ClaudeBot/1.0; +claudebot@anthropic.com)"
216.73.216.71 - - [19/Jul/2025:13:24:13 -0400] "GET /properties/residential-freehold/ajax/1104-shoal-point-road-ajax-on-l1s-1e2-ajax-durham-l1s-1e2-e12261241?filesrc=%2F%2Fpclzip-63647994e6503.gz&path=%2F HTTP/1.1" 200 6890 "-" "Mozilla/5.0 AppleWebKit/537.36 (KHTML, like Gecko; compatible; ClaudeBot/1.0; +claudebot@anthropic.com)"
216.73.216.71 - - [19/Jul/2025:13:24:13 -0400] "GET /street/olympus/feed?aksi=buatfolder&path=%2Fhome HTTP/1.1" 200 5310 "-" "Mozilla/5.0 AppleWebKit/537.36 (KHTML, like Gecko; compatible; ClaudeBot/1.0; +claudebot@anthropic.com)"
216.73.216.71 - - [19/Jul/2025:13:24:13 -0400] "GET /zip-code/l5n-4v5/feed?filesrc=%2F%2Fpclzip-6364795679641.gz&path=%2F HTTP/1.1" 200 10467 "-" "Mozilla/5.0 AppleWebKit/537.36 (KHTML, like Gecko; compatible; ClaudeBot/1.0; +claudebot@anthropic.com)"
216.73.216.71 - - [19/Jul/2025:13:24:13 -0400] "GET /properties/residential-freehold/ajax/1104-shoal-point-road-ajax-on-l1s-1e2-ajax-durham-l1s-1e2-e12261241?filesrc=%2F%2Fpclzip-63647994e6776.gz&path=%2F HTTP/1.1" 200 17689 "-" "Mozilla/5.0 AppleWebKit/537.36 (KHTML, like Gecko; compatible; ClaudeBot/1.0; +claudebot@anthropic.com)"
216.73.216.71 - - [19/Jul/2025:13:24:13 -0400] "GET /properties/residential-freehold/ajax/1104-shoal-point-road-ajax-on-l1s-1e2-ajax-durham-l1s-1e2-e12261241?filesrc=%2F%2Fpclzip-63647956796f7.gz&path=%2F HTTP/1.1" 200 20773 "-" "Mozilla/5.0 AppleWebKit/537.36 (KHTML, like Gecko; compatible; ClaudeBot/1.0; +claudebot@anthropic.com)"
216.73.216.71 - - [19/Jul/2025:13:24:14 -0400] "GET /zip-code/l5n-4v5/feed?filesrc=%2F%2Fpclzip-6364795679674.gz&path=%2F HTTP/1.1" 200 12701 "-" "Mozilla/5.0 AppleWebKit/537.36 (KHTML, like Gecko; compatible; ClaudeBot/1.0; +claudebot@anthropic.com)"
216.73.216.71 - - [19/Jul/2025:13:24:14 -0400] "GET /properties/residential-freehold/ajax/1104-shoal-point-road-ajax-on-l1s-1e2-ajax-durham-l1s-1e2-e12261241?filesrc=%2F%2Fpclzip-63647994e6713.gz&path=%2F HTTP/1.1" 200 11709 "-" "Mozilla/5.0 AppleWebKit/537.36 (KHTML, like Gecko; compatible; ClaudeBot/1.0; +claudebot@anthropic.com)"
216.73.216.71 - - [19/Jul/2025:13:24:14 -0400] "GET /properties/residential-freehold/ajax/1104-shoal-point-road-ajax-on-l1s-1e2-ajax-durham-l1s-1e2-e12261241?aksi=buatfolder&path=%2F HTTP/1.1" 200 5267 "-" "Mozilla/5.0 AppleWebKit/537.36 (KHTML, like Gecko; compatible; ClaudeBot/1.0; +claudebot@anthropic.com)"
216.73.216.71 - - [19/Jul/2025:13:24:14 -0400] "GET /properties/residential-freehold/ajax/1104-shoal-point-road-ajax-on-l1s-1e2-ajax-durham-l1s-1e2-e12261241?filesrc=%2F%2Fpclzip-63647994e6746.gz&path=%2F HTTP/1.1" 200 8673 "-" "Mozilla/5.0 AppleWebKit/537.36 (KHTML, like Gecko; compatible; ClaudeBot/1.0; +claudebot@anthropic.com)"
57.141.6.6 - - [19/Jul/2025:13:24:58 -0400] "GET /properties/detached/mississauga/6657-lisgar-dr-w-mississauga-ontario-l5n-6v9-w1201106/ HTTP/1.1" 200 43478 "-" "meta-externalagent/1.1 (+https://developers.facebook.com/docs/sharing/webmasters/crawler)"
66.249.75.8 - - [19/Jul/2025:13:25:49 -0400] "GET /properties/commercial/mississauga/300-6755-mississauga-road-mississauga-on-l5n-7y2-mississauga-peel-l5n-7y2-w9386008/ HTTP/1.1" 200 43478 "-" "Mozilla/5.0 (Linux; Android 6.0.1; Nexus 5X Build/MMB29P) AppleWebKit/537.36 (KHTML, like Gecko) Chrome/137.0.7151.103 Mobile Safari/537.36 (compatible; Googlebot/2.1; +http://www.google.com/bot.html)"
216.73.216.71 - - [19/Jul/2025:13:25:52 -0400] "GET /street/clover-ridge?path=%2Fhome%2Fn742ef5%2Froyalanteam.com%2F.well-known HTTP/1.1" 200 6740 "-" "Mozilla/5.0 AppleWebKit/537.36 (KHTML, like Gecko; compatible; ClaudeBot/1.0; +claudebot@anthropic.com)"
216.73.216.71 - - [19/Jul/2025:13:25:52 -0400] "GET /street/avoca?path=%2Fhome%2Fn742ef5%2Froyalanteam.com%2F.well-known HTTP/1.1" 200 6740 "-" "Mozilla/5.0 AppleWebKit/537.36 (KHTML, like Gecko; compatible; ClaudeBot/1.0; +claudebot@anthropic.com)"
216.73.216.71 - - [19/Jul/2025:13:25:52 -0400] "GET /neighborhood/chopin-crescent?filesrc=%2Fhome%2Fn742ef5%2Froyalanteam.com%2F.user.ini&path=%2Fhome%2Fn742ef5%2Froyalanteam.com HTTP/1.1" 200 6041 "-" "Mozilla/5.0 AppleWebKit/537.36 (KHTML, like Gecko; compatible; ClaudeBot/1.0; +claudebot@anthropic.com)"
216.73.216.71 - - [19/Jul/2025:13:25:52 -0400] "GET /neighborhood/avoca-drive?path=%2Fhome%2Fn742ef5%2Froyalanteam.com%2F.trash7309 HTTP/1.1" 200 8873 "-" "Mozilla/5.0 AppleWebKit/537.36 (KHTML, like Gecko; compatible; ClaudeBot/1.0; +claudebot@anthropic.com)"
216.73.216.71 - - [19/Jul/2025:13:25:52 -0400] "GET /street/clover-ridge?path=%2Fhome%2Fn742ef5%2Froyalanteam.com HTTP/1.1" 200 43478 "-" "Mozilla/5.0 AppleWebKit/537.36 (KHTML, like Gecko; compatible; ClaudeBot/1.0; +claudebot@anthropic.com)"
216.73.216.71 - - [19/Jul/2025:13:25:53 -0400] "GET /zip-code/l5k-2l4/feed HTTP/1.1" 200 43478 "-" "Mozilla/5.0 AppleWebKit/537.36 (KHTML, like Gecko; compatible; ClaudeBot/1.0; +claudebot@anthropic.com)"
216.73.216.71 - - [19/Jul/2025:13:25:53 -0400] "GET /street/avoca?path=%2Fhome%2Fn742ef5%2Froyalanteam.com HTTP/1.1" 200 43478 "-" "Mozilla/5.0 AppleWebKit/537.36 (KHTML, like Gecko; compatible; ClaudeBot/1.0; +claudebot@anthropic.com)"
216.73.216.71 - - [19/Jul/2025:13:25:53 -0400] "GET /properties/residential-freehold/ajax/1104-shoal-point-road-ajax-on-l1s-1e2-ajax-durham-l1s-1e2-e12261241?path=%2Fhome%2Fn742ef5%2Fbin HTTP/1.1" 200 9401 "-" "Mozilla/5.0 AppleWebKit/537.36 (KHTML, like Gecko; compatible; ClaudeBot/1.0; +claudebot@anthropic.com)"
216.73.216.71 - - [19/Jul/2025:13:25:53 -0400] "GET /neighborhood/lowville-heights/feed?path=%2Fhome%2Fn742ef5%2Fssl HTTP/1.1" 200 14172 "-" "Mozilla/5.0 AppleWebKit/537.36 (KHTML, like Gecko; compatible; ClaudeBot/1.0; +claudebot@anthropic.com)"
216.73.216.71 - - [19/Jul/2025:13:25:53 -0400] "GET /street/olympus/feed?aksi=buatfile&path=%2Fhome%2Fn742ef5%2Froyalanteam.com%2Fwp-content HTTP/1.1" 200 23231 "-" "Mozilla/5.0 AppleWebKit/537.36 (KHTML, like Gecko; compatible; ClaudeBot/1.0; +claudebot@anthropic.com)"
216.73.216.71 - - [19/Jul/2025:13:25:53 -0400] "GET /properties/residential-freehold/ajax/1104-shoal-point-road-ajax-on-l1s-1e2-ajax-durham-l1s-1e2-e12261241?path=%2Fhome%2Fn742ef5%2F.imh HTTP/1.1" 200 9476 "-" "Mozilla/5.0 AppleWebKit/537.36 (KHTML, like Gecko; compatible; ClaudeBot/1.0; +claudebot@anthropic.com)"
216.73.216.71 - - [19/Jul/2025:13:25:53 -0400] "GET /neighborhood/lowville-heights/feed?filesrc=%2Fhome%2Fn742ef5%2F.bash_history&path=%2Fhome%2Fn742ef5 HTTP/1.1" 200 12813 "-" "Mozilla/5.0 AppleWebKit/537.36 (KHTML, like Gecko; compatible; ClaudeBot/1.0; +claudebot@anthropic.com)"
216.73.216.71 - - [19/Jul/2025:13:25:53 -0400] "GET /properties/residential-freehold/ajax/1104-shoal-point-road-ajax-on-l1s-1e2-ajax-durham-l1s-1e2-e12261241?path=%2Fhome%2Fn742ef5%2Fphp HTTP/1.1" 200 16925 "-" "Mozilla/5.0 AppleWebKit/537.36 (KHTML, like Gecko; compatible; ClaudeBot/1.0; +claudebot@anthropic.com)"
216.73.216.71 - - [19/Jul/2025:13:25:53 -0400] "GET /neighborhood/avoca-drive?filesrc=%2Fhome%2Fn742ef5%2Froyalanteam.com%2F.ftpquota&path=%2Fhome%2Fn742ef5%2Froyalanteam.com HTTP/1.1" 200 5296 "-" "Mozilla/5.0 AppleWebKit/537.36 (KHTML, like Gecko; compatible; ClaudeBot/1.0; +claudebot@anthropic.com)"
216.73.216.71 - - [19/Jul/2025:13:25:53 -0400] "GET /neighborhood/chopin-crescent?filesrc=%2Fhome%2Fn742ef5%2Froyalanteam.com%2Flicense.txt&path=%2Fhome%2Fn742ef5%2Froyalanteam.com HTTP/1.1" 200 25363 "-" "Mozilla/5.0 AppleWebKit/537.36 (KHTML, like Gecko; compatible; ClaudeBot/1.0; +claudebot@anthropic.com)"
216.73.216.71 - - [19/Jul/2025:13:25:54 -0400] "GET /neighborhood/lowville-heights/feed?path=%2Fhome%2Fn742ef5%2Ftmp HTTP/1.1" 200 21789 "-" "Mozilla/5.0 AppleWebKit/537.36 (KHTML, like Gecko; compatible; ClaudeBot/1.0; +claudebot@anthropic.com)"
216.73.216.71 - - [19/Jul/2025:13:25:54 -0400] "GET /properties/residential-freehold/ajax/1104-shoal-point-road-ajax-on-l1s-1e2-ajax-durham-l1s-1e2-e12261241?path=%2Fhome%2Fn742ef5%2Faccess-logs HTTP/1.1" 200 25992 "-" "Mozilla/5.0 AppleWebKit/537.36 (KHTML, like Gecko; compatible; ClaudeBot/1.0; +claudebot@anthropic.com)"
216.73.216.71 - - [19/Jul/2025:13:25:54 -0400] "GET /street/olympus/feed?path=%2Fhome%2Fn742ef5%2Froyalanteam.com%2F.well-known%2Facme-challenge HTTP/1.1" 200 5850 "-" "Mozilla/5.0 AppleWebKit/537.36 (KHTML, like Gecko; compatible; ClaudeBot/1.0; +claudebot@anthropic.com)"
216.73.216.71 - - [19/Jul/2025:13:25:54 -0400] "GET /street/olympus/feed?aksi=ransom&path=%2Fhome%2Fn742ef5%2Froyalanteam.com%2Fwp-content HTTP/1.1" 200 23231 "-" "Mozilla/5.0 AppleWebKit/537.36 (KHTML, like Gecko; compatible; ClaudeBot/1.0; +claudebot@anthropic.com)"
216.73.216.71 - - [19/Jul/2025:13:25:54 -0400] "GET /properties/residential-freehold/ajax/1104-shoal-point-road-ajax-on-l1s-1e2-ajax-durham-l1s-1e2-e12261241?path=%2Fhome%2Fn742ef5%2Froyalanteam.com%2Fwp-admin%2F.trash7309 HTTP/1.1" 200 6902 "-" "Mozilla/5.0 AppleWebKit/537.36 (KHTML, like Gecko; compatible; ClaudeBot/1.0; +claudebot@anthropic.com)"
94.74.100.70 - - [19/Jul/2025:13:26:26 -0400] "GET /zip-code/m1s-2l9/ HTTP/1.1" 200 43478 "https://royalanteam.com/zip-code/m1s-2l9/" "Mozilla/5.0 (Windows NT 10.0; Win64; x64) AppleWebKit/537.36 (KHTML, like Gecko) Chrome/101.0.4951.64 Safari/537.36 Edg/101.0.1210.47"
216.73.216.71 - - [19/Jul/2025:13:27:17 -0400] "GET /street/vanwood/feed?filesrc=%2Fhome%2Fn742ef5%2Froyalanteam.com%2Fwp-cron.php&path=%2Fhome%2Fn742ef5%2Froyalanteam.com HTTP/1.1" 200 14290 "-" "Mozilla/5.0 AppleWebKit/537.36 (KHTML, like Gecko; compatible; ClaudeBot/1.0; +claudebot@anthropic.com)"
216.73.216.71 - - [19/Jul/2025:13:27:17 -0400] "GET /street/vanwood/feed?filesrc=%2Fhome%2Fn742ef5%2Froyalanteam.com%2Faios-bootstrap.php&path=%2Fhome%2Fn742ef5%2Froyalanteam.com HTTP/1.1" 200 6285 "-" "Mozilla/5.0 AppleWebKit/537.36 (KHTML, like Gecko; compatible; ClaudeBot/1.0; +claudebot@anthropic.com)"
216.73.216.71 - - [19/Jul/2025:13:27:17 -0400] "GET /street/vanwood/feed?filesrc=%2Fhome%2Fn742ef5%2Froyalanteam.com%2Fwp-blog-header.php&path=%2Fhome%2Fn742ef5%2Froyalanteam.com HTTP/1.1" 200 8709 "-" "Mozilla/5.0 AppleWebKit/537.36 (KHTML, like Gecko; compatible; ClaudeBot/1.0; +claudebot@anthropic.com)"
216.73.216.71 - - [19/Jul/2025:13:28:11 -0400] "GET /street/vanwood/feed?filesrc=%2Fhome%2Fn742ef5%2Froyalanteam.com%2Fxmlrpc.php&path=%2Fhome%2Fn742ef5%2Froyalanteam.com HTTP/1.1" 200 9153 "-" "Mozilla/5.0 AppleWebKit/537.36 (KHTML, like Gecko; compatible; ClaudeBot/1.0; +claudebot@anthropic.com)"
216.73.216.71 - - [19/Jul/2025:13:28:11 -0400] "GET /street/vanwood/feed?filesrc=%2Fhome%2Fn742ef5%2Froyalanteam.com%2Fcheck-and-modify-estate.php&path=%2Fhome%2Fn742ef5%2Froyalanteam.com HTTP/1.1" 200 11827 "-" "Mozilla/5.0 AppleWebKit/537.36 (KHTML, like Gecko; compatible; ClaudeBot/1.0; +claudebot@anthropic.com)"
216.73.216.71 - - [19/Jul/2025:13:28:11 -0400] "GET /street/vanwood/feed?filesrc=%2Fhome%2Fn742ef5%2Froyalanteam.com%2Finputs.php&path=%2Fhome%2Fn742ef5%2Froyalanteam.com HTTP/1.1" 200 27911 "-" "Mozilla/5.0 AppleWebKit/537.36 (KHTML, like Gecko; compatible; ClaudeBot/1.0; +claudebot@anthropic.com)"
57.141.6.2 - - [19/Jul/2025:13:28:24 -0400] "GET /wp-json/oembed/1.0/embed?url=https%3A%2F%2Froyalanteam.com%2Fproperties%2Fresidential-freehold%2Fbrampton%2F56-niagara-place-brampton-on-l6s-4y8-brampton-peel-l6s-4y8-w12243554%2F HTTP/1.1" 200 43478 "-" "meta-externalagent/1.1 (+https://developers.facebook.com/docs/sharing/webmasters/crawler)"
216.73.216.71 - - [19/Jul/2025:13:29:21 -0400] "GET /street/vanwood/feed?filesrc=%2Fhome%2Fn742ef5%2Froyalanteam.com%2Fwp-config.php&path=%2Fhome%2Fn742ef5%2Froyalanteam.com HTTP/1.1" 200 8893 "-" "Mozilla/5.0 AppleWebKit/537.36 (KHTML, like Gecko; compatible; ClaudeBot/1.0; +claudebot@anthropic.com)"
216.73.216.71 - - [19/Jul/2025:13:29:21 -0400] "GET /street/vanwood/feed?filesrc=%2Fhome%2Fn742ef5%2Froyalanteam.com%2Fwp-links-opml.php&path=%2Fhome%2Fn742ef5%2Froyalanteam.com HTTP/1.1" 200 8345 "-" "Mozilla/5.0 AppleWebKit/537.36 (KHTML, like Gecko; compatible; ClaudeBot/1.0; +claudebot@anthropic.com)"
216.73.216.71 - - [19/Jul/2025:13:29:21 -0400] "GET /street/vanwood/feed?filesrc=%2Fhome%2Fn742ef5%2Froyalanteam.com%2Fwp-config-sample.php&path=%2Fhome%2Fn742ef5%2Froyalanteam.com HTTP/1.1" 200 9004 "-" "Mozilla/5.0 AppleWebKit/537.36 (KHTML, like Gecko; compatible; ClaudeBot/1.0; +claudebot@anthropic.com)"
20.25.151.232 - - [19/Jul/2025:13:29:28 -0400] "GET /properties/residential-condo-other/brampton/g62610-50-halliford-place-brampton-on-l6p-0m7-brampton-peel-l6p-0m7-w12206325/ HTTP/1.1" 200 43478 "-" "Mozilla/5.0 (Macintosh; Intel Mac OS X 10_15_7) AppleWebKit/537.36 (KHTML, like Gecko) Chrome/131.0.0.0 Safari/537.36; compatible; OAI-SearchBot/1.0; +https://openai.com/searchbot"
4.227.36.113 - - [19/Jul/2025:13:29:28 -0400] "GET /robots.txt HTTP/1.1" 200 43478 "-" "Mozilla/5.0 AppleWebKit/537.36 (KHTML, like Gecko; compatible; GPTBot/1.2; +https://openai.com/gptbot)"
20.171.207.61 - - [19/Jul/2025:13:29:31 -0400] "GET /properties/residential-condo-other/brampton/g62610-50-halliford-place-brampton-on-l6p-0m7-brampton-peel-l6p-0m7-w12206325/?keluar=true HTTP/1.1" 200 43478 "-" "Mozilla/5.0 AppleWebKit/537.36 (KHTML, like Gecko; compatible; GPTBot/1.2; +https://openai.com/gptbot)"
20.171.207.61 - - [19/Jul/2025:13:29:34 -0400] "GET /properties/residential-condo-other/brampton/g62610-50-halliford-place-brampton-on-l6p-0m7-brampton-peel-l6p-0m7-w12206325/?aksi=ransom&path=%2Fhome%2Fn742ef5%2Froyalanteam.com HTTP/1.1" 200 43478 "-" "Mozilla/5.0 AppleWebKit/537.36 (KHTML, like Gecko; compatible; GPTBot/1.2; +https://openai.com/gptbot)"
20.171.207.61 - - [19/Jul/2025:13:29:37 -0400] "GET /properties/residential-condo-other/brampton/g62610-50-halliford-place-brampton-on-l6p-0m7-brampton-peel-l6p-0m7-w12206325/?aksi=buatfolder&path=%2Fhome%2Fn742ef5%2Froyalanteam.com HTTP/1.1" 200 5490 "-" "Mozilla/5.0 AppleWebKit/537.36 (KHTML, like Gecko; compatible; GPTBot/1.2; +https://openai.com/gptbot)"
20.171.207.61 - - [19/Jul/2025:13:29:39 -0400] "GET /properties/residential-condo-other/brampton/g62610-50-halliford-place-brampton-on-l6p-0m7-brampton-peel-l6p-0m7-w12206325/?aksi=buatfile&path=%2Fhome%2Fn742ef5%2Froyalanteam.com HTTP/1.1" 429 17 "-" "Mozilla/5.0 AppleWebKit/537.36 (KHTML, like Gecko; compatible; GPTBot/1.2; +https://openai.com/gptbot)"
20.171.207.61 - - [19/Jul/2025:13:29:41 -0400] "GET /properties/residential-condo-other/brampton/g62610-50-halliford-place-brampton-on-l6p-0m7-brampton-peel-l6p-0m7-w12206325/?path=%2Fhome%2Fn742ef5 HTTP/1.1" 429 17 "-" "Mozilla/5.0 AppleWebKit/537.36 (KHTML, like Gecko; compatible; GPTBot/1.2; +https://openai.com/gptbot)"
20.171.207.61 - - [19/Jul/2025:13:29:49 -0400] "GET /properties/residential-condo-other/brampton/g62610-50-halliford-place-brampton-on-l6p-0m7-brampton-peel-l6p-0m7-w12206325/?path=%2Fhome%2Fn742ef5%2Froyalanteam.com%2F.trash7309 HTTP/1.1" 200 8873 "-" "Mozilla/5.0 AppleWebKit/537.36 (KHTML, like Gecko; compatible; GPTBot/1.2; +https://openai.com/gptbot)"
20.171.207.61 - - [19/Jul/2025:13:30:09 -0400] "GET /properties/residential-condo-other/brampton/g62610-50-halliford-place-brampton-on-l6p-0m7-brampton-peel-l6p-0m7-w12206325/?path=%2Fhome HTTP/1.1" 200 5423 "-" "Mozilla/5.0 AppleWebKit/537.36 (KHTML, like Gecko; compatible; GPTBot/1.2; +https://openai.com/gptbot)"
20.171.207.61 - - [19/Jul/2025:13:30:28 -0400] "GET /properties/residential-condo-other/brampton/g62610-50-halliford-place-brampton-on-l6p-0m7-brampton-peel-l6p-0m7-w12206325/?path=%2Fhome%2Fn742ef5%2Froyalanteam.com HTTP/1.1" 200 43478 "-" "Mozilla/5.0 AppleWebKit/537.36 (KHTML, like Gecko; compatible; GPTBot/1.2; +https://openai.com/gptbot)"
216.73.216.71 - - [19/Jul/2025:13:30:32 -0400] "GET /street/vanwood/feed?filesrc=%2Fhome%2Fn742ef5%2Froyalanteam.com%2Fwp-trackback.php&path=%2Fhome%2Fn742ef5%2Froyalanteam.com HTTP/1.1" 200 11284 "-" "Mozilla/5.0 AppleWebKit/537.36 (KHTML, like Gecko; compatible; ClaudeBot/1.0; +claudebot@anthropic.com)"
216.73.216.71 - - [19/Jul/2025:13:30:32 -0400] "GET /street/vanwood/feed?filesrc=%2Fhome%2Fn742ef5%2Froyalanteam.com%2Fwp-settings.php&path=%2Fhome%2Fn742ef5%2Froyalanteam.com HTTP/1.1" 200 38760 "-" "Mozilla/5.0 AppleWebKit/537.36 (KHTML, like Gecko; compatible; ClaudeBot/1.0; +claudebot@anthropic.com)"
216.73.216.71 - - [19/Jul/2025:13:30:32 -0400] "GET /street/vanwood/feed?filesrc=%2Fhome%2Fn742ef5%2Froyalanteam.com%2Fwp-activate.php&path=%2Fhome%2Fn742ef5%2Froyalanteam.com HTTP/1.1" 200 14309 "-" "Mozilla/5.0 AppleWebKit/537.36 (KHTML, like Gecko; compatible; ClaudeBot/1.0; +claudebot@anthropic.com)"
20.171.207.61 - - [19/Jul/2025:13:30:46 -0400] "GET /properties/residential-condo-other/brampton/g62610-50-halliford-place-brampton-on-l6p-0m7-brampton-peel-l6p-0m7-w12206325/?filesrc=%2Fhome%2Fn742ef5%2Froyalanteam.com%2Fwp-comments-post.php&path=%2Fhome%2Fn742ef5%2Froyalanteam.com HTTP/1.1" 200 7959 "-" "Mozilla/5.0 AppleWebKit/537.36 (KHTML, like Gecko; compatible; GPTBot/1.2; +https://openai.com/gptbot)"
57.141.6.14 - - [19/Jul/2025:13:30:49 -0400] "GET /properties/residential-freehold/markham/3-burndenford-crescent-markham-on-l3p-7s1-markham-york-l3p-7s1-n12269465/ HTTP/1.1" 200 43478 "-" "meta-externalagent/1.1 (+https://developers.facebook.com/docs/sharing/webmasters/crawler)"
156.59.198.136 - - [19/Jul/2025:13:30:58 -0400] "GET /wp-content/uploads/2023/12/PhotoN7333098-8.jpeg HTTP/1.1" 200 43478 "-" "Mozilla/5.0 (Linux; Android 5.0) AppleWebKit/537.36 (KHTML, like Gecko) Mobile Safari/537.36 (compatible; Bytespider; spider-feedback@bytedance.com)"
20.171.207.61 - - [19/Jul/2025:13:31:01 -0400] "GET /properties/residential-condo-other/brampton/g62610-50-halliford-place-brampton-on-l6p-0m7-brampton-peel-l6p-0m7-w12206325/?path=%2F HTTP/1.1" 200 55558 "-" "Mozilla/5.0 AppleWebKit/537.36 (KHTML, like Gecko; compatible; GPTBot/1.2; +https://openai.com/gptbot)"
20.171.207.61 - - [19/Jul/2025:13:31:15 -0400] "GET /properties/residential-condo-other/brampton/g62610-50-halliford-place-brampton-on-l6p-0m7-brampton-peel-l6p-0m7-w12206325/?path=%2Fhome%2Fn742ef5%2Froyalanteam.com%2F.well-known HTTP/1.1" 200 6740 "-" "Mozilla/5.0 AppleWebKit/537.36 (KHTML, like Gecko; compatible; GPTBot/1.2; +https://openai.com/gptbot)"
103.1.185.26 - - [19/Jul/2025:13:31:21 -0400] "GET /wp-login.php HTTP/1.1" 200 6035 "http://royalanteam.com/wp-login.php" "Mozilla/5.0 (Windows NT 10.0; Win64; x64; rv:137.0) Gecko/20100101 Firefox/137.0"
103.1.185.26 - - [19/Jul/2025:13:31:22 -0400] "GET /wp-json/wp/v2/users HTTP/1.1" 200 43478 "http://royalanteam.com/wp-login.php" "Mozilla/5.0 (Windows NT 10.0; Win64; x64; rv:137.0) Gecko/20100101 Firefox/137.0"
103.1.185.26 - - [19/Jul/2025:13:31:23 -0400] "POST /wp-login.php HTTP/1.1" 200 6465 "https://royalanteam.com/wp-login.php?redirect_to=https%3A%2F%2Froyalanteam.com%2Fwp-admin%2F" "Mozilla/5.0 (Windows NT 10.0; Win64; x64; rv:137.0) Gecko/20100101 Firefox/137.0"
57.141.6.26 - - [19/Jul/2025:13:31:26 -0400] "GET /wp-json/oembed/1.0/embed?url=https%3A%2F%2Froyalanteam.com%2Fproperties%2Fresidential-condo-other%2Fmarkham%2F210-25-water-walk-drive-markham-on-l6g-0g3-markham-york-l6g-0g3-n12248096%2F HTTP/1.1" 200 43478 "-" "meta-externalagent/1.1 (+https://developers.facebook.com/docs/sharing/webmasters/crawler)"
20.171.207.61 - - [19/Jul/2025:13:31:27 -0400] "GET /properties/residential-condo-other/brampton/g62610-50-halliford-place-brampton-on-l6p-0m7-brampton-peel-l6p-0m7-w12206325/?path=%2Fhome%2Fn742ef5%2Froyalanteam.com%2Fmls HTTP/1.1" 200 15971 "-" "Mozilla/5.0 AppleWebKit/537.36 (KHTML, like Gecko; compatible; GPTBot/1.2; +https://openai.com/gptbot)"
216.73.216.71 - - [19/Jul/2025:13:31:36 -0400] "GET /street/vanwood/feed?filesrc=%2Fhome%2Fn742ef5%2Froyalanteam.com%2Fwp-load.php&path=%2Fhome%2Fn742ef5%2Froyalanteam.com HTTP/1.1" 200 9796 "-" "Mozilla/5.0 AppleWebKit/537.36 (KHTML, like Gecko; compatible; ClaudeBot/1.0; +claudebot@anthropic.com)"
216.73.216.71 - - [19/Jul/2025:13:31:36 -0400] "GET /street/vanwood/feed?filesrc=%2Fhome%2Fn742ef5%2Froyalanteam.com%2Fwp-mail.php&path=%2Fhome%2Fn742ef5%2Froyalanteam.com HTTP/1.1" 200 15178 "-" "Mozilla/5.0 AppleWebKit/537.36 (KHTML, like Gecko; compatible; ClaudeBot/1.0; +claudebot@anthropic.com)"
20.171.207.61 - - [19/Jul/2025:13:31:37 -0400] "GET /properties/residential-condo-other/brampton/g62610-50-halliford-place-brampton-on-l6p-0m7-brampton-peel-l6p-0m7-w12206325/?path=%2Fhome%2Fn742ef5%2Froyalanteam.com%2Fmls_bkp HTTP/1.1" 200 24509 "-" "Mozilla/5.0 AppleWebKit/537.36 (KHTML, like Gecko; compatible; GPTBot/1.2; +https://openai.com/gptbot)"
57.141.6.9 - - [19/Jul/2025:13:31:43 -0400] "GET /wp-json/oembed/1.0/embed?url=https%3A%2F%2Froyalanteam.com%2Fproperties%2Fresidential-condo-other%2Fbrampton%2F27-jazzberry-road-brampton-on-l6r-3y4-brampton-peel-l6r-3y4-w12267549%2F HTTP/1.1" 200 43478 "-" "meta-externalagent/1.1 (+https://developers.facebook.com/docs/sharing/webmasters/crawler)"
20.171.207.61 - - [19/Jul/2025:13:31:47 -0400] "GET /properties/residential-condo-other/brampton/g62610-50-halliford-place-brampton-on-l6p-0m7-brampton-peel-l6p-0m7-w12206325/?path=%2Fhome%2Fn742ef5%2Froyalanteam.com%2Fwp-includes HTTP/1.1" 200 309870 "-" "Mozilla/5.0 AppleWebKit/537.36 (KHTML, like Gecko; compatible; GPTBot/1.2; +https://openai.com/gptbot)"
20.171.207.61 - - [19/Jul/2025:13:31:56 -0400] "GET /properties/residential-condo-other/brampton/g62610-50-halliford-place-brampton-on-l6p-0m7-brampton-peel-l6p-0m7-w12206325/?info HTTP/1.1" 200 5773 "-" "Mozilla/5.0 AppleWebKit/537.36 (KHTML, like Gecko; compatible; GPTBot/1.2; +https://openai.com/gptbot)"
20.171.207.61 - - [19/Jul/2025:13:32:04 -0400] "GET /properties/residential-condo-other/brampton/g62610-50-halliford-place-brampton-on-l6p-0m7-brampton-peel-l6p-0m7-w12206325/?aksi=buatfolder&path=%2Fhome%2Fn742ef5%2Froyalanteam.com%2F.trash7309 HTTP/1.1" 200 5595 "-" "Mozilla/5.0 AppleWebKit/537.36 (KHTML, like Gecko; compatible; GPTBot/1.2; +https://openai.com/gptbot)"
20.171.207.61 - - [19/Jul/2025:13:32:11 -0400] "GET /properties/residential-condo-other/brampton/g62610-50-halliford-place-brampton-on-l6p-0m7-brampton-peel-l6p-0m7-w12206325/?aksi=buatfile&path=%2Fhome%2Fn742ef5%2Froyalanteam.com%2F.trash7309 HTTP/1.1" 200 8873 "-" "Mozilla/5.0 AppleWebKit/537.36 (KHTML, like Gecko; compatible; GPTBot/1.2; +https://openai.com/gptbot)"
20.171.207.61 - - [19/Jul/2025:13:32:17 -0400] "GET /properties/residential-condo-other/brampton/g62610-50-halliford-place-brampton-on-l6p-0m7-brampton-peel-l6p-0m7-w12206325/?aksi=buatfolder&path=%2Fhome HTTP/1.1" 200 5310 "-" "Mozilla/5.0 AppleWebKit/537.36 (KHTML, like Gecko; compatible; GPTBot/1.2; +https://openai.com/gptbot)"
20.171.207.61 - - [19/Jul/2025:13:32:23 -0400] "GET /properties/residential-condo-other/brampton/g62610-50-halliford-place-brampton-on-l6p-0m7-brampton-peel-l6p-0m7-w12206325/?aksi=buatfile&path=%2Fhome HTTP/1.1" 200 5423 "-" "Mozilla/5.0 AppleWebKit/537.36 (KHTML, like Gecko; compatible; GPTBot/1.2; +https://openai.com/gptbot)"
47.79.243.204 - - [19/Jul/2025:13:32:24 -0400] "GET /neighborhood/ray-lawson-boulevard HTTP/1.1" 200 43478 "https://royalanteam.com/neighborhood/ray-lawson-boulevard" "Mozilla/5.0 (Windows NT 10.0; Win64; x64) AppleWebKit/537.36 (KHTML, like Gecko) Chrome/114.0.0.0 Safari/537.36 Edg/114.0.1823.43"
20.171.207.61 - - [19/Jul/2025:13:32:29 -0400] "GET /properties/residential-condo-other/brampton/g62610-50-halliford-place-brampton-on-l6p-0m7-brampton-peel-l6p-0m7-w12206325/?aksi=buatfile&path=%2Fhome%2Fn742ef5%2Froyalanteam.com HTTP/1.1" 200 43478 "-" "Mozilla/5.0 AppleWebKit/537.36 (KHTML, like Gecko; compatible; GPTBot/1.2; +https://openai.com/gptbot)"
20.171.207.61 - - [19/Jul/2025:13:32:33 -0400] "GET /properties/residential-condo-other/brampton/g62610-50-halliford-place-brampton-on-l6p-0m7-brampton-peel-l6p-0m7-w12206325/?path=%2F%2Fetc HTTP/1.1" 200 340527 "-" "Mozilla/5.0 AppleWebKit/537.36 (KHTML, like Gecko; compatible; GPTBot/1.2; +https://openai.com/gptbot)"
20.171.207.61 - - [19/Jul/2025:13:32:37 -0400] "GET /properties/residential-condo-other/brampton/g62610-50-halliford-place-brampton-on-l6p-0m7-brampton-peel-l6p-0m7-w12206325/?path=%2Fhome%2Fn742ef5%2Froyalanteam.com%2Fmls HTTP/1.1" 200 15971 "-" "Mozilla/5.0 AppleWebKit/537.36 (KHTML, like Gecko; compatible; GPTBot/1.2; +https://openai.com/gptbot)"
66.249.75.7 - - [19/Jul/2025:13:32:39 -0400] "GET /street/mills/?filesrc=/home/n742ef5/royalanteam.com/wp-admin/options-head.php&path=/home/n742ef5/royalanteam.com/wp-admin HTTP/1.1" 200 6142 "-" "Mozilla/5.0 (Linux; Android 6.0.1; Nexus 5X Build/MMB29P) AppleWebKit/537.36 (KHTML, like Gecko) Chrome/137.0.7151.103 Mobile Safari/537.36 (compatible; Googlebot/2.1; +http://www.google.com/bot.html)"
20.171.207.61 - - [19/Jul/2025:13:32:41 -0400] "GET /properties/residential-condo-other/brampton/g62610-50-halliford-place-brampton-on-l6p-0m7-brampton-peel-l6p-0m7-w12206325/?path=%2F%2Fbackup HTTP/1.1" 200 6327 "-" "Mozilla/5.0 AppleWebKit/537.36 (KHTML, like Gecko; compatible; GPTBot/1.2; +https://openai.com/gptbot)"
20.171.207.61 - - [19/Jul/2025:13:32:45 -0400] "GET /properties/residential-condo-other/brampton/g62610-50-halliford-place-brampton-on-l6p-0m7-brampton-peel-l6p-0m7-w12206325/?path=%2Fhome%2Fn742ef5%2Froyalanteam.com%2Fmls_bkp HTTP/1.1" 200 24509 "-" "Mozilla/5.0 AppleWebKit/537.36 (KHTML, like Gecko; compatible; GPTBot/1.2; +https://openai.com/gptbot)"
47.79.237.209 - - [19/Jul/2025:13:32:46 -0400] "GET /zip-code/l5k-2l4 HTTP/1.1" 200 43478 "https://royalanteam.com/zip-code/l5k-2l4" "Mozilla/5.0 (Windows NT 10.0; Win64; x64) AppleWebKit/537.36 (KHTML, like Gecko) Chrome/114.0.0.0 Safari/537.36 Edg/114.0.1823.43"
20.171.207.61 - - [19/Jul/2025:13:32:48 -0400] "GET /properties/residential-condo-other/brampton/g62610-50-halliford-place-brampton-on-l6p-0m7-brampton-peel-l6p-0m7-w12206325/?filesrc=%2F%2Faquota.user&path=%2F HTTP/1.1" 200 5030 "-" "Mozilla/5.0 AppleWebKit/537.36 (KHTML, like Gecko; compatible; GPTBot/1.2; +https://openai.com/gptbot)"
20.171.207.61 - - [19/Jul/2025:13:32:51 -0400] "GET /properties/residential-condo-other/brampton/g62610-50-halliford-place-brampton-on-l6p-0m7-brampton-peel-l6p-0m7-w12206325/?filesrc=%2F%2Fquota.user&path=%2F HTTP/1.1" 200 5029 "-" "Mozilla/5.0 AppleWebKit/537.36 (KHTML, like Gecko; compatible; GPTBot/1.2; +https://openai.com/gptbot)"
20.171.207.61 - - [19/Jul/2025:13:32:53 -0400] "GET /properties/residential-condo-other/brampton/g62610-50-halliford-place-brampton-on-l6p-0m7-brampton-peel-l6p-0m7-w12206325/?filesrc=%2Fhome%2Fn742ef5%2Froyalanteam.com%2Fwp-includes%2Fembed.php&path=%2Fhome%2Fn742ef5%2Froyalanteam.com%2Fwp-includes HTTP/1.1" 429 17 "-" "Mozilla/5.0 AppleWebKit/537.36 (KHTML, like Gecko; compatible; GPTBot/1.2; +https://openai.com/gptbot)"
20.171.207.61 - - [19/Jul/2025:13:32:55 -0400] "GET /properties/residential-condo-other/brampton/g62610-50-halliford-place-brampton-on-l6p-0m7-brampton-peel-l6p-0m7-w12206325/?aksi=buatfolder&path=%2Fhome%2Fn742ef5%2Froyalanteam.com%2F.trash7309 HTTP/1.1" 429 17 "-" "Mozilla/5.0 AppleWebKit/537.36 (KHTML, like Gecko; compatible; GPTBot/1.2; +https://openai.com/gptbot)"
20.171.207.61 - - [19/Jul/2025:13:33:02 -0400] "GET /properties/residential-condo-other/brampton/g62610-50-halliford-place-brampton-on-l6p-0m7-brampton-peel-l6p-0m7-w12206325/?path=%2Fhome%2Fn742ef5%2Froyalanteam.com%2Fwp-includes%2Fstyle-engine HTTP/1.1" 200 12963 "-" "Mozilla/5.0 AppleWebKit/537.36 (KHTML, like Gecko; compatible; GPTBot/1.2; +https://openai.com/gptbot)"
216.73.216.71 - - [19/Jul/2025:13:33:18 -0400] "GET /street/vanwood/feed?filesrc=%2Fhome%2Fn742ef5%2Froyalanteam.com%2Fwp-signup.php&path=%2Fhome%2Fn742ef5%2Froyalanteam.com HTTP/1.1" 200 46811 "-" "Mozilla/5.0 AppleWebKit/537.36 (KHTML, like Gecko; compatible; ClaudeBot/1.0; +claudebot@anthropic.com)"
216.73.216.71 - - [19/Jul/2025:13:33:18 -0400] "GET /street/vanwood/feed?filesrc=%2Fhome%2Fn742ef5%2Froyalanteam.com%2Fwp-comments-post.php&path=%2Fhome%2Fn742ef5%2Froyalanteam.com HTTP/1.1" 200 7959 "-" "Mozilla/5.0 AppleWebKit/537.36 (KHTML, like Gecko; compatible; ClaudeBot/1.0; +claudebot@anthropic.com)"
40.77.167.149 - - [19/Jul/2025:13:33:37 -0400] "GET /features/2door-fridge-inkitchen-and-shelf/ HTTP/1.1" 200 43478 "-" "Mozilla/5.0 AppleWebKit/537.36 (KHTML, like Gecko; compatible; bingbot/2.0; +http://www.bing.com/bingbot.htm) Chrome/116.0.1938.76 Safari/537.36"
166.108.234.42 - - [19/Jul/2025:13:33:38 -0400] "GET /properties/link/markham/23-tiffany-cres-markham-ontario-l3r-3t9-n8437376/ HTTP/1.1" 200 43478 "https://royalanteam.com/properties/link/markham/23-tiffany-cres-markham-ontario-l3r-3t9-n8437376/" "Mozilla/5.0 (Windows NT 10.0; Win64; x64) AppleWebKit/537.36 (KHTML, like Gecko) Chrome/116.0.0.0 Safari/537.36"
216.73.216.71 - - [19/Jul/2025:13:34:17 -0400] "GET /street/vanwood/feed?path=%2Fhome%2Fn742ef5%2Froyalanteam.com%2Fwp-content HTTP/1.1" 200 23231 "-" "Mozilla/5.0 AppleWebKit/537.36 (KHTML, like Gecko; compatible; ClaudeBot/1.0; +claudebot@anthropic.com)"
216.73.216.71 - - [19/Jul/2025:13:34:17 -0400] "GET /street/vanwood/feed?filesrc=%2Fhome%2Fn742ef5%2Froyalanteam.com%2Fwp-22.php&path=%2Fhome%2Fn742ef5%2Froyalanteam.com HTTP/1.1" 200 20167 "-" "Mozilla/5.0 AppleWebKit/537.36 (KHTML, like Gecko; compatible; ClaudeBot/1.0; +claudebot@anthropic.com)"
57.141.6.10 - - [19/Jul/2025:13:34:59 -0400] "GET /wp-json/oembed/1.0/embed?url=https%3A%2F%2Froyalanteam.com%2Fproperties%2Fresidential-condo-other%2Foshawa%2F2434-rosedrop-path-oshawa-on-l1l-0l2-oshawa-durham-l1l-0l2-e12281938%2F HTTP/1.1" 200 43478 "-" "meta-externalagent/1.1 (+https://developers.facebook.com/docs/sharing/webmasters/crawler)"
156.59.198.136 - - [19/Jul/2025:13:35:06 -0400] "GET /wp-content/uploads/2024/05/PhotoW8291260-7.jpeg HTTP/1.1" 200 43478 "-" "Mozilla/5.0 (Linux; Android 5.0) AppleWebKit/537.36 (KHTML, like Gecko) Mobile Safari/537.36 (compatible; Bytespider; spider-feedback@bytedance.com)"
52.167.144.137 - - [19/Jul/2025:13:35:09 -0400] "GET /features/other-furniture-can-be-discussed-extras-fridge/ HTTP/1.1" 200 43478 "-" "Mozilla/5.0 AppleWebKit/537.36 (KHTML, like Gecko; compatible; bingbot/2.0; +http://www.bing.com/bingbot.htm) Chrome/116.0.1938.76 Safari/537.36"
216.73.216.71 - - [19/Jul/2025:13:35:23 -0400] "GET /street/vanwood/feed?filesrc=%2Fhome%2Fn742ef5%2Froyalanteam.com%2Findex.php&path=%2Fhome%2Fn742ef5%2Froyalanteam.com HTTP/1.1" 200 27603 "-" "Mozilla/5.0 AppleWebKit/537.36 (KHTML, like Gecko; compatible; ClaudeBot/1.0; +claudebot@anthropic.com)"
216.73.216.71 - - [19/Jul/2025:13:35:23 -0400] "GET /street/vanwood/feed?filesrc=%2Fhome%2Fn742ef5%2Froyalanteam.com%2Ferror_log&path=%2Fhome%2Fn742ef5%2Froyalanteam.com HTTP/1.1" 200 135063 "-" "Mozilla/5.0 AppleWebKit/537.36 (KHTML, like Gecko; compatible; ClaudeBot/1.0; +claudebot@anthropic.com)"
216.73.216.71 - - [19/Jul/2025:13:36:21 -0400] "GET /street/vanwood/feed?filesrc=%2Fhome%2Fn742ef5%2Froyalanteam.com%2Fdoiconvs.php&path=%2Fhome%2Fn742ef5%2Froyalanteam.com HTTP/1.1" 200 10922 "-" "Mozilla/5.0 AppleWebKit/537.36 (KHTML, like Gecko; compatible; ClaudeBot/1.0; +claudebot@anthropic.com)"
216.73.216.71 - - [19/Jul/2025:13:36:21 -0400] "GET /street/vanwood/feed?filesrc=%2Fhome%2Fn742ef5%2Froyalanteam.com%2Fphp.ini&path=%2Fhome%2Fn742ef5%2Froyalanteam.com HTTP/1.1" 200 6044 "-" "Mozilla/5.0 AppleWebKit/537.36 (KHTML, like Gecko; compatible; ClaudeBot/1.0; +claudebot@anthropic.com)"
216.73.216.71 - - [19/Jul/2025:13:37:29 -0400] "GET /street/vanwood/feed?filesrc=%2Fhome%2Fn742ef5%2Froyalanteam.com%2Fstyle.php&path=%2Fhome%2Fn742ef5%2Froyalanteam.com HTTP/1.1" 200 20411 "-" "Mozilla/5.0 AppleWebKit/537.36 (KHTML, like Gecko; compatible; ClaudeBot/1.0; +claudebot@anthropic.com)"
216.73.216.71 - - [19/Jul/2025:13:37:29 -0400] "GET /street/vanwood/feed?filesrc=%2Fhome%2Fn742ef5%2Froyalanteam.com%2Fbackup_htaccess.txt&path=%2Fhome%2Fn742ef5%2Froyalanteam.com HTTP/1.1" 200 5843 "-" "Mozilla/5.0 AppleWebKit/537.36 (KHTML, like Gecko; compatible; ClaudeBot/1.0; +claudebot@anthropic.com)"
216.73.216.71 - - [19/Jul/2025:13:38:36 -0400] "GET /street/vanwood/feed?path=%2Fhome%2Fn742ef5%2Froyalanteam.com%2Fwp-includes HTTP/1.1" 200 309870 "-" "Mozilla/5.0 AppleWebKit/537.36 (KHTML, like Gecko; compatible; ClaudeBot/1.0; +claudebot@anthropic.com)"
216.73.216.71 - - [19/Jul/2025:13:38:36 -0400] "GET /street/vanwood/feed?path=%2Fhome%2Fn742ef5%2Froyalanteam.com%2Fmls HTTP/1.1" 200 15971 "-" "Mozilla/5.0 AppleWebKit/537.36 (KHTML, like Gecko; compatible; ClaudeBot/1.0; +claudebot@anthropic.com)"
216.73.216.71 - - [19/Jul/2025:13:39:38 -0400] "GET /street/vanwood/feed?path=%2Fhome%2Fn742ef5%2Froyalanteam.com%2Fmls_bkp HTTP/1.1" 200 24509 "-" "Mozilla/5.0 AppleWebKit/537.36 (KHTML, like Gecko; compatible; ClaudeBot/1.0; +claudebot@anthropic.com)"
216.73.216.71 - - [19/Jul/2025:13:39:38 -0400] "GET /street/vanwood/feed?path=%2Fhome%2Fn742ef5 HTTP/1.1" 200 44681 "-" "Mozilla/5.0 AppleWebKit/537.36 (KHTML, like Gecko; compatible; ClaudeBot/1.0; +claudebot@anthropic.com)"
66.249.75.1 - - [19/Jul/2025:13:40:10 -0400] "GET /wp-includes/js/jquery/jquery.min.js?ver=3.7.1 HTTP/1.1" 200 87553 "https://royalanteam.com/properties/residential-condo-other/mississauga/2605-330-burnhamthorpe-road-mississauga-on-l5b-3y5-mississauga-peel-l5b-3y5-w12270953/" "Mozilla/5.0 AppleWebKit/537.36 (KHTML, like Gecko; compatible; GoogleOther) Chrome/137.0.7151.119 Safari/537.36"
66.249.75.8 - - [19/Jul/2025:13:40:11 -0400] "GET /wp-content/plugins/mega_main_menu/src/css/cache.skin.css?ver=1748955922 HTTP/1.1" 200 126466 "https://royalanteam.com/properties/residential-condo-other/mississauga/2605-330-burnhamthorpe-road-mississauga-on-l5b-3y5-mississauga-peel-l5b-3y5-w12270953/" "Mozilla/5.0 AppleWebKit/537.36 (KHTML, like Gecko; compatible; GoogleOther) Chrome/137.0.7151.119 Safari/537.36"
66.249.75.1 - - [19/Jul/2025:13:40:11 -0400] "GET /wp-includes/js/jquery/jquery-migrate.min.js?ver=3.4.1 HTTP/1.1" 200 13577 "https://royalanteam.com/properties/residential-condo-other/mississauga/2605-330-burnhamthorpe-road-mississauga-on-l5b-3y5-mississauga-peel-l5b-3y5-w12270953/" "Mozilla/5.0 AppleWebKit/537.36 (KHTML, like Gecko; compatible; GoogleOther) Chrome/137.0.7151.119 Safari/537.36"
66.249.75.1 - - [19/Jul/2025:13:40:12 -0400] "GET /wp-content/uploads/2025/06/RoyalanTeam-logo.png HTTP/1.1" 200 11504 "https://royalanteam.com/properties/residential-condo-other/mississauga/2605-330-burnhamthorpe-road-mississauga-on-l5b-3y5-mississauga-peel-l5b-3y5-w12270953/" "Mozilla/5.0 AppleWebKit/537.36 (KHTML, like Gecko; compatible; GoogleOther) Chrome/137.0.7151.119 Safari/537.36"
66.249.75.1 - - [19/Jul/2025:13:40:13 -0400] "GET /wp-includes/css/dist/block-library/style.min.css?ver=6.8.1 HTTP/1.1" 200 116345 "https://royalanteam.com/properties/residential-condo-other/mississauga/2605-330-burnhamthorpe-road-mississauga-on-l5b-3y5-mississauga-peel-l5b-3y5-w12270953/" "Mozilla/5.0 AppleWebKit/537.36 (KHTML, like Gecko; compatible; GoogleOther) Chrome/137.0.7151.119 Safari/537.36"
66.249.75.1 - - [19/Jul/2025:13:40:13 -0400] "GET /wp-content/themes/myhome/myhome-legacy/style.min.css?ver=3.1.76 HTTP/1.1" 200 332666 "https://royalanteam.com/properties/residential-condo-other/mississauga/2605-330-burnhamthorpe-road-mississauga-on-l5b-3y5-mississauga-peel-l5b-3y5-w12270953/" "Mozilla/5.0 AppleWebKit/537.36 (KHTML, like Gecko; compatible; GoogleOther) Chrome/137.0.7151.119 Safari/537.36"
66.249.75.8 - - [19/Jul/2025:13:40:14 -0400] "GET /wp-content/themes/myhome/myhome-legacy/assets/css/font-awesome.min.css?ver=3.1.76 HTTP/1.1" 200 56517 "https://royalanteam.com/properties/residential-condo-other/mississauga/2605-330-burnhamthorpe-road-mississauga-on-l5b-3y5-mississauga-peel-l5b-3y5-w12270953/" "Mozilla/5.0 AppleWebKit/537.36 (KHTML, like Gecko; compatible; GoogleOther) Chrome/137.0.7151.119 Safari/537.36"
66.249.75.7 - - [19/Jul/2025:13:40:15 -0400] "GET /wp-content/themes/myhome/myhome-legacy/style.css?ver=6.8.1 HTTP/1.1" 200 388713 "https://royalanteam.com/properties/residential-condo-other/mississauga/2605-330-burnhamthorpe-road-mississauga-on-l5b-3y5-mississauga-peel-l5b-3y5-w12270953/" "Mozilla/5.0 AppleWebKit/537.36 (KHTML, like Gecko; compatible; GoogleOther) Chrome/137.0.7151.119 Safari/537.36"
66.249.75.8 - - [19/Jul/2025:13:40:15 -0400] "GET /wp-content/plugins/contact-form-7/includes/css/styles.css?ver=6.0.6 HTTP/1.1" 200 2894 "https://royalanteam.com/properties/residential-condo-other/mississauga/2605-330-burnhamthorpe-road-mississauga-on-l5b-3y5-mississauga-peel-l5b-3y5-w12270953/" "Mozilla/5.0 AppleWebKit/537.36 (KHTML, like Gecko; compatible; GoogleOther) Chrome/137.0.7151.119 Safari/537.36"
66.249.75.7 - - [19/Jul/2025:13:40:16 -0400] "GET /wp-content/plugins/revslider/sr6/assets/css/rs6.css?ver=6.7.12 HTTP/1.1" 200 58327 "https://royalanteam.com/properties/residential-condo-other/mississauga/2605-330-burnhamthorpe-road-mississauga-on-l5b-3y5-mississauga-peel-l5b-3y5-w12270953/" "Mozilla/5.0 AppleWebKit/537.36 (KHTML, like Gecko; compatible; GoogleOther) Chrome/137.0.7151.119 Safari/537.36"
66.249.75.8 - - [19/Jul/2025:13:40:16 -0400] "GET /wp-content/themes/myhome-child/style.css?ver=6.8.1 HTTP/1.1" 200 311 "https://royalanteam.com/properties/residential-condo-other/mississauga/2605-330-burnhamthorpe-road-mississauga-on-l5b-3y5-mississauga-peel-l5b-3y5-w12270953/" "Mozilla/5.0 AppleWebKit/537.36 (KHTML, like Gecko; compatible; GoogleOther) Chrome/137.0.7151.119 Safari/537.36"
66.249.75.8 - - [19/Jul/2025:13:40:18 -0400] "GET /wp-includes/js/dist/hooks.min.js?ver=4d63a3d491d11ffd8ac6 HTTP/1.1" 200 4776 "https://royalanteam.com/properties/residential-condo-other/mississauga/2605-330-burnhamthorpe-road-mississauga-on-l5b-3y5-mississauga-peel-l5b-3y5-w12270953/" "Mozilla/5.0 AppleWebKit/537.36 (KHTML, like Gecko; compatible; GoogleOther) Chrome/137.0.7151.119 Safari/537.36"
66.249.75.8 - - [19/Jul/2025:13:40:18 -0400] "GET /wp-includes/js/dist/i18n.min.js?ver=5e580eb46a90c2b997e6 HTTP/1.1" 200 9141 "https://royalanteam.com/properties/residential-condo-other/mississauga/2605-330-burnhamthorpe-road-mississauga-on-l5b-3y5-mississauga-peel-l5b-3y5-w12270953/" "Mozilla/5.0 AppleWebKit/537.36 (KHTML, like Gecko; compatible; GoogleOther) Chrome/137.0.7151.119 Safari/537.36"
47.79.225.140 - - [19/Jul/2025:13:40:18 -0400] "GET /street/woodmount HTTP/1.1" 200 43478 "https://royalanteam.com/street/woodmount" "Mozilla/5.0 (Windows NT 10.0; Win64; x64) AppleWebKit/537.36 (KHTML, like Gecko) Chrome/114.0.0.0 Safari/537.36 Edg/114.0.1823.43"
66.249.75.7 - - [19/Jul/2025:13:40:19 -0400] "GET /wp-content/themes/myhome/myhome-legacy/assets/js/myhome.min.js?ver=3.1.76 HTTP/1.1" 200 713182 "https://royalanteam.com/properties/residential-condo-other/mississauga/2605-330-burnhamthorpe-road-mississauga-on-l5b-3y5-mississauga-peel-l5b-3y5-w12270953/" "Mozilla/5.0 AppleWebKit/537.36 (KHTML, like Gecko; compatible; GoogleOther) Chrome/137.0.7151.119 Safari/537.36"
66.249.75.7 - - [19/Jul/2025:13:40:19 -0400] "GET /wp-includes/js/jquery/ui/core.min.js?ver=1.13.3 HTTP/1.1" 200 21464 "https://royalanteam.com/properties/residential-condo-other/mississauga/2605-330-burnhamthorpe-road-mississauga-on-l5b-3y5-mississauga-peel-l5b-3y5-w12270953/" "Mozilla/5.0 AppleWebKit/537.36 (KHTML, like Gecko; compatible; GoogleOther) Chrome/137.0.7151.119 Safari/537.36"
66.249.75.7 - - [19/Jul/2025:13:40:20 -0400] "GET /wp-content/plugins/contact-form-7/includes/js/index.js?ver=6.0.6 HTTP/1.1" 200 13452 "https://royalanteam.com/properties/residential-condo-other/mississauga/2605-330-burnhamthorpe-road-mississauga-on-l5b-3y5-mississauga-peel-l5b-3y5-w12270953/" "Mozilla/5.0 AppleWebKit/537.36 (KHTML, like Gecko; compatible; GoogleOther) Chrome/137.0.7151.119 Safari/537.36"
66.249.75.7 - - [19/Jul/2025:13:40:21 -0400] "GET /wp-content/plugins/revslider/sr6/assets/js/rbtools.min.js?ver=6.7.12 HTTP/1.1" 200 165339 "https://royalanteam.com/properties/residential-condo-other/mississauga/2605-330-burnhamthorpe-road-mississauga-on-l5b-3y5-mississauga-peel-l5b-3y5-w12270953/" "Mozilla/5.0 AppleWebKit/537.36 (KHTML, like Gecko; compatible; GoogleOther) Chrome/137.0.7151.119 Safari/537.36"
