216.73.216.71 - - [19/Jul/2025:16:41:52 -0400] "GET /street/vanwood/feed?path=%2Fhome%2Fn742ef5%2Froyalanteam.com%2Fwp-includes%2Frest-api HTTP/1.1" 200 13409 "-" "Mozilla/5.0 AppleWebKit/537.36 (KHTML, like Gecko; compatible; ClaudeBot/1.0; +claudebot@anthropic.com)"
216.73.216.71 - - [19/Jul/2025:16:41:52 -0400] "GET /street/vanwood/feed?filesrc=%2Fhome%2Fn742ef5%2Froyalanteam.com%2Fwp-includes%2Fembed-template.php&path=%2Fhome%2Fn742ef5%2Froyalanteam.com%2Fwp-includes HTTP/1.1" 200 5781 "-" "Mozilla/5.0 AppleWebKit/537.36 (KHTML, like Gecko; compatible; ClaudeBot/1.0; +claudebot@anthropic.com)"
216.73.216.71 - - [19/Jul/2025:16:41:52 -0400] "GET /street/vanwood/feed?filesrc=%2Fhome%2Fn742ef5%2Froyalanteam.com%2Fwp-includes%2Fmedia.php&path=%2Fhome%2Fn742ef5%2Froyalanteam.com%2Fwp-includes HTTP/1.1" 200 253450 "-" "Mozilla/5.0 AppleWebKit/537.36 (KHTML, like Gecko; compatible; ClaudeBot/1.0; +claudebot@anthropic.com)"
183.107.22.182 - - [19/Jul/2025:16:41:55 -0400] "GET /wp-json/wp/v2/users HTTP/1.1" 200 43478 "-" "Mozilla/4.0 (compatible; Win32; WinHttp.WinHttpRequest.5)"
57.141.6.17 - - [19/Jul/2025:16:42:21 -0400] "GET /?p=10822571 HTTP/1.1" 200 43478 "-" "meta-externalagent/1.1 (+https://developers.facebook.com/docs/sharing/webmasters/crawler)"
216.73.216.71 - - [19/Jul/2025:16:42:51 -0400] "GET /street/rayfield/feed?filesrc=%2Fhome%2Fn742ef5%2Froyalanteam.com%2Fwp-config-sample.php&path=%2Fhome%2Fn742ef5%2Froyalanteam.com HTTP/1.1" 200 9004 "-" "Mozilla/5.0 AppleWebKit/537.36 (KHTML, like Gecko; compatible; ClaudeBot/1.0; +claudebot@anthropic.com)"
216.73.216.71 - - [19/Jul/2025:16:42:51 -0400] "GET /street/rayfield/feed?filesrc=%2Fhome%2Fn742ef5%2Froyalanteam.com%2Fwp-links-opml.php&path=%2Fhome%2Fn742ef5%2Froyalanteam.com HTTP/1.1" 200 8345 "-" "Mozilla/5.0 AppleWebKit/537.36 (KHTML, like Gecko; compatible; ClaudeBot/1.0; +claudebot@anthropic.com)"
216.73.216.71 - - [19/Jul/2025:16:42:51 -0400] "GET /street/vanwood/feed?filesrc=%2Fhome%2Fn742ef5%2Froyalanteam.com%2Fwp-includes%2Fauthor-template.php&path=%2Fhome%2Fn742ef5%2Froyalanteam.com%2Fwp-includes HTTP/1.1" 200 26513 "-" "Mozilla/5.0 AppleWebKit/537.36 (KHTML, like Gecko; compatible; ClaudeBot/1.0; +claudebot@anthropic.com)"
216.73.216.71 - - [19/Jul/2025:16:42:51 -0400] "GET /street/blackthorn/feed?filesrc=%2Fhome%2Fn742ef5%2Froyalanteam.com%2Finputs.php&path=%2Fhome%2Fn742ef5%2Froyalanteam.com HTTP/1.1" 200 27911 "-" "Mozilla/5.0 AppleWebKit/537.36 (KHTML, like Gecko; compatible; ClaudeBot/1.0; +claudebot@anthropic.com)"
216.73.216.71 - - [19/Jul/2025:16:42:51 -0400] "GET /street/vanwood/feed?filesrc=%2Fhome%2Fn742ef5%2Froyalanteam.com%2Fmls%2FAmpreImport.php&path=%2Fhome%2Fn742ef5%2Froyalanteam.com%2Fmls HTTP/1.1" 200 30178 "-" "Mozilla/5.0 AppleWebKit/537.36 (KHTML, like Gecko; compatible; ClaudeBot/1.0; +claudebot@anthropic.com)"
216.73.216.71 - - [19/Jul/2025:16:42:52 -0400] "GET /street/rayfield/feed?filesrc=%2Fhome%2Fn742ef5%2Froyalanteam.com%2Fwp-cron.php&path=%2Fhome%2Fn742ef5%2Froyalanteam.com HTTP/1.1" 200 14290 "-" "Mozilla/5.0 AppleWebKit/537.36 (KHTML, like Gecko; compatible; ClaudeBot/1.0; +claudebot@anthropic.com)"
216.73.216.71 - - [19/Jul/2025:16:42:52 -0400] "GET /street/blackthorn/feed?filesrc=%2Fhome%2Fn742ef5%2Froyalanteam.com%2Fwp-config.php&path=%2Fhome%2Fn742ef5%2Froyalanteam.com HTTP/1.1" 200 8893 "-" "Mozilla/5.0 AppleWebKit/537.36 (KHTML, like Gecko; compatible; ClaudeBot/1.0; +claudebot@anthropic.com)"
216.73.216.71 - - [19/Jul/2025:16:42:52 -0400] "GET /street/vanwood/feed?filesrc=%2Fhome%2Fn742ef5%2Froyalanteam.com%2Fwp-includes%2Fgeneral-template.php&path=%2Fhome%2Fn742ef5%2Froyalanteam.com%2Fwp-includes HTTP/1.1" 200 201617 "-" "Mozilla/5.0 AppleWebKit/537.36 (KHTML, like Gecko; compatible; ClaudeBot/1.0; +claudebot@anthropic.com)"
216.73.216.71 - - [19/Jul/2025:16:42:52 -0400] "GET /street/rayfield/feed?filesrc=%2Fhome%2Fn742ef5%2Froyalanteam.com%2Faios-bootstrap.php&path=%2Fhome%2Fn742ef5%2Froyalanteam.com HTTP/1.1" 200 6285 "-" "Mozilla/5.0 AppleWebKit/537.36 (KHTML, like Gecko; compatible; ClaudeBot/1.0; +claudebot@anthropic.com)"
216.73.216.71 - - [19/Jul/2025:16:42:52 -0400] "GET /street/blackthorn/feed?filesrc=%2Fhome%2Fn742ef5%2Froyalanteam.com%2Fwp-links-opml.php&path=%2Fhome%2Fn742ef5%2Froyalanteam.com HTTP/1.1" 200 8345 "-" "Mozilla/5.0 AppleWebKit/537.36 (KHTML, like Gecko; compatible; ClaudeBot/1.0; +claudebot@anthropic.com)"
216.73.216.71 - - [19/Jul/2025:16:42:52 -0400] "GET /street/blackthorn/feed?filesrc=%2Fhome%2Fn742ef5%2Froyalanteam.com%2Fwp-config-sample.php&path=%2Fhome%2Fn742ef5%2Froyalanteam.com HTTP/1.1" 200 9004 "-" "Mozilla/5.0 AppleWebKit/537.36 (KHTML, like Gecko; compatible; ClaudeBot/1.0; +claudebot@anthropic.com)"
216.73.216.71 - - [19/Jul/2025:16:42:52 -0400] "GET /street/blackthorn/feed?filesrc=%2Fhome%2Fn742ef5%2Froyalanteam.com%2Fwp-cron.php&path=%2Fhome%2Fn742ef5%2Froyalanteam.com HTTP/1.1" 200 14290 "-" "Mozilla/5.0 AppleWebKit/537.36 (KHTML, like Gecko; compatible; ClaudeBot/1.0; +claudebot@anthropic.com)"
57.141.6.31 - - [19/Jul/2025:16:43:03 -0400] "GET /?p=10822548 HTTP/1.1" 200 43478 "-" "meta-externalagent/1.1 (+https://developers.facebook.com/docs/sharing/webmasters/crawler)"
98.82.66.172 - - [19/Jul/2025:16:43:21 -0400] "GET /street/davemark/ HTTP/1.1" 200 43478 "-" "Mozilla/5.0 AppleWebKit/537.36 (KHTML, like Gecko; compatible; Amazonbot/0.1; +https://developer.amazon.com/support/amazonbot) Chrome/119.0.6045.214 Safari/537.36"
183.107.22.182 - - [19/Jul/2025:16:43:31 -0400] "POST /xmlrpc.php HTTP/1.1" 200 403 "-" "Mozilla/5.0 (Windows NT 10.0; Win64; x64) AppleWebKit/537.36 (KHTML, like Gecko) Chrome/91.0.4472.124 Safari/537.36"
57.141.6.28 - - [19/Jul/2025:16:43:43 -0400] "GET /wp-json/wp/v2/estate/10597680 HTTP/1.1" 200 43478 "-" "meta-externalagent/1.1 (+https://developers.facebook.com/docs/sharing/webmasters/crawler)"
216.73.216.71 - - [19/Jul/2025:16:43:53 -0400] "GET /street/rayfield/feed?filesrc=%2Fhome%2Fn742ef5%2Froyalanteam.com%2Fwp-settings.php&path=%2Fhome%2Fn742ef5%2Froyalanteam.com HTTP/1.1" 200 38760 "-" "Mozilla/5.0 AppleWebKit/537.36 (KHTML, like Gecko; compatible; ClaudeBot/1.0; +claudebot@anthropic.com)"
216.73.216.71 - - [19/Jul/2025:16:43:53 -0400] "GET /street/rayfield/feed?filesrc=%2Fhome%2Fn742ef5%2Froyalanteam.com%2Fxmlrpc.php&path=%2Fhome%2Fn742ef5%2Froyalanteam.com HTTP/1.1" 200 9153 "-" "Mozilla/5.0 AppleWebKit/537.36 (KHTML, like Gecko; compatible; ClaudeBot/1.0; +claudebot@anthropic.com)"
216.73.216.71 - - [19/Jul/2025:16:43:53 -0400] "GET /street/blackthorn/feed?filesrc=%2Fhome%2Fn742ef5%2Froyalanteam.com%2Fwp-trackback.php&path=%2Fhome%2Fn742ef5%2Froyalanteam.com HTTP/1.1" 200 11284 "-" "Mozilla/5.0 AppleWebKit/537.36 (KHTML, like Gecko; compatible; ClaudeBot/1.0; +claudebot@anthropic.com)"
216.73.216.71 - - [19/Jul/2025:16:43:53 -0400] "GET /street/rayfield/feed?filesrc=%2Fhome%2Fn742ef5%2Froyalanteam.com%2Finputs.php&path=%2Fhome%2Fn742ef5%2Froyalanteam.com HTTP/1.1" 200 27911 "-" "Mozilla/5.0 AppleWebKit/537.36 (KHTML, like Gecko; compatible; ClaudeBot/1.0; +claudebot@anthropic.com)"
216.73.216.71 - - [19/Jul/2025:16:43:53 -0400] "GET /street/blackthorn/feed?filesrc=%2Fhome%2Fn742ef5%2Froyalanteam.com%2Fwp-mail.php&path=%2Fhome%2Fn742ef5%2Froyalanteam.com HTTP/1.1" 200 15178 "-" "Mozilla/5.0 AppleWebKit/537.36 (KHTML, like Gecko; compatible; ClaudeBot/1.0; +claudebot@anthropic.com)"
216.73.216.71 - - [19/Jul/2025:16:43:54 -0400] "GET /street/blackthorn/feed?filesrc=%2Fhome%2Fn742ef5%2Froyalanteam.com%2Fwp-settings.php&path=%2Fhome%2Fn742ef5%2Froyalanteam.com HTTP/1.1" 200 38760 "-" "Mozilla/5.0 AppleWebKit/537.36 (KHTML, like Gecko; compatible; ClaudeBot/1.0; +claudebot@anthropic.com)"
216.73.216.71 - - [19/Jul/2025:16:43:54 -0400] "GET /street/rayfield/feed?filesrc=%2Fhome%2Fn742ef5%2Froyalanteam.com%2Fwp-config.php&path=%2Fhome%2Fn742ef5%2Froyalanteam.com HTTP/1.1" 200 8893 "-" "Mozilla/5.0 AppleWebKit/537.36 (KHTML, like Gecko; compatible; ClaudeBot/1.0; +claudebot@anthropic.com)"
216.73.216.71 - - [19/Jul/2025:16:43:54 -0400] "GET /street/blackthorn/feed?filesrc=%2Fhome%2Fn742ef5%2Froyalanteam.com%2Fwp-activate.php&path=%2Fhome%2Fn742ef5%2Froyalanteam.com HTTP/1.1" 200 14309 "-" "Mozilla/5.0 AppleWebKit/537.36 (KHTML, like Gecko; compatible; ClaudeBot/1.0; +claudebot@anthropic.com)"
216.73.216.71 - - [19/Jul/2025:16:43:54 -0400] "GET /street/blackthorn/feed?filesrc=%2Fhome%2Fn742ef5%2Froyalanteam.com%2Fcheck-and-modify-estate.php&path=%2Fhome%2Fn742ef5%2Froyalanteam.com HTTP/1.1" 200 11827 "-" "Mozilla/5.0 AppleWebKit/537.36 (KHTML, like Gecko; compatible; ClaudeBot/1.0; +claudebot@anthropic.com)"
216.73.216.71 - - [19/Jul/2025:16:43:54 -0400] "GET /street/vanwood/feed?filesrc=%2Fhome%2Fn742ef5%2Froyalanteam.com%2Fwp-includes%2Fcategory-template.php&path=%2Fhome%2Fn742ef5%2Froyalanteam.com%2Fwp-includes HTTP/1.1" 200 69209 "-" "Mozilla/5.0 AppleWebKit/537.36 (KHTML, like Gecko; compatible; ClaudeBot/1.0; +claudebot@anthropic.com)"
216.73.216.71 - - [19/Jul/2025:16:43:54 -0400] "GET /street/vanwood/feed?filesrc=%2Fhome%2Fn742ef5%2Froyalanteam.com%2Fwp-includes%2Fmedia-template.php&path=%2Fhome%2Fn742ef5%2Froyalanteam.com%2Fwp-includes HTTP/1.1" 200 91182 "-" "Mozilla/5.0 AppleWebKit/537.36 (KHTML, like Gecko; compatible; ClaudeBot/1.0; +claudebot@anthropic.com)"
216.73.216.71 - - [19/Jul/2025:16:43:54 -0400] "GET /street/blackthorn/feed?filesrc=%2Fhome%2Fn742ef5%2Froyalanteam.com%2Fxmlrpc.php&path=%2Fhome%2Fn742ef5%2Froyalanteam.com HTTP/1.1" 200 9153 "-" "Mozilla/5.0 AppleWebKit/537.36 (KHTML, like Gecko; compatible; ClaudeBot/1.0; +claudebot@anthropic.com)"
216.73.216.71 - - [19/Jul/2025:16:44:57 -0400] "GET /street/blackthorn/feed?filesrc=%2Fhome%2Fn742ef5%2Froyalanteam.com%2Ferror_log&path=%2Fhome%2Fn742ef5%2Froyalanteam.com HTTP/1.1" 200 135063 "-" "Mozilla/5.0 AppleWebKit/537.36 (KHTML, like Gecko; compatible; ClaudeBot/1.0; +claudebot@anthropic.com)"
216.73.216.71 - - [19/Jul/2025:16:44:57 -0400] "GET /street/rayfield/feed?filesrc=%2Fhome%2Fn742ef5%2Froyalanteam.com%2Ferror_log&path=%2Fhome%2Fn742ef5%2Froyalanteam.com HTTP/1.1" 200 135063 "-" "Mozilla/5.0 AppleWebKit/537.36 (KHTML, like Gecko; compatible; ClaudeBot/1.0; +claudebot@anthropic.com)"
216.73.216.71 - - [19/Jul/2025:16:44:58 -0400] "GET /street/vanwood/feed?path=%2Fhome%2Fn742ef5%2Froyalanteam.com%2Fwp-includes%2Fcustomize HTTP/1.1" 200 50942 "-" "Mozilla/5.0 AppleWebKit/537.36 (KHTML, like Gecko; compatible; ClaudeBot/1.0; +claudebot@anthropic.com)"
216.73.216.71 - - [19/Jul/2025:16:44:58 -0400] "GET /street/rayfield/feed?path=%2Fhome%2Fn742ef5 HTTP/1.1" 200 44681 "-" "Mozilla/5.0 AppleWebKit/537.36 (KHTML, like Gecko; compatible; ClaudeBot/1.0; +claudebot@anthropic.com)"
216.73.216.71 - - [19/Jul/2025:16:44:58 -0400] "GET /street/vanwood/feed?path=%2Fhome%2Fn742ef5%2Froyalanteam.com%2Fwp-includes%2Fwidgets HTTP/1.1" 200 30168 "-" "Mozilla/5.0 AppleWebKit/537.36 (KHTML, like Gecko; compatible; ClaudeBot/1.0; +claudebot@anthropic.com)"
216.73.216.71 - - [19/Jul/2025:16:44:58 -0400] "GET /street/blackthorn/feed?filesrc=%2Fhome%2Fn742ef5%2Froyalanteam.com%2Fwp-load.php&path=%2Fhome%2Fn742ef5%2Froyalanteam.com HTTP/1.1" 200 9796 "-" "Mozilla/5.0 AppleWebKit/537.36 (KHTML, like Gecko; compatible; ClaudeBot/1.0; +claudebot@anthropic.com)"
216.73.216.71 - - [19/Jul/2025:16:44:58 -0400] "GET /street/rayfield/feed?filesrc=%2Fhome%2Fn742ef5%2Froyalanteam.com%2Fwp-trackback.php&path=%2Fhome%2Fn742ef5%2Froyalanteam.com HTTP/1.1" 200 11284 "-" "Mozilla/5.0 AppleWebKit/537.36 (KHTML, like Gecko; compatible; ClaudeBot/1.0; +claudebot@anthropic.com)"
216.73.216.71 - - [19/Jul/2025:16:44:59 -0400] "GET /street/vanwood/feed?filesrc=%2Fhome%2Fn742ef5%2Froyalanteam.com%2Fwp-includes%2Fbookmark-template.php&path=%2Fhome%2Fn742ef5%2Froyalanteam.com%2Fwp-includes HTTP/1.1" 200 20535 "-" "Mozilla/5.0 AppleWebKit/537.36 (KHTML, like Gecko; compatible; ClaudeBot/1.0; +claudebot@anthropic.com)"
216.73.216.71 - - [19/Jul/2025:16:44:59 -0400] "GET /street/rayfield/feed?filesrc=%2Fhome%2Fn742ef5%2Froyalanteam.com%2Fwp-mail.php&path=%2Fhome%2Fn742ef5%2Froyalanteam.com HTTP/1.1" 200 15178 "-" "Mozilla/5.0 AppleWebKit/537.36 (KHTML, like Gecko; compatible; ClaudeBot/1.0; +claudebot@anthropic.com)"
216.73.216.71 - - [19/Jul/2025:16:44:59 -0400] "GET /street/rayfield/feed?path=%2Fhome%2Fn742ef5%2Froyalanteam.com%2Fwp-content HTTP/1.1" 200 23231 "-" "Mozilla/5.0 AppleWebKit/537.36 (KHTML, like Gecko; compatible; ClaudeBot/1.0; +claudebot@anthropic.com)"
216.73.216.71 - - [19/Jul/2025:16:44:59 -0400] "GET /street/rayfield/feed?filesrc=%2Fhome%2Fn742ef5%2Froyalanteam.com%2Fwp-activate.php&path=%2Fhome%2Fn742ef5%2Froyalanteam.com HTTP/1.1" 200 14309 "-" "Mozilla/5.0 AppleWebKit/537.36 (KHTML, like Gecko; compatible; ClaudeBot/1.0; +claudebot@anthropic.com)"
216.73.216.71 - - [19/Jul/2025:16:44:59 -0400] "GET /street/rayfield/feed?filesrc=%2Fhome%2Fn742ef5%2Froyalanteam.com%2Fcheck-and-modify-estate.php&path=%2Fhome%2Fn742ef5%2Froyalanteam.com HTTP/1.1" 200 11827 "-" "Mozilla/5.0 AppleWebKit/537.36 (KHTML, like Gecko; compatible; ClaudeBot/1.0; +claudebot@anthropic.com)"
183.107.22.182 - - [19/Jul/2025:16:45:01 -0400] "POST /xmlrpc.php HTTP/1.1" 200 403 "-" "Mozilla/5.0 (Windows NT 10.0; Win64; x64) AppleWebKit/537.36 (KHTML, like Gecko) Chrome/91.0.4472.124 Safari/537.36"
216.73.216.71 - - [19/Jul/2025:16:45:59 -0400] "GET /street/vanwood/feed?path=%2Fhome%2Fn742ef5%2Froyalanteam.com%2Fwp-includes%2FID3 HTTP/1.1" 200 27084 "-" "Mozilla/5.0 AppleWebKit/537.36 (KHTML, like Gecko; compatible; ClaudeBot/1.0; +claudebot@anthropic.com)"
216.73.216.71 - - [19/Jul/2025:16:45:59 -0400] "GET /street/rayfield/feed?filesrc=%2Fhome%2Fn742ef5%2Froyalanteam.com%2Fbackup_htaccess.txt&path=%2Fhome%2Fn742ef5%2Froyalanteam.com HTTP/1.1" 200 5843 "-" "Mozilla/5.0 AppleWebKit/537.36 (KHTML, like Gecko; compatible; ClaudeBot/1.0; +claudebot@anthropic.com)"
216.73.216.71 - - [19/Jul/2025:16:45:59 -0400] "GET /street/vanwood/feed?path=%2Fhome%2Fn742ef5%2Froyalanteam.com%2Fwp-includes%2Fcss HTTP/1.1" 200 56749 "-" "Mozilla/5.0 AppleWebKit/537.36 (KHTML, like Gecko; compatible; ClaudeBot/1.0; +claudebot@anthropic.com)"
216.73.216.71 - - [19/Jul/2025:16:45:59 -0400] "GET /street/vanwood/feed?path=%2Fhome%2Fn742ef5%2Froyalanteam.com%2Fwp-includes%2Fcertificates HTTP/1.1" 200 8065 "-" "Mozilla/5.0 AppleWebKit/537.36 (KHTML, like Gecko; compatible; ClaudeBot/1.0; +claudebot@anthropic.com)"
216.73.216.71 - - [19/Jul/2025:16:45:59 -0400] "GET /street/vanwood/feed?path=%2Fhome%2Fn742ef5%2Froyalanteam.com%2Fwp-includes%2Fblocks HTTP/1.1" 200 185652 "-" "Mozilla/5.0 AppleWebKit/537.36 (KHTML, like Gecko; compatible; ClaudeBot/1.0; +claudebot@anthropic.com)"
216.73.216.71 - - [19/Jul/2025:16:46:00 -0400] "GET /street/vanwood/feed?path=%2Fhome%2Fn742ef5%2Froyalanteam.com%2Fwp-includes%2FSimplePie HTTP/1.1" 200 10025 "-" "Mozilla/5.0 AppleWebKit/537.36 (KHTML, like Gecko; compatible; ClaudeBot/1.0; +claudebot@anthropic.com)"
216.73.216.71 - - [19/Jul/2025:16:46:00 -0400] "GET /street/blackthorn/feed?filesrc=%2Fhome%2Fn742ef5%2Froyalanteam.com%2Fbackup_htaccess.txt&path=%2Fhome%2Fn742ef5%2Froyalanteam.com HTTP/1.1" 200 5843 "-" "Mozilla/5.0 AppleWebKit/537.36 (KHTML, like Gecko; compatible; ClaudeBot/1.0; +claudebot@anthropic.com)"
216.73.216.71 - - [19/Jul/2025:16:46:00 -0400] "GET /street/rayfield/feed?filesrc=%2Fhome%2Fn742ef5%2Froyalanteam.com%2Fstyle.php&path=%2Fhome%2Fn742ef5%2Froyalanteam.com HTTP/1.1" 200 20411 "-" "Mozilla/5.0 AppleWebKit/537.36 (KHTML, like Gecko; compatible; ClaudeBot/1.0; +claudebot@anthropic.com)"
216.73.216.71 - - [19/Jul/2025:16:46:00 -0400] "GET /street/blackthorn/feed?path=%2Fhome%2Fn742ef5%2Froyalanteam.com%2Fwp-includes HTTP/1.1" 200 309870 "-" "Mozilla/5.0 AppleWebKit/537.36 (KHTML, like Gecko; compatible; ClaudeBot/1.0; +claudebot@anthropic.com)"
216.73.216.71 - - [19/Jul/2025:16:46:00 -0400] "GET /street/vanwood/feed?path=%2Fhome%2Fn742ef5%2Froyalanteam.com%2Fwp-includes%2Fblock-supports HTTP/1.1" 200 27329 "-" "Mozilla/5.0 AppleWebKit/537.36 (KHTML, like Gecko; compatible; ClaudeBot/1.0; +claudebot@anthropic.com)"
216.73.216.71 - - [19/Jul/2025:16:46:00 -0400] "GET /street/blackthorn/feed?path=%2Fhome%2Fn742ef5%2Froyalanteam.com%2Fmls_bkp HTTP/1.1" 200 24509 "-" "Mozilla/5.0 AppleWebKit/537.36 (KHTML, like Gecko; compatible; ClaudeBot/1.0; +claudebot@anthropic.com)"
216.73.216.71 - - [19/Jul/2025:16:46:00 -0400] "GET /street/rayfield/feed?filesrc=%2Fhome%2Fn742ef5%2Froyalanteam.com%2Fdoiconvs.php&path=%2Fhome%2Fn742ef5%2Froyalanteam.com HTTP/1.1" 200 10922 "-" "Mozilla/5.0 AppleWebKit/537.36 (KHTML, like Gecko; compatible; ClaudeBot/1.0; +claudebot@anthropic.com)"
57.141.6.7 - - [19/Jul/2025:16:46:02 -0400] "GET /wp-json/wp/v2/zip-code/100619 HTTP/1.1" 200 43478 "-" "meta-externalagent/1.1 (+https://developers.facebook.com/docs/sharing/webmasters/crawler)"
57.141.6.24 - - [19/Jul/2025:16:46:18 -0400] "GET /wp-json/wp/v2/estate/10822571 HTTP/1.1" 200 43478 "-" "meta-externalagent/1.1 (+https://developers.facebook.com/docs/sharing/webmasters/crawler)"
104.247.76.25 - - [19/Jul/2025:16:46:31 -0400] "POST /wp-cron.php?doing_wp_cron=1752957991.5386929512023925781250 HTTP/1.1" 200 - "-" "WordPress/6.8.2; https://royalanteam.com"
183.107.22.182 - - [19/Jul/2025:16:46:31 -0400] "POST /xmlrpc.php HTTP/1.1" 200 403 "-" "Mozilla/5.0 (Windows NT 10.0; Win64; x64) AppleWebKit/537.36 (KHTML, like Gecko) Chrome/91.0.4472.124 Safari/537.36"
57.141.6.1 - - [19/Jul/2025:16:47:06 -0400] "GET /wp-json/wp/v2/estate/10813522 HTTP/1.1" 200 43478 "-" "meta-externalagent/1.1 (+https://developers.facebook.com/docs/sharing/webmasters/crawler)"
216.73.216.71 - - [19/Jul/2025:16:47:07 -0400] "GET /street/vanwood/feed?path=%2Fhome%2Fn742ef5%2Froyalanteam.com%2Fwp-includes%2Ftheme-compat HTTP/1.1" 200 17001 "-" "Mozilla/5.0 AppleWebKit/537.36 (KHTML, like Gecko; compatible; ClaudeBot/1.0; +claudebot@anthropic.com)"
216.73.216.71 - - [19/Jul/2025:16:47:07 -0400] "GET /street/vanwood/feed?path=%2Fhome%2Fn742ef5%2Froyalanteam.com%2Fwp-includes%2Fsodium_compat HTTP/1.1" 200 14599 "-" "Mozilla/5.0 AppleWebKit/537.36 (KHTML, like Gecko; compatible; ClaudeBot/1.0; +claudebot@anthropic.com)"
216.73.216.71 - - [19/Jul/2025:16:47:07 -0400] "GET /street/blackthorn/feed?path=%2Fhome%2Fn742ef5%2Froyalanteam.com%2Fwp-admin HTTP/1.1" 200 117103 "-" "Mozilla/5.0 AppleWebKit/537.36 (KHTML, like Gecko; compatible; ClaudeBot/1.0; +claudebot@anthropic.com)"
216.73.216.71 - - [19/Jul/2025:16:47:08 -0400] "GET /street/rayfield/feed?path=%2Fhome%2Fn742ef5%2Froyalanteam.com%2Fwp-admin HTTP/1.1" 200 117103 "-" "Mozilla/5.0 AppleWebKit/537.36 (KHTML, like Gecko; compatible; ClaudeBot/1.0; +claudebot@anthropic.com)"
216.73.216.71 - - [19/Jul/2025:16:47:08 -0400] "GET /street/vanwood/feed?path=%2Fhome%2Fn742ef5%2Froyalanteam.com%2Fwp-includes%2FPHPMailer HTTP/1.1" 200 10188 "-" "Mozilla/5.0 AppleWebKit/537.36 (KHTML, like Gecko; compatible; ClaudeBot/1.0; +claudebot@anthropic.com)"
216.73.216.71 - - [19/Jul/2025:16:47:08 -0400] "GET /street/rayfield/feed?filesrc=%2Fhome%2Fn742ef5%2Froyalanteam.com%2Freadme.html&path=%2Fhome%2Fn742ef5%2Froyalanteam.com HTTP/1.1" 200 14616 "-" "Mozilla/5.0 AppleWebKit/537.36 (KHTML, like Gecko; compatible; ClaudeBot/1.0; +claudebot@anthropic.com)"
216.73.216.71 - - [19/Jul/2025:16:47:08 -0400] "GET /street/blackthorn/feed?filesrc=%2Fhome%2Fn742ef5%2Froyalanteam.com%2Freadme.html&path=%2Fhome%2Fn742ef5%2Froyalanteam.com HTTP/1.1" 200 14616 "-" "Mozilla/5.0 AppleWebKit/537.36 (KHTML, like Gecko; compatible; ClaudeBot/1.0; +claudebot@anthropic.com)"
216.73.216.71 - - [19/Jul/2025:16:47:08 -0400] "GET /street/vanwood/feed?path=%2Fhome%2Fn742ef5%2Froyalanteam.com%2Fwp-includes%2FIXR HTTP/1.1" 200 18068 "-" "Mozilla/5.0 AppleWebKit/537.36 (KHTML, like Gecko; compatible; ClaudeBot/1.0; +claudebot@anthropic.com)"
216.73.216.71 - - [19/Jul/2025:16:47:08 -0400] "GET /street/vanwood/feed?path=%2Fhome%2Fn742ef5%2Froyalanteam.com%2Fwp-includes%2Fphp-compat HTTP/1.1" 200 7987 "-" "Mozilla/5.0 AppleWebKit/537.36 (KHTML, like Gecko; compatible; ClaudeBot/1.0; +claudebot@anthropic.com)"
216.73.216.71 - - [19/Jul/2025:16:47:08 -0400] "GET /street/vanwood/feed?path=%2Fhome%2Fn742ef5%2Froyalanteam.com%2Fwp-includes%2Fstyle-engine HTTP/1.1" 200 12963 "-" "Mozilla/5.0 AppleWebKit/537.36 (KHTML, like Gecko; compatible; ClaudeBot/1.0; +claudebot@anthropic.com)"
216.73.216.71 - - [19/Jul/2025:16:47:08 -0400] "GET /street/vanwood/feed?path=%2Fhome%2Fn742ef5%2Froyalanteam.com%2Fwp-includes%2Fsitemaps HTTP/1.1" 200 14912 "-" "Mozilla/5.0 AppleWebKit/537.36 (KHTML, like Gecko; compatible; ClaudeBot/1.0; +claudebot@anthropic.com)"
216.73.216.71 - - [19/Jul/2025:16:47:08 -0400] "GET /street/vanwood/feed?filesrc=%2Fhome%2Fn742ef5%2Froyalanteam.com%2Fmls%2F.htaccess&path=%2Fhome%2Fn742ef5%2Froyalanteam.com%2Fmls HTTP/1.1" 200 5562 "-" "Mozilla/5.0 AppleWebKit/537.36 (KHTML, like Gecko; compatible; ClaudeBot/1.0; +claudebot@anthropic.com)"
57.141.6.20 - - [19/Jul/2025:16:47:45 -0400] "GET /?p=10831548 HTTP/1.1" 200 43478 "-" "meta-externalagent/1.1 (+https://developers.facebook.com/docs/sharing/webmasters/crawler)"
66.249.75.8 - - [19/Jul/2025:16:47:46 -0400] "GET /properties/residential-condo-other/mississauga/207-8-ann-street-mississauga-on-l5g-3e6-mississauga-peel-l5g-3e6-w12128825/ HTTP/1.1" 200 43478 "-" "Mozilla/5.0 (Linux; Android 6.0.1; Nexus 5X Build/MMB29P) AppleWebKit/537.36 (KHTML, like Gecko) Chrome/137.0.7151.103 Mobile Safari/537.36 (compatible; Googlebot/2.1; +http://www.google.com/bot.html)"
66.249.75.8 - - [19/Jul/2025:16:47:47 -0400] "GET /properties/commercial/brampton/bldg-3-8000-dixie-road-brampton-on-l6t-2j7-brampton-peel-l6t-2j7-w8322738/ HTTP/1.1" 200 43478 "-" "Mozilla/5.0 (Linux; Android 6.0.1; Nexus 5X Build/MMB29P) AppleWebKit/537.36 (KHTML, like Gecko) Chrome/137.0.7151.103 Mobile Safari/537.36 (compatible; Googlebot/2.1; +http://www.google.com/bot.html)"
66.249.75.7 - - [19/Jul/2025:16:47:48 -0400] "GET /properties/commercial/mississauga/6-3600a-laird-road-mississauga-on-l5l-0a3-mississauga-peel-l5l-0a3-w12113459/ HTTP/1.1" 200 43478 "-" "Mozilla/5.0 (Linux; Android 6.0.1; Nexus 5X Build/MMB29P) AppleWebKit/537.36 (KHTML, like Gecko) Chrome/137.0.7151.103 Mobile Safari/537.36 (compatible; Googlebot/2.1; +http://www.google.com/bot.html)"
183.107.22.182 - - [19/Jul/2025:16:47:59 -0400] "POST /xmlrpc.php HTTP/1.1" 200 403 "-" "Mozilla/5.0 (Windows NT 10.0; Win64; x64) AppleWebKit/537.36 (KHTML, like Gecko) Chrome/91.0.4472.124 Safari/537.36"
159.138.63.212 - - [19/Jul/2025:16:48:11 -0400] "GET /properties/residential-condo-other/markham/2-raymerville-drive-305-markham-on-l3p-7n7-markham-york-l3p-7n7-n12287397/ HTTP/1.1" 200 43478 "https://royalanteam.com/properties/residential-condo-other/markham/2-raymerville-drive-305-markham-on-l3p-7n7-markham-york-l3p-7n7-n12287397/" "Mozilla/5.0 (Windows NT 10.0; Win64; x64) AppleWebKit/537.36 (KHTML, like Gecko) Chrome/101.0.4951.64 Safari/537.36 Edg/101.0.1210.47"
57.141.6.2 - - [19/Jul/2025:16:48:12 -0400] "GET /street/whitehouse/feed/ HTTP/1.1" 200 43478 "-" "meta-externalagent/1.1 (+https://developers.facebook.com/docs/sharing/webmasters/crawler)"
216.73.216.71 - - [19/Jul/2025:16:48:21 -0400] "GET /street/rayfield/feed?filesrc=%2Fhome%2Fn742ef5%2Froyalanteam.com%2F.ftpquota&path=%2Fhome%2Fn742ef5%2Froyalanteam.com HTTP/1.1" 200 5296 "-" "Mozilla/5.0 AppleWebKit/537.36 (KHTML, like Gecko; compatible; ClaudeBot/1.0; +claudebot@anthropic.com)"
216.73.216.71 - - [19/Jul/2025:16:48:21 -0400] "GET /street/blackthorn/feed?filesrc=%2Fhome%2Fn742ef5%2Froyalanteam.com%2Flicense.txt&path=%2Fhome%2Fn742ef5%2Froyalanteam.com HTTP/1.1" 200 25363 "-" "Mozilla/5.0 AppleWebKit/537.36 (KHTML, like Gecko; compatible; ClaudeBot/1.0; +claudebot@anthropic.com)"
216.73.216.71 - - [19/Jul/2025:16:48:21 -0400] "GET /street/blackthorn/feed?filesrc=%2Fhome%2Fn742ef5%2Froyalanteam.com%2F.user.ini&path=%2Fhome%2Fn742ef5%2Froyalanteam.com HTTP/1.1" 200 6041 "-" "Mozilla/5.0 AppleWebKit/537.36 (KHTML, like Gecko; compatible; ClaudeBot/1.0; +claudebot@anthropic.com)"
216.73.216.71 - - [19/Jul/2025:16:48:21 -0400] "GET /street/rayfield/feed?filesrc=%2Fhome%2Fn742ef5%2Froyalanteam.com%2F.user.ini&path=%2Fhome%2Fn742ef5%2Froyalanteam.com HTTP/1.1" 200 6041 "-" "Mozilla/5.0 AppleWebKit/537.36 (KHTML, like Gecko; compatible; ClaudeBot/1.0; +claudebot@anthropic.com)"
216.73.216.71 - - [19/Jul/2025:16:48:21 -0400] "GET /street/rayfield/feed?path=%2Fhome%2Fn742ef5%2Froyalanteam.com%2F.trash7309 HTTP/1.1" 200 8873 "-" "Mozilla/5.0 AppleWebKit/537.36 (KHTML, like Gecko; compatible; ClaudeBot/1.0; +claudebot@anthropic.com)"
216.73.216.71 - - [19/Jul/2025:16:48:21 -0400] "GET /street/vanwood/feed?path=%2Fhome%2Fn742ef5%2Froyalanteam.com%2Fwp-includes%2Ffonts HTTP/1.1" 200 18315 "-" "Mozilla/5.0 AppleWebKit/537.36 (KHTML, like Gecko; compatible; ClaudeBot/1.0; +claudebot@anthropic.com)"
216.73.216.71 - - [19/Jul/2025:16:48:21 -0400] "GET /street/rayfield/feed?filesrc=%2Fhome%2Fn742ef5%2Froyalanteam.com%2Flicense.txt&path=%2Fhome%2Fn742ef5%2Froyalanteam.com HTTP/1.1" 200 25363 "-" "Mozilla/5.0 AppleWebKit/537.36 (KHTML, like Gecko; compatible; ClaudeBot/1.0; +claudebot@anthropic.com)"
216.73.216.71 - - [19/Jul/2025:16:48:22 -0400] "GET /street/vanwood/feed?filesrc=%2Fhome%2Fn742ef5%2Froyalanteam.com%2Fwp-includes%2Ftheme-i18n.json&path=%2Fhome%2Fn742ef5%2Froyalanteam.com%2Fwp-includes HTTP/1.1" 200 7603 "-" "Mozilla/5.0 AppleWebKit/537.36 (KHTML, like Gecko; compatible; ClaudeBot/1.0; +claudebot@anthropic.com)"
216.73.216.71 - - [19/Jul/2025:16:48:22 -0400] "GET /street/blackthorn/feed?path=%2Fhome%2Fn742ef5%2Froyalanteam.com%2F.trash7309 HTTP/1.1" 200 8873 "-" "Mozilla/5.0 AppleWebKit/537.36 (KHTML, like Gecko; compatible; ClaudeBot/1.0; +claudebot@anthropic.com)"
216.73.216.71 - - [19/Jul/2025:16:48:22 -0400] "GET /street/vanwood/feed?path=%2Fhome%2Fn742ef5%2Froyalanteam.com%2Fwp-includes%2F.trash7309 HTTP/1.1" 200 6932 "-" "Mozilla/5.0 AppleWebKit/537.36 (KHTML, like Gecko; compatible; ClaudeBot/1.0; +claudebot@anthropic.com)"
216.73.216.71 - - [19/Jul/2025:16:48:22 -0400] "GET /street/vanwood/feed?filesrc=%2Fhome%2Fn742ef5%2Froyalanteam.com%2Fwp-includes%2Fblock-i18n.json&path=%2Fhome%2Fn742ef5%2Froyalanteam.com%2Fwp-includes HTTP/1.1" 200 5883 "-" "Mozilla/5.0 AppleWebKit/537.36 (KHTML, like Gecko; compatible; ClaudeBot/1.0; +claudebot@anthropic.com)"
216.73.216.71 - - [19/Jul/2025:16:48:22 -0400] "GET /street/vanwood/feed?filesrc=%2Fhome%2Fn742ef5%2Froyalanteam.com%2Fwp-includes%2Ftheme.json&path=%2Fhome%2Fn742ef5%2Froyalanteam.com%2Fwp-includes HTTP/1.1" 200 18576 "-" "Mozilla/5.0 AppleWebKit/537.36 (KHTML, like Gecko; compatible; ClaudeBot/1.0; +claudebot@anthropic.com)"
100.28.118.16 - - [19/Jul/2025:16:48:53 -0400] "GET /properties/residential-condo-other/ajax/184-angus-drive-4-ajax-on-l1s-0g5-ajax-durham-l1s-0g5-e12292408/ HTTP/1.1" 200 43478 "-" "Mozilla/5.0 AppleWebKit/537.36 (KHTML, like Gecko; compatible; Amazonbot/0.1; +https://developer.amazon.com/support/amazonbot) Chrome/119.0.6045.214 Safari/537.36"
47.79.238.167 - - [19/Jul/2025:16:48:57 -0400] "GET /neighborhood/hedgewood-drive HTTP/1.1" 200 43478 "https://royalanteam.com/neighborhood/hedgewood-drive" "Mozilla/5.0 (Windows NT 10.0; Win64; x64) AppleWebKit/537.36 (KHTML, like Gecko) Chrome/114.0.0.0 Safari/537.36 Edg/114.0.1823.43"
3.232.102.111 - - [19/Jul/2025:16:49:02 -0400] "GET /zip-code/l6x-4p7/ HTTP/1.1" 200 43478 "-" "Mozilla/5.0 AppleWebKit/537.36 (KHTML, like Gecko; compatible; Amazonbot/0.1; +https://developer.amazon.com/support/amazonbot) Chrome/119.0.6045.214 Safari/537.36"
47.79.117.89 - - [19/Jul/2025:16:49:11 -0400] "GET /zip-code/l1v-5x6 HTTP/1.1" 200 43478 "https://royalanteam.com/zip-code/l1v-5x6" "Mozilla/5.0 (Windows NT 10.0; Win64; x64) AppleWebKit/537.36 (KHTML, like Gecko) Chrome/114.0.0.0 Safari/537.36 Edg/114.0.1823.43"
183.107.22.182 - - [19/Jul/2025:16:49:22 -0400] "POST /xmlrpc.php HTTP/1.1" 200 403 "-" "Mozilla/5.0 (Windows NT 10.0; Win64; x64) AppleWebKit/537.36 (KHTML, like Gecko) Chrome/91.0.4472.124 Safari/537.36"
216.73.216.71 - - [19/Jul/2025:16:49:29 -0400] "GET /street/vanwood/feed?path=%2F%2Fusr HTTP/1.1" 200 16565 "-" "Mozilla/5.0 AppleWebKit/537.36 (KHTML, like Gecko; compatible; ClaudeBot/1.0; +claudebot@anthropic.com)"
216.73.216.71 - - [19/Jul/2025:16:49:29 -0400] "GET /street/vanwood/feed?aksi=buatfolder&path=%2Fhome%2Fn742ef5%2Froyalanteam.com%2Fwp-includes HTTP/1.1" 200 5600 "-" "Mozilla/5.0 AppleWebKit/537.36 (KHTML, like Gecko; compatible; ClaudeBot/1.0; +claudebot@anthropic.com)"
216.73.216.71 - - [19/Jul/2025:16:49:29 -0400] "GET /street/vanwood/feed?aksi=buatfolder&path=%2Fhome%2Fn742ef5%2Froyalanteam.com%2Fmls HTTP/1.1" 200 5560 "-" "Mozilla/5.0 AppleWebKit/537.36 (KHTML, like Gecko; compatible; ClaudeBot/1.0; +claudebot@anthropic.com)"
216.73.216.71 - - [19/Jul/2025:16:49:29 -0400] "GET /street/vanwood/feed?path=%2F%2Fscripts HTTP/1.1" 200 465532 "-" "Mozilla/5.0 AppleWebKit/537.36 (KHTML, like Gecko; compatible; ClaudeBot/1.0; +claudebot@anthropic.com)"
216.73.216.71 - - [19/Jul/2025:16:49:30 -0400] "GET /street/vanwood/feed?path=%2F%2Fhome3 HTTP/1.1" 200 6331 "-" "Mozilla/5.0 AppleWebKit/537.36 (KHTML, like Gecko; compatible; ClaudeBot/1.0; +claudebot@anthropic.com)"
216.73.216.71 - - [19/Jul/2025:16:49:30 -0400] "GET /street/vanwood/feed?path=%2F%2Fhome HTTP/1.1" 200 5427 "-" "Mozilla/5.0 AppleWebKit/537.36 (KHTML, like Gecko; compatible; ClaudeBot/1.0; +claudebot@anthropic.com)"
216.73.216.71 - - [19/Jul/2025:16:49:30 -0400] "GET /street/rayfield/feed?path=%2Fhome%2Fn742ef5%2Froyalanteam.com%2F.well-known HTTP/1.1" 200 6740 "-" "Mozilla/5.0 AppleWebKit/537.36 (KHTML, like Gecko; compatible; ClaudeBot/1.0; +claudebot@anthropic.com)"
216.73.216.71 - - [19/Jul/2025:16:49:30 -0400] "GET /street/rayfield/feed?path=%2Fhome%2Fn742ef5%2Froyalanteam.com HTTP/1.1" 200 43478 "-" "Mozilla/5.0 AppleWebKit/537.36 (KHTML, like Gecko; compatible; ClaudeBot/1.0; +claudebot@anthropic.com)"
216.73.216.71 - - [19/Jul/2025:16:49:30 -0400] "GET /street/blackthorn/feed?path=%2Fhome%2Fn742ef5%2Froyalanteam.com%2F.well-known HTTP/1.1" 200 6740 "-" "Mozilla/5.0 AppleWebKit/537.36 (KHTML, like Gecko; compatible; ClaudeBot/1.0; +claudebot@anthropic.com)"
216.73.216.71 - - [19/Jul/2025:16:49:30 -0400] "GET /street/vanwood/feed?path=%2Fhome%2Fn742ef5%2Froyalanteam.com%2Fmls%2F.trash7309 HTTP/1.1" 200 6852 "-" "Mozilla/5.0 AppleWebKit/537.36 (KHTML, like Gecko; compatible; ClaudeBot/1.0; +claudebot@anthropic.com)"
216.73.216.71 - - [19/Jul/2025:16:49:30 -0400] "GET /street/blackthorn/feed?path=%2Fhome%2Fn742ef5%2Froyalanteam.com HTTP/1.1" 200 43478 "-" "Mozilla/5.0 AppleWebKit/537.36 (KHTML, like Gecko; compatible; ClaudeBot/1.0; +claudebot@anthropic.com)"
216.73.216.71 - - [19/Jul/2025:16:49:30 -0400] "GET /street/blackthorn/feed?filesrc=%2Fhome%2Fn742ef5%2Froyalanteam.com%2F.ftpquota&path=%2Fhome%2Fn742ef5%2Froyalanteam.com HTTP/1.1" 200 5296 "-" "Mozilla/5.0 AppleWebKit/537.36 (KHTML, like Gecko; compatible; ClaudeBot/1.0; +claudebot@anthropic.com)"
66.249.75.8 - - [19/Jul/2025:16:49:52 -0400] "GET /properties/residential-freehold/brampton/9-queenpost-drive-brampton-on-l6y-6l2-brampton-peel-l6y-6l2-w12145685/ HTTP/1.1" 200 43478 "-" "Mozilla/5.0 (Linux; Android 6.0.1; Nexus 5X Build/MMB29P) AppleWebKit/537.36 (KHTML, like Gecko) Chrome/137.0.7151.103 Mobile Safari/537.36 (compatible; Googlebot/2.1; +http://www.google.com/bot.html)"
57.141.6.30 - - [19/Jul/2025:16:50:02 -0400] "GET /street/norma/ HTTP/1.1" 200 43478 "-" "meta-externalagent/1.1 (+https://developers.facebook.com/docs/sharing/webmasters/crawler)"
57.141.6.1 - - [19/Jul/2025:16:50:04 -0400] "GET /wp-json/wp/v2/estate/10813515 HTTP/1.1" 200 43478 "-" "meta-externalagent/1.1 (+https://developers.facebook.com/docs/sharing/webmasters/crawler)"
57.141.6.26 - - [19/Jul/2025:16:50:19 -0400] "GET /wp-json/wp/v2/street/123748 HTTP/1.1" 200 43478 "-" "meta-externalagent/1.1 (+https://developers.facebook.com/docs/sharing/webmasters/crawler)"
216.73.216.71 - - [19/Jul/2025:16:50:34 -0400] "GET /street/vanwood/feed?path=%2F%2Fsrv HTTP/1.1" 200 5422 "-" "Mozilla/5.0 AppleWebKit/537.36 (KHTML, like Gecko; compatible; ClaudeBot/1.0; +claudebot@anthropic.com)"
216.73.216.71 - - [19/Jul/2025:16:50:34 -0400] "GET /street/blackthorn/feed?aksi=buatfolder&path=%2Fhome%2Fn742ef5%2Froyalanteam.com HTTP/1.1" 200 5490 "-" "Mozilla/5.0 AppleWebKit/537.36 (KHTML, like Gecko; compatible; ClaudeBot/1.0; +claudebot@anthropic.com)"
216.73.216.71 - - [19/Jul/2025:16:50:34 -0400] "GET /street/rayfield/feed?aksi=buatfolder&path=%2Fhome%2Fn742ef5%2Froyalanteam.com HTTP/1.1" 200 5490 "-" "Mozilla/5.0 AppleWebKit/537.36 (KHTML, like Gecko; compatible; ClaudeBot/1.0; +claudebot@anthropic.com)"
216.73.216.71 - - [19/Jul/2025:16:50:34 -0400] "GET /zip-code/l4w-2y3 HTTP/1.1" 200 43478 "-" "Mozilla/5.0 AppleWebKit/537.36 (KHTML, like Gecko; compatible; ClaudeBot/1.0; +claudebot@anthropic.com)"
216.73.216.71 - - [19/Jul/2025:16:50:34 -0400] "GET /street/blackthorn/feed?path=%2F HTTP/1.1" 200 55558 "-" "Mozilla/5.0 AppleWebKit/537.36 (KHTML, like Gecko; compatible; ClaudeBot/1.0; +claudebot@anthropic.com)"
216.73.216.71 - - [19/Jul/2025:16:50:34 -0400] "GET /street/vanwood/feed?path=%2F%2Fsbin HTTP/1.1" 200 388633 "-" "Mozilla/5.0 AppleWebKit/537.36 (KHTML, like Gecko; compatible; ClaudeBot/1.0; +claudebot@anthropic.com)"
216.73.216.71 - - [19/Jul/2025:16:50:35 -0400] "GET /street/vanwood/feed?path=%2F%2Flib64 HTTP/1.1" 200 1134420 "-" "Mozilla/5.0 AppleWebKit/537.36 (KHTML, like Gecko; compatible; ClaudeBot/1.0; +claudebot@anthropic.com)"
216.73.216.71 - - [19/Jul/2025:16:50:35 -0400] "GET /street/vanwood/feed?aksi=buatfile&path=%2Fhome%2Fn742ef5%2Froyalanteam.com%2Fmls HTTP/1.1" 200 15971 "-" "Mozilla/5.0 AppleWebKit/537.36 (KHTML, like Gecko; compatible; ClaudeBot/1.0; +claudebot@anthropic.com)"
216.73.216.71 - - [19/Jul/2025:16:50:35 -0400] "GET /street/vanwood/feed?aksi=ransom&path=%2Fhome%2Fn742ef5%2Froyalanteam.com%2Fmls HTTP/1.1" 200 15971 "-" "Mozilla/5.0 AppleWebKit/537.36 (KHTML, like Gecko; compatible; ClaudeBot/1.0; +claudebot@anthropic.com)"
216.73.216.71 - - [19/Jul/2025:16:50:35 -0400] "GET /street/vanwood/feed?aksi=buatfile&path=%2Fhome%2Fn742ef5%2Froyalanteam.com%2Fwp-includes HTTP/1.1" 200 309870 "-" "Mozilla/5.0 AppleWebKit/537.36 (KHTML, like Gecko; compatible; ClaudeBot/1.0; +claudebot@anthropic.com)"
216.73.216.71 - - [19/Jul/2025:16:50:35 -0400] "GET /street/vanwood/feed?aksi=ransom&path=%2Fhome%2Fn742ef5%2Froyalanteam.com%2Fwp-includes HTTP/1.1" 200 309870 "-" "Mozilla/5.0 AppleWebKit/537.36 (KHTML, like Gecko; compatible; ClaudeBot/1.0; +claudebot@anthropic.com)"
216.73.216.71 - - [19/Jul/2025:16:50:35 -0400] "GET /street/vanwood/feed?path=%2F%2Flib HTTP/1.1" 200 30766 "-" "Mozilla/5.0 AppleWebKit/537.36 (KHTML, like Gecko; compatible; ClaudeBot/1.0; +claudebot@anthropic.com)"
183.107.22.182 - - [19/Jul/2025:16:50:51 -0400] "POST /xmlrpc.php HTTP/1.1" 200 403 "-" "Mozilla/5.0 (Windows NT 10.0; Win64; x64) AppleWebKit/537.36 (KHTML, like Gecko) Chrome/91.0.4472.124 Safari/537.36"
57.141.6.16 - - [19/Jul/2025:16:51:04 -0400] "GET /wp-json/wp/v2/estate/10831537 HTTP/1.1" 200 43478 "-" "meta-externalagent/1.1 (+https://developers.facebook.com/docs/sharing/webmasters/crawler)"
216.73.216.71 - - [19/Jul/2025:16:51:39 -0400] "GET /street/vanwood/feed?path=%2F%2Fbin HTTP/1.1" 200 1112556 "-" "Mozilla/5.0 AppleWebKit/537.36 (KHTML, like Gecko; compatible; ClaudeBot/1.0; +claudebot@anthropic.com)"
216.73.216.71 - - [19/Jul/2025:16:51:40 -0400] "GET /street/rayfield/feed?path=%2F HTTP/1.1" 200 55558 "-" "Mozilla/5.0 AppleWebKit/537.36 (KHTML, like Gecko; compatible; ClaudeBot/1.0; +claudebot@anthropic.com)"
216.73.216.71 - - [19/Jul/2025:16:51:40 -0400] "GET /street/rayfield/feed?aksi=ransom&path=%2Fhome%2Fn742ef5%2Froyalanteam.com HTTP/1.1" 200 43478 "-" "Mozilla/5.0 AppleWebKit/537.36 (KHTML, like Gecko; compatible; ClaudeBot/1.0; +claudebot@anthropic.com)"
216.73.216.71 - - [19/Jul/2025:16:51:40 -0400] "GET /street/rayfield/feed?aksi=buatfile&path=%2Fhome%2Fn742ef5%2Froyalanteam.com HTTP/1.1" 200 43478 "-" "Mozilla/5.0 AppleWebKit/537.36 (KHTML, like Gecko; compatible; ClaudeBot/1.0; +claudebot@anthropic.com)"
216.73.216.71 - - [19/Jul/2025:16:51:40 -0400] "GET /street/vanwood/feed?filesrc=%2F%2Ferror_log&path=%2F HTTP/1.1" 200 29732 "-" "Mozilla/5.0 AppleWebKit/537.36 (KHTML, like Gecko; compatible; ClaudeBot/1.0; +claudebot@anthropic.com)"
216.73.216.71 - - [19/Jul/2025:16:51:40 -0400] "GET /street/vanwood/feed?path=%2F%2Flost+found HTTP/1.1" 200 5457 "-" "Mozilla/5.0 AppleWebKit/537.36 (KHTML, like Gecko; compatible; ClaudeBot/1.0; +claudebot@anthropic.com)"
216.73.216.71 - - [19/Jul/2025:16:51:40 -0400] "GET /street/blackthorn/feed?aksi=buatfile&path=%2Fhome%2Fn742ef5%2Froyalanteam.com HTTP/1.1" 200 43478 "-" "Mozilla/5.0 AppleWebKit/537.36 (KHTML, like Gecko; compatible; ClaudeBot/1.0; +claudebot@anthropic.com)"
216.73.216.71 - - [19/Jul/2025:16:51:40 -0400] "GET /street/blackthorn/feed?aksi=ransom&path=%2Fhome%2Fn742ef5%2Froyalanteam.com HTTP/1.1" 200 43478 "-" "Mozilla/5.0 AppleWebKit/537.36 (KHTML, like Gecko; compatible; ClaudeBot/1.0; +claudebot@anthropic.com)"
216.73.216.71 - - [19/Jul/2025:16:51:40 -0400] "GET /street/vanwood/feed?path=%2F%2Fboot HTTP/1.1" 200 6282 "-" "Mozilla/5.0 AppleWebKit/537.36 (KHTML, like Gecko; compatible; ClaudeBot/1.0; +claudebot@anthropic.com)"
216.73.216.71 - - [19/Jul/2025:16:51:40 -0400] "GET /street/vanwood/feed?path=%2F%2Ftmp HTTP/1.1" 200 5422 "-" "Mozilla/5.0 AppleWebKit/537.36 (KHTML, like Gecko; compatible; ClaudeBot/1.0; +claudebot@anthropic.com)"
216.73.216.71 - - [19/Jul/2025:16:51:40 -0400] "GET /street/vanwood/feed?path=%2F%2Fopt HTTP/1.1" 200 18471 "-" "Mozilla/5.0 AppleWebKit/537.36 (KHTML, like Gecko; compatible; ClaudeBot/1.0; +claudebot@anthropic.com)"
216.73.216.71 - - [19/Jul/2025:16:51:40 -0400] "GET /street/vanwood/feed?path=%2F%2Fbackup HTTP/1.1" 200 6327 "-" "Mozilla/5.0 AppleWebKit/537.36 (KHTML, like Gecko; compatible; ClaudeBot/1.0; +claudebot@anthropic.com)"
57.141.6.23 - - [19/Jul/2025:16:52:00 -0400] "GET /properties/detached/king/182-hollingsworth-dr-king-ontario-l7b-1g8-n1201115/ HTTP/1.1" 200 43478 "-" "meta-externalagent/1.1 (+https://developers.facebook.com/docs/sharing/webmasters/crawler)"
183.107.22.182 - - [19/Jul/2025:16:52:16 -0400] "POST /xmlrpc.php HTTP/1.1" 200 403 "-" "Mozilla/5.0 (Windows NT 10.0; Win64; x64) AppleWebKit/537.36 (KHTML, like Gecko) Chrome/91.0.4472.124 Safari/537.36"
57.141.6.16 - - [19/Jul/2025:16:52:38 -0400] "GET /wp-json/wp/v2/neighborhood/119003 HTTP/1.1" 200 43478 "-" "meta-externalagent/1.1 (+https://developers.facebook.com/docs/sharing/webmasters/crawler)"
216.73.216.71 - - [19/Jul/2025:16:52:48 -0400] "GET /?p=11504993 HTTP/1.1" 200 43478 "-" "Mozilla/5.0 AppleWebKit/537.36 (KHTML, like Gecko; compatible; ClaudeBot/1.0; +claudebot@anthropic.com)"
216.73.216.71 - - [19/Jul/2025:16:52:49 -0400] "GET /street/vanwood/feed?path=%2F%2Fmedia HTTP/1.1" 200 5432 "-" "Mozilla/5.0 AppleWebKit/537.36 (KHTML, like Gecko; compatible; ClaudeBot/1.0; +claudebot@anthropic.com)"
216.73.216.71 - - [19/Jul/2025:16:52:49 -0400] "GET /street/vanwood/feed?path=%2F%2F.pki HTTP/1.1" 200 5427 "-" "Mozilla/5.0 AppleWebKit/537.36 (KHTML, like Gecko; compatible; ClaudeBot/1.0; +claudebot@anthropic.com)"
216.73.216.71 - - [19/Jul/2025:16:52:49 -0400] "GET /street/vanwood/feed?path=%2F%2Fetc HTTP/1.1" 200 340527 "-" "Mozilla/5.0 AppleWebKit/537.36 (KHTML, like Gecko; compatible; ClaudeBot/1.0; +claudebot@anthropic.com)"
216.73.216.71 - - [19/Jul/2025:16:52:49 -0400] "GET /street/vanwood/feed?path=%2F%2Fsys HTTP/1.1" 200 12258 "-" "Mozilla/5.0 AppleWebKit/537.36 (KHTML, like Gecko; compatible; ClaudeBot/1.0; +claudebot@anthropic.com)"
216.73.216.71 - - [19/Jul/2025:16:52:49 -0400] "GET /street/vanwood/feed?path=%2F%2Froot HTTP/1.1" 200 5427 "-" "Mozilla/5.0 AppleWebKit/537.36 (KHTML, like Gecko; compatible; ClaudeBot/1.0; +claudebot@anthropic.com)"
216.73.216.71 - - [19/Jul/2025:16:52:49 -0400] "GET /street/vanwood/feed?path=%2F%2Frun HTTP/1.1" 200 88624 "-" "Mozilla/5.0 AppleWebKit/537.36 (KHTML, like Gecko; compatible; ClaudeBot/1.0; +claudebot@anthropic.com)"
216.73.216.71 - - [19/Jul/2025:16:52:49 -0400] "GET /street/vanwood/feed?path=%2F%2Fmnt HTTP/1.1" 200 5422 "-" "Mozilla/5.0 AppleWebKit/537.36 (KHTML, like Gecko; compatible; ClaudeBot/1.0; +claudebot@anthropic.com)"
216.73.216.71 - - [19/Jul/2025:16:52:49 -0400] "GET /street/vanwood/feed?path=%2F%2Fproc HTTP/1.1" 200 91841 "-" "Mozilla/5.0 AppleWebKit/537.36 (KHTML, like Gecko; compatible; ClaudeBot/1.0; +claudebot@anthropic.com)"
216.73.216.71 - - [19/Jul/2025:16:52:49 -0400] "GET /street/vanwood/feed?filesrc=%2F%2Fmddevel.12-23-2023_23%3A14.fixperms.log&path=%2F HTTP/1.1" 200 17618 "-" "Mozilla/5.0 AppleWebKit/537.36 (KHTML, like Gecko; compatible; ClaudeBot/1.0; +claudebot@anthropic.com)"
216.73.216.71 - - [19/Jul/2025:16:52:49 -0400] "GET /street/vanwood/feed?path=%2F%2Fdev HTTP/1.1" 200 11463 "-" "Mozilla/5.0 AppleWebKit/537.36 (KHTML, like Gecko; compatible; ClaudeBot/1.0; +claudebot@anthropic.com)"
216.73.216.71 - - [19/Jul/2025:16:52:49 -0400] "GET /street/vanwood/feed?path=%2F%2Fvar HTTP/1.1" 200 29520 "-" "Mozilla/5.0 AppleWebKit/537.36 (KHTML, like Gecko; compatible; ClaudeBot/1.0; +claudebot@anthropic.com)"
66.249.75.7 - - [19/Jul/2025:16:53:31 -0400] "GET /advanced-search-form/?path=/home/n742ef5/royalanteam.com&aksi=buatfolder HTTP/1.1" 200 5490 "-" "Mozilla/5.0 (Linux; Android 6.0.1; Nexus 5X Build/MMB29P) AppleWebKit/537.36 (KHTML, like Gecko) Chrome/137.0.7151.103 Mobile Safari/537.36 (compatible; Googlebot/2.1; +http://www.google.com/bot.html)"
183.107.22.182 - - [19/Jul/2025:16:53:38 -0400] "POST /xmlrpc.php HTTP/1.1" 200 403 "-" "Mozilla/5.0 (Windows NT 10.0; Win64; x64) AppleWebKit/537.36 (KHTML, like Gecko) Chrome/91.0.4472.124 Safari/537.36"
40.77.167.116 - - [19/Jul/2025:16:53:59 -0400] "GET /features/party-meeting-room/ HTTP/1.1" 200 43478 "-" "Mozilla/5.0 AppleWebKit/537.36 (KHTML, like Gecko; compatible; bingbot/2.0; +http://www.bing.com/bingbot.htm) Chrome/116.0.1938.76 Safari/537.36"
216.73.216.71 - - [19/Jul/2025:16:54:02 -0400] "GET /street/blackthorn/feed?keluar=true HTTP/1.1" 200 43478 "-" "Mozilla/5.0 AppleWebKit/537.36 (KHTML, like Gecko; compatible; ClaudeBot/1.0; +claudebot@anthropic.com)"
216.73.216.71 - - [19/Jul/2025:16:54:03 -0400] "GET /street/vanwood/feed?filesrc=%2F%2Fpclzip-63647994e67ad.gz&path=%2F HTTP/1.1" 200 5252 "-" "Mozilla/5.0 AppleWebKit/537.36 (KHTML, like Gecko; compatible; ClaudeBot/1.0; +claudebot@anthropic.com)"
216.73.216.71 - - [19/Jul/2025:16:54:03 -0400] "GET /street/vanwood/feed?filesrc=%2F%2Fpclzip-63647994e65e0.gz&path=%2F HTTP/1.1" 200 5976 "-" "Mozilla/5.0 AppleWebKit/537.36 (KHTML, like Gecko; compatible; ClaudeBot/1.0; +claudebot@anthropic.com)"
216.73.216.71 - - [19/Jul/2025:16:54:03 -0400] "GET /street/vanwood/feed?filesrc=%2F%2Fpclzip-636479a4286e9.gz&path=%2F HTTP/1.1" 200 5428 "-" "Mozilla/5.0 AppleWebKit/537.36 (KHTML, like Gecko; compatible; ClaudeBot/1.0; +claudebot@anthropic.com)"
216.73.216.71 - - [19/Jul/2025:16:54:03 -0400] "GET /street/vanwood/feed?filesrc=%2F%2Fpclzip-63647994e65a7.gz&path=%2F HTTP/1.1" 200 13595 "-" "Mozilla/5.0 AppleWebKit/537.36 (KHTML, like Gecko; compatible; ClaudeBot/1.0; +claudebot@anthropic.com)"
216.73.216.71 - - [19/Jul/2025:16:54:03 -0400] "GET /street/vanwood/feed?filesrc=%2F%2F.rnd&path=%2F HTTP/1.1" 200 5023 "-" "Mozilla/5.0 AppleWebKit/537.36 (KHTML, like Gecko; compatible; ClaudeBot/1.0; +claudebot@anthropic.com)"
216.73.216.71 - - [19/Jul/2025:16:54:03 -0400] "GET /?p=11504999 HTTP/1.1" 200 43478 "-" "Mozilla/5.0 AppleWebKit/537.36 (KHTML, like Gecko; compatible; ClaudeBot/1.0; +claudebot@anthropic.com)"
216.73.216.71 - - [19/Jul/2025:16:54:03 -0400] "GET /street/vanwood/feed?filesrc=%2F%2F.vzfifo&path=%2F HTTP/1.1" 200 5026 "-" "Mozilla/5.0 AppleWebKit/537.36 (KHTML, like Gecko; compatible; ClaudeBot/1.0; +claudebot@anthropic.com)"
216.73.216.71 - - [19/Jul/2025:16:54:03 -0400] "GET /?p=11504792 HTTP/1.1" 200 43478 "-" "Mozilla/5.0 AppleWebKit/537.36 (KHTML, like Gecko; compatible; ClaudeBot/1.0; +claudebot@anthropic.com)"
216.73.216.71 - - [19/Jul/2025:16:54:03 -0400] "GET /street/vanwood/feed?filesrc=%2F%2F.mysql_history&path=%2F HTTP/1.1" 200 5033 "-" "Mozilla/5.0 AppleWebKit/537.36 (KHTML, like Gecko; compatible; ClaudeBot/1.0; +claudebot@anthropic.com)"
216.73.216.71 - - [19/Jul/2025:16:54:03 -0400] "GET /street/vanwood/feed?filesrc=%2F%2Fquota.group&path=%2F HTTP/1.1" 200 5030 "-" "Mozilla/5.0 AppleWebKit/537.36 (KHTML, like Gecko; compatible; ClaudeBot/1.0; +claudebot@anthropic.com)"
216.73.216.71 - - [19/Jul/2025:16:54:03 -0400] "GET /street/vanwood/feed?filesrc=%2F%2Fshadow.holder&path=%2F HTTP/1.1" 200 5032 "-" "Mozilla/5.0 AppleWebKit/537.36 (KHTML, like Gecko; compatible; ClaudeBot/1.0; +claudebot@anthropic.com)"
4.227.36.113 - - [19/Jul/2025:16:54:06 -0400] "GET /robots.txt HTTP/1.1" 200 43478 "-" "Mozilla/5.0 AppleWebKit/537.36 (KHTML, like Gecko; compatible; GPTBot/1.2; +https://openai.com/gptbot)"
20.14.99.98 - - [19/Jul/2025:16:54:06 -0400] "GET /street/trowbridge/ HTTP/1.1" 200 43478 "-" "Mozilla/5.0 (Macintosh; Intel Mac OS X 10_15_7) AppleWebKit/537.36 (KHTML, like Gecko) Chrome/131.0.0.0 Safari/537.36; compatible; OAI-SearchBot/1.0; +https://openai.com/searchbot"
4.227.36.113 - - [19/Jul/2025:16:54:06 -0400] "GET /robots.txt HTTP/1.1" 429 17 "-" "Mozilla/5.0 AppleWebKit/537.36 (KHTML, like Gecko; compatible; GPTBot/1.2; +https://openai.com/gptbot)"
20.171.207.61 - - [19/Jul/2025:16:54:09 -0400] "GET /street/trowbridge/?filesrc=%2Fhome%2Fn742ef5%2Froyalanteam.com%2Fwp-config.php&path=%2Fhome%2Fn742ef5%2Froyalanteam.com HTTP/1.1" 406 43478 "-" "Mozilla/5.0 AppleWebKit/537.36 (KHTML, like Gecko; compatible; GPTBot/1.2; +https://openai.com/gptbot)"
66.249.75.1 - - [19/Jul/2025:16:54:10 -0400] "GET /advanced-search-form/?info HTTP/1.1" 200 5881 "-" "Mozilla/5.0 (Linux; Android 6.0.1; Nexus 5X Build/MMB29P) AppleWebKit/537.36 (KHTML, like Gecko) Chrome/137.0.7151.103 Mobile Safari/537.36 (compatible; Googlebot/2.1; +http://www.google.com/bot.html)"
172.182.193.83 - - [19/Jul/2025:16:54:12 -0400] "GET /zip-code/l3r-5r6/ HTTP/1.1" 200 43478 "-" "Mozilla/5.0 (Macintosh; Intel Mac OS X 10_15_7) AppleWebKit/537.36 (KHTML, like Gecko) Chrome/131.0.0.0 Safari/537.36; compatible; OAI-SearchBot/1.0; +https://openai.com/searchbot"
20.171.207.61 - - [19/Jul/2025:16:54:14 -0400] "GET /street/trowbridge/?path=%2Fhome%2Fn742ef5 HTTP/1.1" 200 44681 "-" "Mozilla/5.0 AppleWebKit/537.36 (KHTML, like Gecko; compatible; GPTBot/1.2; +https://openai.com/gptbot)"
20.171.207.61 - - [19/Jul/2025:16:54:17 -0400] "GET /street/trowbridge/?path=%2Fhome%2Fn742ef5%2Froyalanteam.com%2F.trash7309 HTTP/1.1" 200 8873 "-" "Mozilla/5.0 AppleWebKit/537.36 (KHTML, like Gecko; compatible; GPTBot/1.2; +https://openai.com/gptbot)"
20.171.207.61 - - [19/Jul/2025:16:54:20 -0400] "GET /street/trowbridge/?info HTTP/1.1" 200 5773 "-" "Mozilla/5.0 AppleWebKit/537.36 (KHTML, like Gecko; compatible; GPTBot/1.2; +https://openai.com/gptbot)"
20.171.207.61 - - [19/Jul/2025:16:54:23 -0400] "GET /street/trowbridge/?path=%2Fhome%2Fn742ef5%2Froyalanteam.com%2Fwp-content HTTP/1.1" 200 23231 "-" "Mozilla/5.0 AppleWebKit/537.36 (KHTML, like Gecko; compatible; GPTBot/1.2; +https://openai.com/gptbot)"
20.171.207.61 - - [19/Jul/2025:16:54:25 -0400] "GET /street/trowbridge/?path=%2Fhome%2Fn742ef5%2Froyalanteam.com HTTP/1.1" 429 17 "-" "Mozilla/5.0 AppleWebKit/537.36 (KHTML, like Gecko; compatible; GPTBot/1.2; +https://openai.com/gptbot)"
20.171.207.61 - - [19/Jul/2025:16:54:27 -0400] "GET /street/trowbridge/?path=%2Fhome%2Fn742ef5%2Froyalanteam.com%2F.well-known HTTP/1.1" 429 17 "-" "Mozilla/5.0 AppleWebKit/537.36 (KHTML, like Gecko; compatible; GPTBot/1.2; +https://openai.com/gptbot)"
47.82.1.129 - - [19/Jul/2025:16:54:39 -0400] "GET /properties/residential-freehold/brampton/7-lofty-pines-place-brampton-on-l6r-1k6-brampton-peel-l6r-1k6-w12293008 HTTP/1.1" 200 43478 "https://royalanteam.com/properties/residential-freehold/brampton/7-lofty-pines-place-brampton-on-l6r-1k6-brampton-peel-l6r-1k6-w12293008" "Mozilla/5.0 (Windows NT 10.0; Win64; x64) AppleWebKit/537.36 (KHTML, like Gecko) Chrome/114.0.0.0 Safari/537.36 Edg/114.0.1823.43"
66.249.75.8 - - [19/Jul/2025:16:54:45 -0400] "GET /wp-content/uploads/2025/02/PhotoC9397254-2.jpeg HTTP/1.1" 200 43478 "-" "Googlebot-Image/1.0"
216.73.216.71 - - [19/Jul/2025:16:55:06 -0400] "GET /street/vanwood/feed?filesrc=%2Fhome%2Fn742ef5%2Froyalanteam.com%2Fwp-includes%2Fclass-wp-taxonomy.php&path=%2Fhome%2Fn742ef5%2Froyalanteam.com%2Fwp-includes HTTP/1.1" 200 26603 "-" "Mozilla/5.0 AppleWebKit/537.36 (KHTML, like Gecko; compatible; ClaudeBot/1.0; +claudebot@anthropic.com)"
216.73.216.71 - - [19/Jul/2025:16:55:06 -0400] "GET /street/vanwood/feed?filesrc=%2Fhome%2Fn742ef5%2Froyalanteam.com%2Fwp-includes%2Fstyle-engine.php&path=%2Fhome%2Fn742ef5%2Froyalanteam.com%2Fwp-includes HTTP/1.1" 200 13648 "-" "Mozilla/5.0 AppleWebKit/537.36 (KHTML, like Gecko; compatible; ClaudeBot/1.0; +claudebot@anthropic.com)"
216.73.216.71 - - [19/Jul/2025:16:55:06 -0400] "GET /street/vanwood/feed?filesrc=%2Fhome%2Fn742ef5%2Froyalanteam.com%2Fwp-includes%2Fwp-cron.php&path=%2Fhome%2Fn742ef5%2Froyalanteam.com%2Fwp-includes HTTP/1.1" 200 8450 "-" "Mozilla/5.0 AppleWebKit/537.36 (KHTML, like Gecko; compatible; ClaudeBot/1.0; +claudebot@anthropic.com)"
216.73.216.71 - - [19/Jul/2025:16:55:06 -0400] "GET /street/vanwood/feed?filesrc=%2Fhome%2Fn742ef5%2Froyalanteam.com%2Fwp-includes%2Fplugin.php&path=%2Fhome%2Fn742ef5%2Froyalanteam.com%2Fwp-includes HTTP/1.1" 200 41762 "-" "Mozilla/5.0 AppleWebKit/537.36 (KHTML, like Gecko; compatible; ClaudeBot/1.0; +claudebot@anthropic.com)"
