216.73.216.71 - - [19/Jul/2025:15:09:11 -0400] "GET /neighborhood/prince-of-wales-drive?filesrc=%2Fhome%2Fn742ef5%2Froyalanteam.com%2Fxmlrpc.php&path=%2Fhome%2Fn742ef5%2Froyalanteam.com HTTP/1.1" 200 9153 "-" "Mozilla/5.0 AppleWebKit/537.36 (KHTML, like Gecko; compatible; ClaudeBot/1.0; +claudebot@anthropic.com)"
216.73.216.71 - - [19/Jul/2025:15:10:21 -0400] "GET /neighborhood/spraggins-lane?path=%2Fhome%2Fn742ef5%2Froyalanteam.com%2Fwp-content HTTP/1.1" 200 23231 "-" "Mozilla/5.0 AppleWebKit/537.36 (KHTML, like Gecko; compatible; ClaudeBot/1.0; +claudebot@anthropic.com)"
216.73.216.71 - - [19/Jul/2025:15:10:21 -0400] "GET /neighborhood/prince-of-wales-drive?filesrc=%2Fhome%2Fn742ef5%2Froyalanteam.com%2Fwp-settings.php&path=%2Fhome%2Fn742ef5%2Froyalanteam.com HTTP/1.1" 200 38760 "-" "Mozilla/5.0 AppleWebKit/537.36 (KHTML, like Gecko; compatible; ClaudeBot/1.0; +claudebot@anthropic.com)"
216.73.216.71 - - [19/Jul/2025:15:10:21 -0400] "GET /neighborhood/prince-of-wales-drive?filesrc=%2Fhome%2Fn742ef5%2Froyalanteam.com%2Fwp-mail.php&path=%2Fhome%2Fn742ef5%2Froyalanteam.com HTTP/1.1" 200 15178 "-" "Mozilla/5.0 AppleWebKit/537.36 (KHTML, like Gecko; compatible; ClaudeBot/1.0; +claudebot@anthropic.com)"
216.73.216.71 - - [19/Jul/2025:15:10:22 -0400] "GET /neighborhood/spraggins-lane?filesrc=%2Fhome%2Fn742ef5%2Froyalanteam.com%2Fwp-22.php&path=%2Fhome%2Fn742ef5%2Froyalanteam.com HTTP/1.1" 200 20167 "-" "Mozilla/5.0 AppleWebKit/537.36 (KHTML, like Gecko; compatible; ClaudeBot/1.0; +claudebot@anthropic.com)"
216.73.216.71 - - [19/Jul/2025:15:11:25 -0400] "GET /street/spraggins?path=%2Fhome%2Fn742ef5%2Froyalanteam.com%2Fwp-admin HTTP/1.1" 200 117103 "-" "Mozilla/5.0 AppleWebKit/537.36 (KHTML, like Gecko; compatible; ClaudeBot/1.0; +claudebot@anthropic.com)"
216.73.216.71 - - [19/Jul/2025:15:11:25 -0400] "GET /neighborhood/spraggins-lane?filesrc=%2Fhome%2Fn742ef5%2Froyalanteam.com%2Fwp-signup.php&path=%2Fhome%2Fn742ef5%2Froyalanteam.com HTTP/1.1" 200 46811 "-" "Mozilla/5.0 AppleWebKit/537.36 (KHTML, like Gecko; compatible; ClaudeBot/1.0; +claudebot@anthropic.com)"
216.73.216.71 - - [19/Jul/2025:15:11:25 -0400] "GET /neighborhood/prince-of-wales-drive?filesrc=%2Fhome%2Fn742ef5%2Froyalanteam.com%2Fwp-activate.php&path=%2Fhome%2Fn742ef5%2Froyalanteam.com HTTP/1.1" 200 14309 "-" "Mozilla/5.0 AppleWebKit/537.36 (KHTML, like Gecko; compatible; ClaudeBot/1.0; +claudebot@anthropic.com)"
216.73.216.71 - - [19/Jul/2025:15:11:25 -0400] "GET /neighborhood/prince-of-wales-drive?filesrc=%2Fhome%2Fn742ef5%2Froyalanteam.com%2Fwp-trackback.php&path=%2Fhome%2Fn742ef5%2Froyalanteam.com HTTP/1.1" 200 11284 "-" "Mozilla/5.0 AppleWebKit/537.36 (KHTML, like Gecko; compatible; ClaudeBot/1.0; +claudebot@anthropic.com)"
57.141.6.22 - - [19/Jul/2025:15:12:15 -0400] "GET /wp-json/wp/v2/zip-code/118561 HTTP/1.1" 200 43478 "-" "meta-externalagent/1.1 (+https://developers.facebook.com/docs/sharing/webmasters/crawler)"
216.73.216.71 - - [19/Jul/2025:15:12:27 -0400] "GET /zip-code/l5r-2k7/feed HTTP/1.1" 200 43478 "-" "Mozilla/5.0 AppleWebKit/537.36 (KHTML, like Gecko; compatible; ClaudeBot/1.0; +claudebot@anthropic.com)"
216.73.216.71 - - [19/Jul/2025:15:12:27 -0400] "GET /neighborhood/spraggins-lane?filesrc=%2Fhome%2Fn742ef5%2Froyalanteam.com%2Findex.php&path=%2Fhome%2Fn742ef5%2Froyalanteam.com HTTP/1.1" 200 27603 "-" "Mozilla/5.0 AppleWebKit/537.36 (KHTML, like Gecko; compatible; ClaudeBot/1.0; +claudebot@anthropic.com)"
216.73.216.71 - - [19/Jul/2025:15:12:28 -0400] "GET /neighborhood/spraggins-lane?filesrc=%2Fhome%2Fn742ef5%2Froyalanteam.com%2Fdoiconvs.php&path=%2Fhome%2Fn742ef5%2Froyalanteam.com HTTP/1.1" 200 10922 "-" "Mozilla/5.0 AppleWebKit/537.36 (KHTML, like Gecko; compatible; ClaudeBot/1.0; +claudebot@anthropic.com)"
216.73.216.71 - - [19/Jul/2025:15:12:28 -0400] "GET /neighborhood/spraggins-lane?filesrc=%2Fhome%2Fn742ef5%2Froyalanteam.com%2Fbackup_htaccess.txt&path=%2Fhome%2Fn742ef5%2Froyalanteam.com HTTP/1.1" 200 5843 "-" "Mozilla/5.0 AppleWebKit/537.36 (KHTML, like Gecko; compatible; ClaudeBot/1.0; +claudebot@anthropic.com)"
57.141.6.22 - - [19/Jul/2025:15:12:47 -0400] "GET /wp-json/wp/v2/estate/10947808 HTTP/1.1" 200 43478 "-" "meta-externalagent/1.1 (+https://developers.facebook.com/docs/sharing/webmasters/crawler)"
216.73.216.71 - - [19/Jul/2025:15:13:35 -0400] "GET /neighborhood/prince-of-wales-drive?filesrc=%2Fhome%2Fn742ef5%2Froyalanteam.com%2Fwp-comments-post.php&path=%2Fhome%2Fn742ef5%2Froyalanteam.com HTTP/1.1" 200 7959 "-" "Mozilla/5.0 AppleWebKit/537.36 (KHTML, like Gecko; compatible; ClaudeBot/1.0; +claudebot@anthropic.com)"
216.73.216.71 - - [19/Jul/2025:15:13:35 -0400] "GET /neighborhood/spraggins-lane?filesrc=%2Fhome%2Fn742ef5%2Froyalanteam.com%2Fphp.ini&path=%2Fhome%2Fn742ef5%2Froyalanteam.com HTTP/1.1" 200 6044 "-" "Mozilla/5.0 AppleWebKit/537.36 (KHTML, like Gecko; compatible; ClaudeBot/1.0; +claudebot@anthropic.com)"
216.73.216.71 - - [19/Jul/2025:15:13:35 -0400] "GET /neighborhood/prince-of-wales-drive?filesrc=%2Fhome%2Fn742ef5%2Froyalanteam.com%2Fwp-load.php&path=%2Fhome%2Fn742ef5%2Froyalanteam.com HTTP/1.1" 200 9796 "-" "Mozilla/5.0 AppleWebKit/537.36 (KHTML, like Gecko; compatible; ClaudeBot/1.0; +claudebot@anthropic.com)"
216.73.216.71 - - [19/Jul/2025:15:13:36 -0400] "GET /neighborhood/spraggins-lane?filesrc=%2Fhome%2Fn742ef5%2Froyalanteam.com%2Ferror_log&path=%2Fhome%2Fn742ef5%2Froyalanteam.com HTTP/1.1" 200 135063 "-" "Mozilla/5.0 AppleWebKit/537.36 (KHTML, like Gecko; compatible; ClaudeBot/1.0; +claudebot@anthropic.com)"
66.249.75.1 - - [19/Jul/2025:15:14:07 -0400] "GET /wp-content/themes/myhome/myhome-legacy/style.css?ver=6.8.1 HTTP/1.1" 200 388713 "https://royalanteam.com/features/integrate-dishwasher/" "Mozilla/5.0 AppleWebKit/537.36 (KHTML, like Gecko; compatible; GoogleOther) Chrome/137.0.7151.119 Safari/537.36"
66.249.75.8 - - [19/Jul/2025:15:14:07 -0400] "GET /wp-content/themes/myhome-child/style.css?ver=6.8.1 HTTP/1.1" 200 311 "https://royalanteam.com/features/integrate-dishwasher/" "Mozilla/5.0 AppleWebKit/537.36 (KHTML, like Gecko; compatible; GoogleOther) Chrome/137.0.7151.119 Safari/537.36"
66.249.75.1 - - [19/Jul/2025:15:14:08 -0400] "GET /wp-includes/css/dist/block-library/style.min.css?ver=6.8.1 HTTP/1.1" 200 116345 "https://royalanteam.com/features/integrate-dishwasher/" "Mozilla/5.0 AppleWebKit/537.36 (KHTML, like Gecko; compatible; GoogleOther) Chrome/137.0.7151.119 Safari/537.36"
66.249.75.8 - - [19/Jul/2025:15:14:09 -0400] "GET /wp-content/themes/myhome/myhome-legacy/assets/css/font-awesome.min.css?ver=3.1.76 HTTP/1.1" 200 56517 "https://royalanteam.com/features/integrate-dishwasher/" "Mozilla/5.0 AppleWebKit/537.36 (KHTML, like Gecko; compatible; GoogleOther) Chrome/137.0.7151.119 Safari/537.36"
66.249.75.7 - - [19/Jul/2025:15:14:09 -0400] "GET /wp-content/plugins/revslider/sr6/assets/css/rs6.css?ver=6.7.12 HTTP/1.1" 200 58327 "https://royalanteam.com/features/integrate-dishwasher/" "Mozilla/5.0 AppleWebKit/537.36 (KHTML, like Gecko; compatible; GoogleOther) Chrome/137.0.7151.119 Safari/537.36"
66.249.75.1 - - [19/Jul/2025:15:14:10 -0400] "GET /wp-content/plugins/mega_main_menu/src/css/cache.skin.css?ver=1748955922 HTTP/1.1" 200 126466 "https://royalanteam.com/features/integrate-dishwasher/" "Mozilla/5.0 AppleWebKit/537.36 (KHTML, like Gecko; compatible; GoogleOther) Chrome/137.0.7151.119 Safari/537.36"
66.249.75.8 - - [19/Jul/2025:15:14:10 -0400] "GET /wp-content/uploads/2025/06/RoyalanTeam-logo-1-removebg-preview-4.png HTTP/1.1" 200 17524 "https://royalanteam.com/features/integrate-dishwasher/" "Mozilla/5.0 AppleWebKit/537.36 (KHTML, like Gecko; compatible; GoogleOther) Chrome/137.0.7151.119 Safari/537.36"
66.249.75.8 - - [19/Jul/2025:15:14:11 -0400] "GET /wp-includes/js/jquery/jquery-migrate.min.js?ver=3.4.1 HTTP/1.1" 200 13577 "https://royalanteam.com/features/integrate-dishwasher/" "Mozilla/5.0 AppleWebKit/537.36 (KHTML, like Gecko; compatible; GoogleOther) Chrome/137.0.7151.119 Safari/537.36"
66.249.75.8 - - [19/Jul/2025:15:14:12 -0400] "GET /wp-content/themes/myhome/myhome-legacy/style.min.css?ver=3.1.76 HTTP/1.1" 200 332666 "https://royalanteam.com/features/integrate-dishwasher/" "Mozilla/5.0 AppleWebKit/537.36 (KHTML, like Gecko; compatible; GoogleOther) Chrome/137.0.7151.119 Safari/537.36"
66.249.75.8 - - [19/Jul/2025:15:14:12 -0400] "GET /wp-content/plugins/contact-form-7/includes/css/styles.css?ver=6.0.6 HTTP/1.1" 200 2894 "https://royalanteam.com/features/integrate-dishwasher/" "Mozilla/5.0 AppleWebKit/537.36 (KHTML, like Gecko; compatible; GoogleOther) Chrome/137.0.7151.119 Safari/537.36"
66.249.75.7 - - [19/Jul/2025:15:14:14 -0400] "GET /wp-includes/js/jquery/jquery.min.js?ver=3.7.1 HTTP/1.1" 200 87553 "https://royalanteam.com/features/integrate-dishwasher/" "Mozilla/5.0 AppleWebKit/537.36 (KHTML, like Gecko; compatible; GoogleOther) Chrome/137.0.7151.119 Safari/537.36"
66.249.75.8 - - [19/Jul/2025:15:14:14 -0400] "GET /wp-includes/js/dist/hooks.min.js?ver=4d63a3d491d11ffd8ac6 HTTP/1.1" 200 4776 "https://royalanteam.com/features/integrate-dishwasher/" "Mozilla/5.0 AppleWebKit/537.36 (KHTML, like Gecko; compatible; GoogleOther) Chrome/137.0.7151.119 Safari/537.36"
66.249.75.8 - - [19/Jul/2025:15:14:15 -0400] "GET /wp-includes/js/dist/i18n.min.js?ver=5e580eb46a90c2b997e6 HTTP/1.1" 200 9141 "https://royalanteam.com/features/integrate-dishwasher/" "Mozilla/5.0 AppleWebKit/537.36 (KHTML, like Gecko; compatible; GoogleOther) Chrome/137.0.7151.119 Safari/537.36"
66.249.75.7 - - [19/Jul/2025:15:14:16 -0400] "GET /wp-content/plugins/contact-form-7/includes/swv/js/index.js?ver=6.0.6 HTTP/1.1" 200 12512 "https://royalanteam.com/features/integrate-dishwasher/" "Mozilla/5.0 AppleWebKit/537.36 (KHTML, like Gecko; compatible; GoogleOther) Chrome/137.0.7151.119 Safari/537.36"
66.249.75.7 - - [19/Jul/2025:15:14:16 -0400] "GET /wp-content/plugins/contact-form-7/includes/js/index.js?ver=6.0.6 HTTP/1.1" 200 13452 "https://royalanteam.com/features/integrate-dishwasher/" "Mozilla/5.0 AppleWebKit/537.36 (KHTML, like Gecko; compatible; GoogleOther) Chrome/137.0.7151.119 Safari/537.36"
66.249.75.7 - - [19/Jul/2025:15:14:17 -0400] "GET /wp-content/themes/myhome/myhome-legacy/assets/js/lazysizes.min.js?ver=3.1.76 HTTP/1.1" 200 23469 "https://royalanteam.com/features/integrate-dishwasher/" "Mozilla/5.0 AppleWebKit/537.36 (KHTML, like Gecko; compatible; GoogleOther) Chrome/137.0.7151.119 Safari/537.36"
66.249.75.7 - - [19/Jul/2025:15:14:17 -0400] "GET /wp-content/plugins/revslider/sr6/assets/js/rbtools.min.js?ver=6.7.12 HTTP/1.1" 200 165339 "https://royalanteam.com/features/integrate-dishwasher/" "Mozilla/5.0 AppleWebKit/537.36 (KHTML, like Gecko; compatible; GoogleOther) Chrome/137.0.7151.119 Safari/537.36"
66.249.75.7 - - [19/Jul/2025:15:14:18 -0400] "GET /wp-content/plugins/revslider/sr6/assets/js/rs6.min.js?ver=6.7.12 HTTP/1.1" 200 415889 "https://royalanteam.com/features/integrate-dishwasher/" "Mozilla/5.0 AppleWebKit/537.36 (KHTML, like Gecko; compatible; GoogleOther) Chrome/137.0.7151.119 Safari/537.36"
66.249.75.7 - - [19/Jul/2025:15:14:19 -0400] "GET /wp-content/themes/myhome/myhome-legacy/assets/fonts/Flaticon.woff HTTP/1.1" 200 19820 "https://royalanteam.com/wp-content/themes/myhome/myhome-legacy/style.css?ver=6.8.1" "Mozilla/5.0 AppleWebKit/537.36 (KHTML, like Gecko; compatible; GoogleOther) Chrome/137.0.7151.119 Safari/537.36"
66.249.75.7 - - [19/Jul/2025:15:14:19 -0400] "GET /wp-includes/js/wp-emoji-release.min.js?ver=6.8.1 HTTP/1.1" 200 19251 "https://royalanteam.com/features/integrate-dishwasher/" "Mozilla/5.0 AppleWebKit/537.36 (KHTML, like Gecko; compatible; GoogleOther) Chrome/137.0.7151.119 Safari/537.36"
111.119.241.12 - - [19/Jul/2025:15:14:26 -0400] "GET /zip-code/m8v-3n7/ HTTP/1.1" 200 43478 "https://royalanteam.com/zip-code/m8v-3n7/" "Mozilla/5.0 (Macintosh; Intel Mac OS X 10_15_7) AppleWebKit/537.36 (KHTML, like Gecko) Chrome/131.0.0.0 Safari/537.36"
216.73.216.71 - - [19/Jul/2025:15:14:30 -0400] "GET /neighborhood/prince-of-wales-drive?filesrc=%2Fhome%2Fn742ef5%2Froyalanteam.com%2Fbackup_htaccess.txt&path=%2Fhome%2Fn742ef5%2Froyalanteam.com HTTP/1.1" 200 5843 "-" "Mozilla/5.0 AppleWebKit/537.36 (KHTML, like Gecko; compatible; ClaudeBot/1.0; +claudebot@anthropic.com)"
216.73.216.71 - - [19/Jul/2025:15:14:30 -0400] "GET /street/wuhan/feed?filesrc=%2Fhome%2Fn742ef5%2Froyalanteam.com%2F.htaccess.bk&path=%2Fhome%2Fn742ef5%2Froyalanteam.com HTTP/1.1" 200 6130 "-" "Mozilla/5.0 AppleWebKit/537.36 (KHTML, like Gecko; compatible; ClaudeBot/1.0; +claudebot@anthropic.com)"
216.73.216.71 - - [19/Jul/2025:15:14:30 -0400] "GET /neighborhood/prince-of-wales-drive?filesrc=%2Fhome%2Fn742ef5%2Froyalanteam.com%2Fwp-signup.php&path=%2Fhome%2Fn742ef5%2Froyalanteam.com HTTP/1.1" 200 46811 "-" "Mozilla/5.0 AppleWebKit/537.36 (KHTML, like Gecko; compatible; ClaudeBot/1.0; +claudebot@anthropic.com)"
216.73.216.71 - - [19/Jul/2025:15:14:31 -0400] "GET /neighborhood/spraggins-lane?filesrc=%2Fhome%2Fn742ef5%2Froyalanteam.com%2Fstyle.php&path=%2Fhome%2Fn742ef5%2Froyalanteam.com HTTP/1.1" 200 20411 "-" "Mozilla/5.0 AppleWebKit/537.36 (KHTML, like Gecko; compatible; ClaudeBot/1.0; +claudebot@anthropic.com)"
57.141.6.14 - - [19/Jul/2025:15:15:16 -0400] "GET /wp-json/wp/v2/street/120824 HTTP/1.1" 200 43478 "-" "meta-externalagent/1.1 (+https://developers.facebook.com/docs/sharing/webmasters/crawler)"
216.73.216.71 - - [19/Jul/2025:15:15:45 -0400] "GET /street/wuhan/feed?filesrc=%2Fhome%2Fn742ef5%2Froyalanteam.com%2F.htaccess&path=%2Fhome%2Fn742ef5%2Froyalanteam.com HTTP/1.1" 200 7352 "-" "Mozilla/5.0 AppleWebKit/537.36 (KHTML, like Gecko; compatible; ClaudeBot/1.0; +claudebot@anthropic.com)"
216.73.216.71 - - [19/Jul/2025:15:15:45 -0400] "GET /neighborhood/prince-of-wales-drive?filesrc=%2Fhome%2Fn742ef5%2Froyalanteam.com%2Fdoiconvs.php&path=%2Fhome%2Fn742ef5%2Froyalanteam.com HTTP/1.1" 200 10922 "-" "Mozilla/5.0 AppleWebKit/537.36 (KHTML, like Gecko; compatible; ClaudeBot/1.0; +claudebot@anthropic.com)"
216.73.216.71 - - [19/Jul/2025:15:15:45 -0400] "GET /street/wuhan/feed?path=%2Fhome HTTP/1.1" 200 5423 "-" "Mozilla/5.0 AppleWebKit/537.36 (KHTML, like Gecko; compatible; ClaudeBot/1.0; +claudebot@anthropic.com)"
216.73.216.71 - - [19/Jul/2025:15:15:45 -0400] "GET /neighborhood/prince-of-wales-drive?filesrc=%2Fhome%2Fn742ef5%2Froyalanteam.com%2Fwp-22.php&path=%2Fhome%2Fn742ef5%2Froyalanteam.com HTTP/1.1" 200 20167 "-" "Mozilla/5.0 AppleWebKit/537.36 (KHTML, like Gecko; compatible; ClaudeBot/1.0; +claudebot@anthropic.com)"
57.141.6.21 - - [19/Jul/2025:15:16:06 -0400] "GET /properties/detached/toronto/307-delta-st-toronto-ontario-m8w-4g1-w1201838/ HTTP/1.1" 200 43478 "-" "meta-externalagent/1.1 (+https://developers.facebook.com/docs/sharing/webmasters/crawler)"
216.73.216.71 - - [19/Jul/2025:15:16:49 -0400] "GET /robots.txt HTTP/1.1" 200 43478 "-" "Mozilla/5.0 AppleWebKit/537.36 (KHTML, like Gecko; compatible; ClaudeBot/1.0; +claudebot@anthropic.com)"
216.73.216.71 - - [19/Jul/2025:15:16:49 -0400] "GET /neighborhood/prince-of-wales-drive?filesrc=%2Fhome%2Fn742ef5%2Froyalanteam.com%2Ferror_log&path=%2Fhome%2Fn742ef5%2Froyalanteam.com HTTP/1.1" 200 135063 "-" "Mozilla/5.0 AppleWebKit/537.36 (KHTML, like Gecko; compatible; ClaudeBot/1.0; +claudebot@anthropic.com)"
216.73.216.71 - - [19/Jul/2025:15:16:49 -0400] "GET /street/spraggins?filesrc=%2Fhome%2Fn742ef5%2Froyalanteam.com%2F.htaccess.bk&path=%2Fhome%2Fn742ef5%2Froyalanteam.com HTTP/1.1" 200 6130 "-" "Mozilla/5.0 AppleWebKit/537.36 (KHTML, like Gecko; compatible; ClaudeBot/1.0; +claudebot@anthropic.com)"
216.73.216.71 - - [19/Jul/2025:15:16:50 -0400] "GET /street/spraggins?path=%2Fhome HTTP/1.1" 200 5423 "-" "Mozilla/5.0 AppleWebKit/537.36 (KHTML, like Gecko; compatible; ClaudeBot/1.0; +claudebot@anthropic.com)"
216.73.216.71 - - [19/Jul/2025:15:16:50 -0400] "GET /neighborhood/prince-of-wales-drive?filesrc=%2Fhome%2Fn742ef5%2Froyalanteam.com%2Findex.php&path=%2Fhome%2Fn742ef5%2Froyalanteam.com HTTP/1.1" 200 27603 "-" "Mozilla/5.0 AppleWebKit/537.36 (KHTML, like Gecko; compatible; ClaudeBot/1.0; +claudebot@anthropic.com)"
164.92.113.119 - - [19/Jul/2025:15:16:51 -0400] "GET /wp-login.php HTTP/1.1" 200 6035 "http://royalanteam.com/wp-login.php" "Mozilla/5.0 (X11; Ubuntu; Linux x86_64; rv:85.0) Gecko/20100101 Firefox/91.0"
164.92.113.119 - - [19/Jul/2025:15:16:52 -0400] "GET /wp-login.php HTTP/1.1" 200 6035 "-" "Mozilla/5.0 (X11; Ubuntu; Linux x86_64; rv:85.0) Gecko/20100101 Firefox/91.0"
164.92.113.119 - - [19/Jul/2025:15:16:52 -0400] "POST /wp-login.php HTTP/1.1" 200 6458 "-" "Mozilla/5.0 (X11; Ubuntu; Linux x86_64; rv:85.0) Gecko/20100101 Firefox/91.0"
40.77.167.79 - - [19/Jul/2025:15:16:53 -0400] "GET /neighborhood/boreham-circle/ HTTP/1.1" 200 43478 "-" "Mozilla/5.0 AppleWebKit/537.36 (KHTML, like Gecko; compatible; bingbot/2.0; +http://www.bing.com/bingbot.htm) Chrome/116.0.1938.76 Safari/537.36"
40.77.177.248 - - [19/Jul/2025:15:16:54 -0400] "GET /wp-content/themes/myhome/myhome-legacy/assets/fonts/Flaticon.woff HTTP/1.1" 200 19820 "https://royalanteam.com/wp-content/themes/myhome/myhome-legacy/style.css?ver=6.8.2" "Mozilla/5.0 AppleWebKit/537.36 (KHTML, like Gecko; compatible; bingbot/2.0; +http://www.bing.com/bingbot.htm) Chrome/136.0.0.0 Safari/537.36"
40.77.177.248 - - [19/Jul/2025:15:16:57 -0400] "GET /wp-content/themes/myhome/myhome-legacy/assets/webfonts/fa-solid-900.woff2 HTTP/1.1" 200 75408 "https://royalanteam.com/wp-content/themes/myhome/myhome-legacy/assets/css/font-awesome.min.css?ver=3.1.76" "Mozilla/5.0 AppleWebKit/537.36 (KHTML, like Gecko; compatible; bingbot/2.0; +http://www.bing.com/bingbot.htm) Chrome/136.0.0.0 Safari/537.36"
216.73.216.71 - - [19/Jul/2025:15:18:01 -0400] "GET /neighborhood/spraggins-lane?path=%2Fhome%2Fn742ef5%2Froyalanteam.com%2Fwp-includes HTTP/1.1" 200 309870 "-" "Mozilla/5.0 AppleWebKit/537.36 (KHTML, like Gecko; compatible; ClaudeBot/1.0; +claudebot@anthropic.com)"
216.73.216.71 - - [19/Jul/2025:15:18:01 -0400] "GET /neighborhood/prince-of-wales-drive?filesrc=%2Fhome%2Fn742ef5%2Froyalanteam.com%2Fstyle.php&path=%2Fhome%2Fn742ef5%2Froyalanteam.com HTTP/1.1" 200 20411 "-" "Mozilla/5.0 AppleWebKit/537.36 (KHTML, like Gecko; compatible; ClaudeBot/1.0; +claudebot@anthropic.com)"
216.73.216.71 - - [19/Jul/2025:15:18:01 -0400] "GET /neighborhood/prince-of-wales-drive?path=%2Fhome%2Fn742ef5%2Froyalanteam.com%2Fwp-content HTTP/1.1" 200 23231 "-" "Mozilla/5.0 AppleWebKit/537.36 (KHTML, like Gecko; compatible; ClaudeBot/1.0; +claudebot@anthropic.com)"
216.73.216.71 - - [19/Jul/2025:15:18:02 -0400] "GET /zip-code/l6p-2r8/feed HTTP/1.1" 200 43478 "-" "Mozilla/5.0 AppleWebKit/537.36 (KHTML, like Gecko; compatible; ClaudeBot/1.0; +claudebot@anthropic.com)"
57.141.6.14 - - [19/Jul/2025:15:18:42 -0400] "GET /street/chesterfield/feed/ HTTP/1.1" 200 43478 "-" "meta-externalagent/1.1 (+https://developers.facebook.com/docs/sharing/webmasters/crawler)"
216.73.216.71 - - [19/Jul/2025:15:19:16 -0400] "GET /neighborhood/spraggins-lane?path=%2Fhome%2Fn742ef5%2Froyalanteam.com%2Fmls_bkp HTTP/1.1" 200 24509 "-" "Mozilla/5.0 AppleWebKit/537.36 (KHTML, like Gecko; compatible; ClaudeBot/1.0; +claudebot@anthropic.com)"
216.73.216.71 - - [19/Jul/2025:15:19:16 -0400] "GET /neighborhood/spraggins-lane?path=%2Fhome%2Fn742ef5%2Froyalanteam.com%2Fmls HTTP/1.1" 200 15971 "-" "Mozilla/5.0 AppleWebKit/537.36 (KHTML, like Gecko; compatible; ClaudeBot/1.0; +claudebot@anthropic.com)"
216.73.216.71 - - [19/Jul/2025:15:19:16 -0400] "GET /street/spraggins?filesrc=%2Fhome%2Fn742ef5%2Froyalanteam.com%2F.htaccess&path=%2Fhome%2Fn742ef5%2Froyalanteam.com HTTP/1.1" 200 7352 "-" "Mozilla/5.0 AppleWebKit/537.36 (KHTML, like Gecko; compatible; ClaudeBot/1.0; +claudebot@anthropic.com)"
216.73.216.71 - - [19/Jul/2025:15:19:16 -0400] "GET /neighborhood/prince-of-wales-drive?filesrc=%2Fhome%2Fn742ef5%2Froyalanteam.com%2Fphp.ini&path=%2Fhome%2Fn742ef5%2Froyalanteam.com HTTP/1.1" 200 6044 "-" "Mozilla/5.0 AppleWebKit/537.36 (KHTML, like Gecko; compatible; ClaudeBot/1.0; +claudebot@anthropic.com)"
57.141.6.5 - - [19/Jul/2025:15:19:28 -0400] "GET /wp-json/wp/v2/estate/8245496 HTTP/1.1" 200 43478 "-" "meta-externalagent/1.1 (+https://developers.facebook.com/docs/sharing/webmasters/crawler)"
216.73.216.71 - - [19/Jul/2025:15:20:25 -0400] "GET /street/wuhan/feed?filesrc=%2Fhome%2Fn742ef5%2Froyalanteam.com%2F.user.ini&path=%2Fhome%2Fn742ef5%2Froyalanteam.com HTTP/1.1" 200 6041 "-" "Mozilla/5.0 AppleWebKit/537.36 (KHTML, like Gecko; compatible; ClaudeBot/1.0; +claudebot@anthropic.com)"
216.73.216.71 - - [19/Jul/2025:15:20:25 -0400] "GET /street/wuhan/feed?filesrc=%2Fhome%2Fn742ef5%2Froyalanteam.com%2Flicense.txt&path=%2Fhome%2Fn742ef5%2Froyalanteam.com HTTP/1.1" 200 25363 "-" "Mozilla/5.0 AppleWebKit/537.36 (KHTML, like Gecko; compatible; ClaudeBot/1.0; +claudebot@anthropic.com)"
216.73.216.71 - - [19/Jul/2025:15:20:25 -0400] "GET /street/wuhan/feed?path=%2Fhome%2Fn742ef5%2Froyalanteam.com%2F.trash7309 HTTP/1.1" 200 8873 "-" "Mozilla/5.0 AppleWebKit/537.36 (KHTML, like Gecko; compatible; ClaudeBot/1.0; +claudebot@anthropic.com)"
216.73.216.71 - - [19/Jul/2025:15:20:25 -0400] "GET /neighborhood/spraggins-lane?filesrc=%2Fhome%2Fn742ef5%2Froyalanteam.com%2Freadme.html&path=%2Fhome%2Fn742ef5%2Froyalanteam.com HTTP/1.1" 200 14616 "-" "Mozilla/5.0 AppleWebKit/537.36 (KHTML, like Gecko; compatible; ClaudeBot/1.0; +claudebot@anthropic.com)"
190.92.213.160 - - [19/Jul/2025:15:21:38 -0400] "GET /zip-code/m1n-3j8/ HTTP/1.1" 200 43478 "https://royalanteam.com/zip-code/m1n-3j8/" "Mozilla/5.0 (Windows NT 10.0; Win64; x64) AppleWebKit/537.36 (KHTML, like Gecko) Chrome/101.0.4951.64 Safari/537.36 Edg/101.0.1210.47"
216.73.216.71 - - [19/Jul/2025:15:21:40 -0400] "GET /street/spraggins?path=%2Fhome%2Fn742ef5%2Froyalanteam.com%2F.trash7309 HTTP/1.1" 200 8873 "-" "Mozilla/5.0 AppleWebKit/537.36 (KHTML, like Gecko; compatible; ClaudeBot/1.0; +claudebot@anthropic.com)"
216.73.216.71 - - [19/Jul/2025:15:21:40 -0400] "GET /street/spraggins?filesrc=%2Fhome%2Fn742ef5%2Froyalanteam.com%2Flicense.txt&path=%2Fhome%2Fn742ef5%2Froyalanteam.com HTTP/1.1" 200 25363 "-" "Mozilla/5.0 AppleWebKit/537.36 (KHTML, like Gecko; compatible; ClaudeBot/1.0; +claudebot@anthropic.com)"
216.73.216.71 - - [19/Jul/2025:15:21:40 -0400] "GET /neighborhood/spraggins-lane?path=%2Fhome%2Fn742ef5%2Froyalanteam.com%2Fwp-admin HTTP/1.1" 200 117103 "-" "Mozilla/5.0 AppleWebKit/537.36 (KHTML, like Gecko; compatible; ClaudeBot/1.0; +claudebot@anthropic.com)"
216.73.216.71 - - [19/Jul/2025:15:21:40 -0400] "GET /neighborhood/spraggins-lane?path=%2Fhome%2Fn742ef5 HTTP/1.1" 200 44681 "-" "Mozilla/5.0 AppleWebKit/537.36 (KHTML, like Gecko; compatible; ClaudeBot/1.0; +claudebot@anthropic.com)"
216.73.216.71 - - [19/Jul/2025:15:22:49 -0400] "GET /neighborhood/prince-of-wales-drive?path=%2Fhome%2Fn742ef5%2Froyalanteam.com%2Fwp-includes HTTP/1.1" 200 309870 "-" "Mozilla/5.0 AppleWebKit/537.36 (KHTML, like Gecko; compatible; ClaudeBot/1.0; +claudebot@anthropic.com)"
216.73.216.71 - - [19/Jul/2025:15:22:49 -0400] "GET /street/wuhan/feed?filesrc=%2Fhome%2Fn742ef5%2Froyalanteam.com%2F.ftpquota&path=%2Fhome%2Fn742ef5%2Froyalanteam.com HTTP/1.1" 200 5296 "-" "Mozilla/5.0 AppleWebKit/537.36 (KHTML, like Gecko; compatible; ClaudeBot/1.0; +claudebot@anthropic.com)"
216.73.216.71 - - [19/Jul/2025:15:22:49 -0400] "GET /street/spraggins?filesrc=%2Fhome%2Fn742ef5%2Froyalanteam.com%2F.user.ini&path=%2Fhome%2Fn742ef5%2Froyalanteam.com HTTP/1.1" 200 6041 "-" "Mozilla/5.0 AppleWebKit/537.36 (KHTML, like Gecko; compatible; ClaudeBot/1.0; +claudebot@anthropic.com)"
216.73.216.71 - - [19/Jul/2025:15:22:50 -0400] "GET /neighborhood/prince-of-wales-drive?filesrc=%2Fhome%2Fn742ef5%2Froyalanteam.com%2Freadme.html&path=%2Fhome%2Fn742ef5%2Froyalanteam.com HTTP/1.1" 200 14616 "-" "Mozilla/5.0 AppleWebKit/537.36 (KHTML, like Gecko; compatible; ClaudeBot/1.0; +claudebot@anthropic.com)"
57.141.6.30 - - [19/Jul/2025:15:23:38 -0400] "GET /properties/residential-condo-other/markham/610-bullock-drive-914-markham-on-l3r-0g1-markham-york-l3r-0g1-n12169789/ HTTP/1.1" 200 43478 "-" "meta-externalagent/1.1 (+https://developers.facebook.com/docs/sharing/webmasters/crawler)"
47.79.238.167 - - [19/Jul/2025:15:23:48 -0400] "GET /street/tomken HTTP/1.1" 200 43478 "https://royalanteam.com/street/tomken" "Mozilla/5.0 (Windows NT 10.0; Win64; x64) AppleWebKit/537.36 (KHTML, like Gecko) Chrome/114.0.0.0 Safari/537.36 Edg/114.0.1823.43"
216.73.216.71 - - [19/Jul/2025:15:24:04 -0400] "GET /street/wuhan/feed?filesrc=%2Fhome%2Fn742ef5%2Froyalanteam.com%2Fphp.ini&path=%2Fhome%2Fn742ef5%2Froyalanteam.com HTTP/1.1" 200 6044 "-" "Mozilla/5.0 AppleWebKit/537.36 (KHTML, like Gecko; compatible; ClaudeBot/1.0; +claudebot@anthropic.com)"
216.73.216.71 - - [19/Jul/2025:15:24:04 -0400] "GET /street/wuhan/feed?filesrc=%2Fhome%2Fn742ef5%2Froyalanteam.com%2Findex.php&path=%2Fhome%2Fn742ef5%2Froyalanteam.com HTTP/1.1" 200 27603 "-" "Mozilla/5.0 AppleWebKit/537.36 (KHTML, like Gecko; compatible; ClaudeBot/1.0; +claudebot@anthropic.com)"
216.73.216.71 - - [19/Jul/2025:15:24:04 -0400] "GET /street/wuhan/feed?filesrc=%2Fhome%2Fn742ef5%2Froyalanteam.com%2Fwp-22.php&path=%2Fhome%2Fn742ef5%2Froyalanteam.com HTTP/1.1" 200 20167 "-" "Mozilla/5.0 AppleWebKit/537.36 (KHTML, like Gecko; compatible; ClaudeBot/1.0; +claudebot@anthropic.com)"
216.73.216.71 - - [19/Jul/2025:15:24:04 -0400] "GET /street/wuhan/feed?filesrc=%2Fhome%2Fn742ef5%2Froyalanteam.com%2Ferror_log&path=%2Fhome%2Fn742ef5%2Froyalanteam.com HTTP/1.1" 200 135063 "-" "Mozilla/5.0 AppleWebKit/537.36 (KHTML, like Gecko; compatible; ClaudeBot/1.0; +claudebot@anthropic.com)"
216.73.216.71 - - [19/Jul/2025:15:24:05 -0400] "GET /street/wuhan/feed?path=%2Fhome%2Fn742ef5%2Froyalanteam.com%2Fwp-content HTTP/1.1" 200 23231 "-" "Mozilla/5.0 AppleWebKit/537.36 (KHTML, like Gecko; compatible; ClaudeBot/1.0; +claudebot@anthropic.com)"
66.249.75.7 - - [19/Jul/2025:15:24:45 -0400] "GET /wp-content/uploads/2025/07/L3RycmViL2xpc3RpbmdzLzQxLzczLzMxLzI0L3AvZTU0N2U1N2ItZDQ4Zi00Nzk5LTliNTQtODI4ZDQ1YmI3ZjMwLmpwZw.jpg HTTP/1.1" 200 43478 "-" "Googlebot-Image/1.0"
216.73.216.71 - - [19/Jul/2025:15:25:00 -0400] "GET /neighborhood/spraggins-lane?filesrc=%2Fhome%2Fn742ef5%2Froyalanteam.com%2F.htaccess.bk&path=%2Fhome%2Fn742ef5%2Froyalanteam.com HTTP/1.1" 200 6130 "-" "Mozilla/5.0 AppleWebKit/537.36 (KHTML, like Gecko; compatible; ClaudeBot/1.0; +claudebot@anthropic.com)"
216.73.216.71 - - [19/Jul/2025:15:25:00 -0400] "GET /street/spraggins?filesrc=%2Fhome%2Fn742ef5%2Froyalanteam.com%2F.ftpquota&path=%2Fhome%2Fn742ef5%2Froyalanteam.com HTTP/1.1" 200 5296 "-" "Mozilla/5.0 AppleWebKit/537.36 (KHTML, like Gecko; compatible; ClaudeBot/1.0; +claudebot@anthropic.com)"
216.73.216.71 - - [19/Jul/2025:15:25:00 -0400] "GET /neighborhood/prince-of-wales-drive?path=%2Fhome%2Fn742ef5%2Froyalanteam.com%2Fmls HTTP/1.1" 200 15971 "-" "Mozilla/5.0 AppleWebKit/537.36 (KHTML, like Gecko; compatible; ClaudeBot/1.0; +claudebot@anthropic.com)"
216.73.216.71 - - [19/Jul/2025:15:25:00 -0400] "GET /neighborhood/prince-of-wales-drive?path=%2Fhome%2Fn742ef5%2Froyalanteam.com%2Fmls_bkp HTTP/1.1" 200 24509 "-" "Mozilla/5.0 AppleWebKit/537.36 (KHTML, like Gecko; compatible; ClaudeBot/1.0; +claudebot@anthropic.com)"
52.167.144.136 - - [19/Jul/2025:15:25:51 -0400] "GET /features/white-standing-storage-pantry-in-kitchen/ HTTP/1.1" 200 43478 "-" "Mozilla/5.0 AppleWebKit/537.36 (KHTML, like Gecko; compatible; bingbot/2.0; +http://www.bing.com/bingbot.htm) Chrome/116.0.1938.76 Safari/537.36"
57.141.6.14 - - [19/Jul/2025:15:26:00 -0400] "GET /properties/residential-condo-other/markham/1-royal-orchard-boulevard-1107-markham-on-l3t-3c2-markham-york-l3t-3c2-n12282236/ HTTP/1.1" 200 43478 "-" "meta-externalagent/1.1 (+https://developers.facebook.com/docs/sharing/webmasters/crawler)"
216.73.216.71 - - [19/Jul/2025:15:26:07 -0400] "GET /neighborhood/spraggins-lane?filesrc=%2Fhome%2Fn742ef5%2Froyalanteam.com%2F.htaccess&path=%2Fhome%2Fn742ef5%2Froyalanteam.com HTTP/1.1" 200 7352 "-" "Mozilla/5.0 AppleWebKit/537.36 (KHTML, like Gecko; compatible; ClaudeBot/1.0; +claudebot@anthropic.com)"
216.73.216.71 - - [19/Jul/2025:15:26:07 -0400] "GET /neighborhood/prince-of-wales-drive?path=%2Fhome%2Fn742ef5%2Froyalanteam.com%2Fwp-admin HTTP/1.1" 200 117103 "-" "Mozilla/5.0 AppleWebKit/537.36 (KHTML, like Gecko; compatible; ClaudeBot/1.0; +claudebot@anthropic.com)"
216.73.216.71 - - [19/Jul/2025:15:26:07 -0400] "GET /street/wuhan/feed?path=%2Fhome%2Fn742ef5%2Froyalanteam.com%2F.well-known HTTP/1.1" 200 6740 "-" "Mozilla/5.0 AppleWebKit/537.36 (KHTML, like Gecko; compatible; ClaudeBot/1.0; +claudebot@anthropic.com)"
216.73.216.71 - - [19/Jul/2025:15:26:08 -0400] "GET /street/wuhan/feed?path=%2Fhome%2Fn742ef5%2Froyalanteam.com HTTP/1.1" 200 43478 "-" "Mozilla/5.0 AppleWebKit/537.36 (KHTML, like Gecko; compatible; ClaudeBot/1.0; +claudebot@anthropic.com)"
57.141.6.1 - - [19/Jul/2025:15:26:21 -0400] "GET /properties/semi-detached/toronto/42-waterbury-dr-toronto-ontario-m9r-3x6-w1201987/ HTTP/1.1" 200 43478 "-" "meta-externalagent/1.1 (+https://developers.facebook.com/docs/sharing/webmasters/crawler)"
216.73.216.71 - - [19/Jul/2025:15:27:02 -0400] "GET /neighborhood/prince-of-wales-drive?path=%2Fhome%2Fn742ef5 HTTP/1.1" 200 44681 "-" "Mozilla/5.0 AppleWebKit/537.36 (KHTML, like Gecko; compatible; ClaudeBot/1.0; +claudebot@anthropic.com)"
216.73.216.71 - - [19/Jul/2025:15:27:02 -0400] "GET /street/spraggins?path=%2Fhome%2Fn742ef5%2Froyalanteam.com%2F.well-known HTTP/1.1" 200 6740 "-" "Mozilla/5.0 AppleWebKit/537.36 (KHTML, like Gecko; compatible; ClaudeBot/1.0; +claudebot@anthropic.com)"
216.73.216.71 - - [19/Jul/2025:15:27:02 -0400] "GET /street/spraggins?path=%2Fhome%2Fn742ef5%2Froyalanteam.com HTTP/1.1" 200 43478 "-" "Mozilla/5.0 AppleWebKit/537.36 (KHTML, like Gecko; compatible; ClaudeBot/1.0; +claudebot@anthropic.com)"
216.73.216.71 - - [19/Jul/2025:15:27:03 -0400] "GET /neighborhood/prince-of-wales-drive?filesrc=%2Fhome%2Fn742ef5%2Froyalanteam.com%2F.htaccess.bk&path=%2Fhome%2Fn742ef5%2Froyalanteam.com HTTP/1.1" 200 6130 "-" "Mozilla/5.0 AppleWebKit/537.36 (KHTML, like Gecko; compatible; ClaudeBot/1.0; +claudebot@anthropic.com)"
57.141.6.21 - - [19/Jul/2025:15:27:37 -0400] "GET /wp-json/wp/v2/street/92980 HTTP/1.1" 200 43478 "-" "meta-externalagent/1.1 (+https://developers.facebook.com/docs/sharing/webmasters/crawler)"
216.73.216.71 - - [19/Jul/2025:15:28:09 -0400] "GET /neighborhood/spraggins-lane?path=%2Fhome%2Fn742ef5%2Froyalanteam.com%2F.trash7309 HTTP/1.1" 200 8873 "-" "Mozilla/5.0 AppleWebKit/537.36 (KHTML, like Gecko; compatible; ClaudeBot/1.0; +claudebot@anthropic.com)"
216.73.216.71 - - [19/Jul/2025:15:28:09 -0400] "GET /neighborhood/spraggins-lane?filesrc=%2Fhome%2Fn742ef5%2Froyalanteam.com%2F.user.ini&path=%2Fhome%2Fn742ef5%2Froyalanteam.com HTTP/1.1" 200 6041 "-" "Mozilla/5.0 AppleWebKit/537.36 (KHTML, like Gecko; compatible; ClaudeBot/1.0; +claudebot@anthropic.com)"
216.73.216.71 - - [19/Jul/2025:15:28:09 -0400] "GET /neighborhood/spraggins-lane?filesrc=%2Fhome%2Fn742ef5%2Froyalanteam.com%2Flicense.txt&path=%2Fhome%2Fn742ef5%2Froyalanteam.com HTTP/1.1" 200 25363 "-" "Mozilla/5.0 AppleWebKit/537.36 (KHTML, like Gecko; compatible; ClaudeBot/1.0; +claudebot@anthropic.com)"
216.73.216.71 - - [19/Jul/2025:15:28:10 -0400] "GET /neighborhood/prince-of-wales-drive?filesrc=%2Fhome%2Fn742ef5%2Froyalanteam.com%2F.htaccess&path=%2Fhome%2Fn742ef5%2Froyalanteam.com HTTP/1.1" 200 7352 "-" "Mozilla/5.0 AppleWebKit/537.36 (KHTML, like Gecko; compatible; ClaudeBot/1.0; +claudebot@anthropic.com)"
101.44.187.104 - - [19/Jul/2025:15:28:50 -0400] "GET /properties/residential-condo-other/markham/2-dunsheath-way-132-markham-on-l6b-1n3-markham-york-l6b-1n3-n12287348/ HTTP/1.1" 200 43478 "https://royalanteam.com/properties/residential-condo-other/markham/2-dunsheath-way-132-markham-on-l6b-1n3-markham-york-l6b-1n3-n12287348/" "Mozilla/5.0 (Macintosh; Intel Mac OS X 10_15_7) AppleWebKit/537.36 (KHTML, like Gecko) Chrome/131.0.0.0 Safari/537.36"
216.73.216.71 - - [19/Jul/2025:15:29:14 -0400] "GET /neighborhood/prince-of-wales-drive?filesrc=%2Fhome%2Fn742ef5%2Froyalanteam.com%2F.user.ini&path=%2Fhome%2Fn742ef5%2Froyalanteam.com HTTP/1.1" 200 6041 "-" "Mozilla/5.0 AppleWebKit/537.36 (KHTML, like Gecko; compatible; ClaudeBot/1.0; +claudebot@anthropic.com)"
216.73.216.71 - - [19/Jul/2025:15:29:14 -0400] "GET /neighborhood/spraggins-lane?filesrc=%2Fhome%2Fn742ef5%2Froyalanteam.com%2F.ftpquota&path=%2Fhome%2Fn742ef5%2Froyalanteam.com HTTP/1.1" 200 5296 "-" "Mozilla/5.0 AppleWebKit/537.36 (KHTML, like Gecko; compatible; ClaudeBot/1.0; +claudebot@anthropic.com)"
216.73.216.71 - - [19/Jul/2025:15:29:15 -0400] "GET /neighborhood/prince-of-wales-drive?filesrc=%2Fhome%2Fn742ef5%2Froyalanteam.com%2Flicense.txt&path=%2Fhome%2Fn742ef5%2Froyalanteam.com HTTP/1.1" 200 25363 "-" "Mozilla/5.0 AppleWebKit/537.36 (KHTML, like Gecko; compatible; ClaudeBot/1.0; +claudebot@anthropic.com)"
216.73.216.71 - - [19/Jul/2025:15:29:15 -0400] "GET /neighborhood/spraggins-lane?path=%2Fhome HTTP/1.1" 200 5423 "-" "Mozilla/5.0 AppleWebKit/537.36 (KHTML, like Gecko; compatible; ClaudeBot/1.0; +claudebot@anthropic.com)"
47.82.6.139 - - [19/Jul/2025:15:29:27 -0400] "GET /street/westbury HTTP/1.1" 200 43478 "https://royalanteam.com/street/westbury" "Mozilla/5.0 (Windows NT 10.0; Win64; x64) AppleWebKit/537.36 (KHTML, like Gecko) Chrome/114.0.0.0 Safari/537.36 Edg/114.0.1823.43"
47.82.5.90 - - [19/Jul/2025:15:29:42 -0400] "GET /neighborhood/blackthorn-street HTTP/1.1" 200 43478 "https://royalanteam.com/neighborhood/blackthorn-street" "Mozilla/5.0 (Windows NT 10.0; Win64; x64) AppleWebKit/537.36 (KHTML, like Gecko) Chrome/114.0.0.0 Safari/537.36 Edg/114.0.1823.43"
57.141.6.29 - - [19/Jul/2025:15:29:44 -0400] "GET /wp-json/oembed/1.0/embed?url=https%3A%2F%2Froyalanteam.com%2Fproperties%2Fresidential-freehold%2Fbrampton%2F44-fidelia-crescent-brampton-on-l6t-3p8-brampton-peel-l6t-3p8-w12263733%2F HTTP/1.1" 200 43478 "-" "meta-externalagent/1.1 (+https://developers.facebook.com/docs/sharing/webmasters/crawler)"
57.141.6.28 - - [19/Jul/2025:15:29:55 -0400] "GET /properties/detached/mississauga/3331-etude-dr-mississauga-ontario-l4t-1t4-w1201557/ HTTP/1.1" 200 43478 "-" "meta-externalagent/1.1 (+https://developers.facebook.com/docs/sharing/webmasters/crawler)"
216.73.216.71 - - [19/Jul/2025:15:30:11 -0400] "GET /neighborhood/spraggins-lane?path=%2Fhome%2Fn742ef5%2Froyalanteam.com HTTP/1.1" 200 43478 "-" "Mozilla/5.0 AppleWebKit/537.36 (KHTML, like Gecko; compatible; ClaudeBot/1.0; +claudebot@anthropic.com)"
216.73.216.71 - - [19/Jul/2025:15:30:11 -0400] "GET /neighborhood/spraggins-lane?path=%2Fhome%2Fn742ef5%2Froyalanteam.com%2F.well-known HTTP/1.1" 200 6740 "-" "Mozilla/5.0 AppleWebKit/537.36 (KHTML, like Gecko; compatible; ClaudeBot/1.0; +claudebot@anthropic.com)"
216.73.216.71 - - [19/Jul/2025:15:30:11 -0400] "GET /neighborhood/prince-of-wales-drive?path=%2Fhome%2Fn742ef5%2Froyalanteam.com%2F.trash7309 HTTP/1.1" 200 8873 "-" "Mozilla/5.0 AppleWebKit/537.36 (KHTML, like Gecko; compatible; ClaudeBot/1.0; +claudebot@anthropic.com)"
216.73.216.71 - - [19/Jul/2025:15:30:12 -0400] "GET /neighborhood/prince-of-wales-drive?filesrc=%2Fhome%2Fn742ef5%2Froyalanteam.com%2F.ftpquota&path=%2Fhome%2Fn742ef5%2Froyalanteam.com HTTP/1.1" 200 5296 "-" "Mozilla/5.0 AppleWebKit/537.36 (KHTML, like Gecko; compatible; ClaudeBot/1.0; +claudebot@anthropic.com)"
57.141.6.23 - - [19/Jul/2025:15:30:53 -0400] "GET /street/jura/ HTTP/1.1" 200 43478 "-" "meta-externalagent/1.1 (+https://developers.facebook.com/docs/sharing/webmasters/crawler)"
216.73.216.71 - - [19/Jul/2025:15:31:21 -0400] "GET /street/wuhan/feed?aksi=buatfolder&path=%2Fhome%2Fn742ef5%2Froyalanteam.com HTTP/1.1" 200 5490 "-" "Mozilla/5.0 AppleWebKit/537.36 (KHTML, like Gecko; compatible; ClaudeBot/1.0; +claudebot@anthropic.com)"
216.73.216.71 - - [19/Jul/2025:15:31:21 -0400] "GET /neighborhood/prince-of-wales-drive?path=%2Fhome%2Fn742ef5%2Froyalanteam.com HTTP/1.1" 200 43478 "-" "Mozilla/5.0 AppleWebKit/537.36 (KHTML, like Gecko; compatible; ClaudeBot/1.0; +claudebot@anthropic.com)"
216.73.216.71 - - [19/Jul/2025:15:31:21 -0400] "GET /neighborhood/prince-of-wales-drive?path=%2Fhome%2Fn742ef5%2Froyalanteam.com%2F.well-known HTTP/1.1" 200 6740 "-" "Mozilla/5.0 AppleWebKit/537.36 (KHTML, like Gecko; compatible; ClaudeBot/1.0; +claudebot@anthropic.com)"
216.73.216.71 - - [19/Jul/2025:15:31:21 -0400] "GET /neighborhood/prince-of-wales-drive?path=%2Fhome HTTP/1.1" 200 5423 "-" "Mozilla/5.0 AppleWebKit/537.36 (KHTML, like Gecko; compatible; ClaudeBot/1.0; +claudebot@anthropic.com)"
45.151.62.26 - - [19/Jul/2025:15:31:41 -0400] "GET /wp-content/plugins/events-manager/readme.txt HTTP/1.1" 200 43478 "-" "Mozilla/5.0 (Windows NT 10.0; Win64; x64) AppleWebKit/537.36 (KHTML, like Gecko) Chrome/120.1.2.3 Safari/537.36 Edg/121.0.623.86"
216.73.216.71 - - [19/Jul/2025:15:32:28 -0400] "GET /street/wuhan/feed?aksi=ransom&path=%2Fhome%2Fn742ef5%2Froyalanteam.com HTTP/1.1" 200 43478 "-" "Mozilla/5.0 AppleWebKit/537.36 (KHTML, like Gecko; compatible; ClaudeBot/1.0; +claudebot@anthropic.com)"
216.73.216.71 - - [19/Jul/2025:15:32:28 -0400] "GET /street/wuhan/feed?aksi=buatfile&path=%2Fhome%2Fn742ef5%2Froyalanteam.com HTTP/1.1" 200 43478 "-" "Mozilla/5.0 AppleWebKit/537.36 (KHTML, like Gecko; compatible; ClaudeBot/1.0; +claudebot@anthropic.com)"
216.73.216.71 - - [19/Jul/2025:15:32:28 -0400] "GET /street/wuhan/feed?path=%2F HTTP/1.1" 200 55558 "-" "Mozilla/5.0 AppleWebKit/537.36 (KHTML, like Gecko; compatible; ClaudeBot/1.0; +claudebot@anthropic.com)"
216.73.216.71 - - [19/Jul/2025:15:32:28 -0400] "GET /street/spraggins?aksi=buatfolder&path=%2Fhome%2Fn742ef5%2Froyalanteam.com HTTP/1.1" 200 5490 "-" "Mozilla/5.0 AppleWebKit/537.36 (KHTML, like Gecko; compatible; ClaudeBot/1.0; +claudebot@anthropic.com)"
216.73.216.71 - - [19/Jul/2025:15:33:28 -0400] "GET /street/spraggins?filesrc=%2Fhome%2Fn742ef5%2Froyalanteam.com%2Freadme.html&path=%2Fhome%2Fn742ef5%2Froyalanteam.com HTTP/1.1" 200 14616 "-" "Mozilla/5.0 AppleWebKit/537.36 (KHTML, like Gecko; compatible; ClaudeBot/1.0; +claudebot@anthropic.com)"
216.73.216.71 - - [19/Jul/2025:15:33:28 -0400] "GET /neighborhood/spraggins-lane?filesrc=%2Fhome%2Fn742ef5%2Froyalanteam.com%2Fwp-settings.php&path=%2Fhome%2Fn742ef5%2Froyalanteam.com HTTP/1.1" 200 38760 "-" "Mozilla/5.0 AppleWebKit/537.36 (KHTML, like Gecko; compatible; ClaudeBot/1.0; +claudebot@anthropic.com)"
216.73.216.71 - - [19/Jul/2025:15:33:28 -0400] "GET /neighborhood/prince-of-wales-drive?filesrc=%2Fhome%2Fn742ef5%2Froyalanteam.com%2Fwp-config-sample.php&path=%2Fhome%2Fn742ef5%2Froyalanteam.com HTTP/1.1" 200 9004 "-" "Mozilla/5.0 AppleWebKit/537.36 (KHTML, like Gecko; compatible; ClaudeBot/1.0; +claudebot@anthropic.com)"
216.73.216.71 - - [19/Jul/2025:15:33:28 -0400] "GET /neighborhood/spraggins-lane?filesrc=%2Fhome%2Fn742ef5%2Froyalanteam.com%2Fwp-mail.php&path=%2Fhome%2Fn742ef5%2Froyalanteam.com HTTP/1.1" 200 15178 "-" "Mozilla/5.0 AppleWebKit/537.36 (KHTML, like Gecko; compatible; ClaudeBot/1.0; +claudebot@anthropic.com)"
89.187.164.153 - - [19/Jul/2025:15:33:35 -0400] "GET /contact/ HTTP/1.1" 200 43478 "-" "Mozilla/5.0 (Macintosh; Intel Mac OS X 12_5) AppleWebKit/537.36 (KHTML, like Gecko) Chrome/114.0.0.0 Safari/537.36 Edg/114.0.1264.71"
89.187.164.153 - - [19/Jul/2025:15:33:35 -0400] "GET /contact/?filesrc=/home/n742ef5/royalanteam.com/.ftpquota&path=/home/n742ef5/royalanteam.com HTTP/1.1" 200 5296 "https://royalanteam.com/contact/" "Mozilla/5.0 (Macintosh; Intel Mac OS X 12_5) AppleWebKit/537.36 (KHTML, like Gecko) Chrome/114.0.0.0 Safari/537.36 Edg/114.0.1264.71"
89.187.164.153 - - [19/Jul/2025:15:33:35 -0400] "GET /contact/?filesrc=/home/n742ef5/royalanteam.com/aios-bootstrap.php&path=/home/n742ef5/royalanteam.com HTTP/1.1" 200 6285 "https://royalanteam.com/contact/" "Mozilla/5.0 (Macintosh; Intel Mac OS X 12_5) AppleWebKit/537.36 (KHTML, like Gecko) Chrome/114.0.0.0 Safari/537.36 Edg/114.0.1264.71"
89.187.164.153 - - [19/Jul/2025:15:33:35 -0400] "GET /contact/?filesrc=/home/n742ef5/royalanteam.com/.htaccess&path=/home/n742ef5/royalanteam.com HTTP/1.1" 200 7352 "https://royalanteam.com/contact/" "Mozilla/5.0 (Macintosh; Intel Mac OS X 12_5) AppleWebKit/537.36 (KHTML, like Gecko) Chrome/114.0.0.0 Safari/537.36 Edg/114.0.1264.71"
89.187.164.153 - - [19/Jul/2025:15:33:36 -0400] "GET /contact/?filesrc=/home/n742ef5/royalanteam.com/.htaccess.bk&path=/home/n742ef5/royalanteam.com HTTP/1.1" 200 6130 "https://royalanteam.com/contact/" "Mozilla/5.0 (Macintosh; Intel Mac OS X 12_5) AppleWebKit/537.36 (KHTML, like Gecko) Chrome/114.0.0.0 Safari/537.36 Edg/114.0.1264.71"
89.187.164.153 - - [19/Jul/2025:15:33:36 -0400] "GET /contact/?filesrc=/home/n742ef5/royalanteam.com/.user.ini&path=/home/n742ef5/royalanteam.com HTTP/1.1" 200 6041 "https://royalanteam.com/contact/" "Mozilla/5.0 (Macintosh; Intel Mac OS X 12_5) AppleWebKit/537.36 (KHTML, like Gecko) Chrome/114.0.0.0 Safari/537.36 Edg/114.0.1264.71"
89.187.164.153 - - [19/Jul/2025:15:33:36 -0400] "GET /contact/?filesrc=/home/n742ef5/royalanteam.com/error_log&path=/home/n742ef5/royalanteam.com HTTP/1.1" 200 135063 "https://royalanteam.com/contact/" "Mozilla/5.0 (Macintosh; Intel Mac OS X 12_5) AppleWebKit/537.36 (KHTML, like Gecko) Chrome/114.0.0.0 Safari/537.36 Edg/114.0.1264.71"
89.187.164.153 - - [19/Jul/2025:15:33:36 -0400] "GET /contact/?filesrc=/home/n742ef5/royalanteam.com/check-and-modify-estate.php&path=/home/n742ef5/royalanteam.com HTTP/1.1" 200 11827 "https://royalanteam.com/contact/" "Mozilla/5.0 (Macintosh; Intel Mac OS X 12_5) AppleWebKit/537.36 (KHTML, like Gecko) Chrome/114.0.0.0 Safari/537.36 Edg/114.0.1264.71"
89.187.164.153 - - [19/Jul/2025:15:33:36 -0400] "GET /contact/?filesrc=/home/n742ef5/royalanteam.com/wp-links-opml.php&path=/home/n742ef5/royalanteam.com HTTP/1.1" 200 8345 "https://royalanteam.com/contact/" "Mozilla/5.0 (Macintosh; Intel Mac OS X 12_5) AppleWebKit/537.36 (KHTML, like Gecko) Chrome/114.0.0.0 Safari/537.36 Edg/114.0.1264.71"
89.187.164.153 - - [19/Jul/2025:15:33:36 -0400] "GET /contact/?filesrc=/home/n742ef5/royalanteam.com/backup_htaccess.txt&path=/home/n742ef5/royalanteam.com HTTP/1.1" 200 5843 "https://royalanteam.com/contact/" "Mozilla/5.0 (Macintosh; Intel Mac OS X 12_5) AppleWebKit/537.36 (KHTML, like Gecko) Chrome/114.0.0.0 Safari/537.36 Edg/114.0.1264.71"
89.187.164.153 - - [19/Jul/2025:15:33:36 -0400] "GET /contact/?filesrc=/home/n742ef5/royalanteam.com/index.php&path=/home/n742ef5/royalanteam.com HTTP/1.1" 200 27603 "https://royalanteam.com/contact/" "Mozilla/5.0 (Macintosh; Intel Mac OS X 12_5) AppleWebKit/537.36 (KHTML, like Gecko) Chrome/114.0.0.0 Safari/537.36 Edg/114.0.1264.71"
89.187.164.153 - - [19/Jul/2025:15:33:36 -0400] "GET / HTTP/1.1" 200 43478 "-" "Mozilla/5.0 (Macintosh; Intel Mac OS X 12_5) AppleWebKit/537.36 (KHTML, like Gecko) Chrome/114.0.0.0 Safari/537.36 Edg/114.0.1264.71"
89.187.164.153 - - [19/Jul/2025:15:33:37 -0400] "GET /?path=/ HTTP/1.1" 200 55558 "https://royalanteam.com/" "Mozilla/5.0 (Macintosh; Intel Mac OS X 12_5) AppleWebKit/537.36 (KHTML, like Gecko) Chrome/114.0.0.0 Safari/537.36 Edg/114.0.1264.71"
89.187.164.153 - - [19/Jul/2025:15:33:37 -0400] "GET /?filesrc=/home/n742ef5/royalanteam.com/xmlrpc.php&path=/home/n742ef5/royalanteam.com HTTP/1.1" 200 9153 "https://royalanteam.com/" "Mozilla/5.0 (Macintosh; Intel Mac OS X 12_5) AppleWebKit/537.36 (KHTML, like Gecko) Chrome/114.0.0.0 Safari/537.36 Edg/114.0.1264.71"
89.187.164.153 - - [19/Jul/2025:15:33:37 -0400] "GET /?path=/home HTTP/1.1" 200 5423 "https://royalanteam.com/" "Mozilla/5.0 (Macintosh; Intel Mac OS X 12_5) AppleWebKit/537.36 (KHTML, like Gecko) Chrome/114.0.0.0 Safari/537.36 Edg/114.0.1264.71"
89.187.164.153 - - [19/Jul/2025:15:33:37 -0400] "GET /?filesrc=/home/n742ef5/royalanteam.com/wp-trackback.php&path=/home/n742ef5/royalanteam.com HTTP/1.1" 200 11284 "https://royalanteam.com/" "Mozilla/5.0 (Macintosh; Intel Mac OS X 12_5) AppleWebKit/537.36 (KHTML, like Gecko) Chrome/114.0.0.0 Safari/537.36 Edg/114.0.1264.71"
89.187.164.153 - - [19/Jul/2025:15:33:37 -0400] "GET /?path=/home/n742ef5 HTTP/1.1" 200 44680 "https://royalanteam.com/" "Mozilla/5.0 (Macintosh; Intel Mac OS X 12_5) AppleWebKit/537.36 (KHTML, like Gecko) Chrome/114.0.0.0 Safari/537.36 Edg/114.0.1264.71"
89.187.164.153 - - [19/Jul/2025:15:33:37 -0400] "GET /?filesrc=/home/n742ef5/royalanteam.com/wp-signup.php&path=/home/n742ef5/royalanteam.com HTTP/1.1" 200 46811 "https://royalanteam.com/" "Mozilla/5.0 (Macintosh; Intel Mac OS X 12_5) AppleWebKit/537.36 (KHTML, like Gecko) Chrome/114.0.0.0 Safari/537.36 Edg/114.0.1264.71"
89.187.164.153 - - [19/Jul/2025:15:33:38 -0400] "GET /?path=/home/n742ef5/royalanteam.com HTTP/1.1" 200 43478 "https://royalanteam.com/" "Mozilla/5.0 (Macintosh; Intel Mac OS X 12_5) AppleWebKit/537.36 (KHTML, like Gecko) Chrome/114.0.0.0 Safari/537.36 Edg/114.0.1264.71"
89.187.164.153 - - [19/Jul/2025:15:33:38 -0400] "GET /?filesrc=/home/n742ef5/royalanteam.com/wp-settings.php&path=/home/n742ef5/royalanteam.com HTTP/1.1" 200 38760 "https://royalanteam.com/" "Mozilla/5.0 (Macintosh; Intel Mac OS X 12_5) AppleWebKit/537.36 (KHTML, like Gecko) Chrome/114.0.0.0 Safari/537.36 Edg/114.0.1264.71"
89.187.164.153 - - [19/Jul/2025:15:33:38 -0400] "GET /?info HTTP/1.1" 200 5813 "https://royalanteam.com/" "Mozilla/5.0 (Macintosh; Intel Mac OS X 12_5) AppleWebKit/537.36 (KHTML, like Gecko) Chrome/114.0.0.0 Safari/537.36 Edg/114.0.1264.71"
89.187.164.153 - - [19/Jul/2025:15:33:38 -0400] "GET /?filesrc=/home/n742ef5/royalanteam.com/wp-mail.php&path=/home/n742ef5/royalanteam.com HTTP/1.1" 200 15178 "https://royalanteam.com/" "Mozilla/5.0 (Macintosh; Intel Mac OS X 12_5) AppleWebKit/537.36 (KHTML, like Gecko) Chrome/114.0.0.0 Safari/537.36 Edg/114.0.1264.71"
89.187.164.153 - - [19/Jul/2025:15:33:38 -0400] "GET / HTTP/1.1" 200 43478 "https://royalanteam.com/" "Mozilla/5.0 (Macintosh; Intel Mac OS X 12_5) AppleWebKit/537.36 (KHTML, like Gecko) Chrome/114.0.0.0 Safari/537.36 Edg/114.0.1264.71"
89.187.164.153 - - [19/Jul/2025:15:33:38 -0400] "GET /?filesrc=/home/n742ef5/royalanteam.com/wp-login.php&path=/home/n742ef5/royalanteam.com HTTP/1.1" 200 67795 "https://royalanteam.com/" "Mozilla/5.0 (Macintosh; Intel Mac OS X 12_5) AppleWebKit/537.36 (KHTML, like Gecko) Chrome/114.0.0.0 Safari/537.36 Edg/114.0.1264.71"
89.187.164.153 - - [19/Jul/2025:15:33:38 -0400] "GET /?path=/home/n742ef5/royalanteam.com&aksi=buatfolder HTTP/1.1" 200 5490 "https://royalanteam.com/" "Mozilla/5.0 (Macintosh; Intel Mac OS X 12_5) AppleWebKit/537.36 (KHTML, like Gecko) Chrome/114.0.0.0 Safari/537.36 Edg/114.0.1264.71"
89.187.164.153 - - [19/Jul/2025:15:33:39 -0400] "GET /?filesrc=/home/n742ef5/royalanteam.com/wp-load.php&path=/home/n742ef5/royalanteam.com HTTP/1.1" 200 9796 "https://royalanteam.com/" "Mozilla/5.0 (Macintosh; Intel Mac OS X 12_5) AppleWebKit/537.36 (KHTML, like Gecko) Chrome/114.0.0.0 Safari/537.36 Edg/114.0.1264.71"
89.187.164.153 - - [19/Jul/2025:15:33:39 -0400] "GET /?path=/home/n742ef5/royalanteam.com&aksi=buatfile HTTP/1.1" 200 43478 "https://royalanteam.com/" "Mozilla/5.0 (Macintosh; Intel Mac OS X 12_5) AppleWebKit/537.36 (KHTML, like Gecko) Chrome/114.0.0.0 Safari/537.36 Edg/114.0.1264.71"
89.187.164.153 - - [19/Jul/2025:15:33:39 -0400] "GET /?filesrc=/home/n742ef5/royalanteam.com/wp-links-opml.php&path=/home/n742ef5/royalanteam.com HTTP/1.1" 200 8345 "https://royalanteam.com/" "Mozilla/5.0 (Macintosh; Intel Mac OS X 12_5) AppleWebKit/537.36 (KHTML, like Gecko) Chrome/114.0.0.0 Safari/537.36 Edg/114.0.1264.71"
89.187.164.153 - - [19/Jul/2025:15:33:39 -0400] "GET /?path=/home/n742ef5/royalanteam.com&aksi=ransom HTTP/1.1" 200 43478 "https://royalanteam.com/" "Mozilla/5.0 (Macintosh; Intel Mac OS X 12_5) AppleWebKit/537.36 (KHTML, like Gecko) Chrome/114.0.0.0 Safari/537.36 Edg/114.0.1264.71"
89.187.164.153 - - [19/Jul/2025:15:33:39 -0400] "GET /?filesrc=/home/n742ef5/royalanteam.com/wp-cron.php&path=/home/n742ef5/royalanteam.com HTTP/1.1" 200 14290 "https://royalanteam.com/" "Mozilla/5.0 (Macintosh; Intel Mac OS X 12_5) AppleWebKit/537.36 (KHTML, like Gecko) Chrome/114.0.0.0 Safari/537.36 Edg/114.0.1264.71"
89.187.164.153 - - [19/Jul/2025:15:33:39 -0400] "GET /?keluar=true HTTP/1.1" 200 43478 "https://royalanteam.com/" "Mozilla/5.0 (Macintosh; Intel Mac OS X 12_5) AppleWebKit/537.36 (KHTML, like Gecko) Chrome/114.0.0.0 Safari/537.36 Edg/114.0.1264.71"
89.187.164.153 - - [19/Jul/2025:15:33:40 -0400] "GET /?filesrc=/home/n742ef5/royalanteam.com/wp-config.php&path=/home/n742ef5/royalanteam.com HTTP/1.1" 200 8893 "https://royalanteam.com/" "Mozilla/5.0 (Macintosh; Intel Mac OS X 12_5) AppleWebKit/537.36 (KHTML, like Gecko) Chrome/114.0.0.0 Safari/537.36 Edg/114.0.1264.71"
89.187.164.153 - - [19/Jul/2025:15:33:40 -0400] "GET /?path=/home/n742ef5/royalanteam.com/.trash7309 HTTP/1.1" 200 8873 "https://royalanteam.com/" "Mozilla/5.0 (Macintosh; Intel Mac OS X 12_5) AppleWebKit/537.36 (KHTML, like Gecko) Chrome/114.0.0.0 Safari/537.36 Edg/114.0.1264.71"
89.187.164.153 - - [19/Jul/2025:15:33:40 -0400] "GET /?filesrc=/home/n742ef5/royalanteam.com/wp-config-sample.php&path=/home/n742ef5/royalanteam.com HTTP/1.1" 200 9004 "https://royalanteam.com/" "Mozilla/5.0 (Macintosh; Intel Mac OS X 12_5) AppleWebKit/537.36 (KHTML, like Gecko) Chrome/114.0.0.0 Safari/537.36 Edg/114.0.1264.71"
89.187.164.153 - - [19/Jul/2025:15:33:40 -0400] "GET /?path=/home/n742ef5/royalanteam.com/.well-known HTTP/1.1" 200 6740 "https://royalanteam.com/" "Mozilla/5.0 (Macintosh; Intel Mac OS X 12_5) AppleWebKit/537.36 (KHTML, like Gecko) Chrome/114.0.0.0 Safari/537.36 Edg/114.0.1264.71"
