66.249.75.7 - - [19/Jul/2025:13:40:21 -0400] "GET /wp-content/uploads/2025/06/kailain_contact-350x400.jpg HTTP/1.1" 200 32718 "https://royalanteam.com/properties/residential-condo-other/mississauga/2605-330-burnhamthorpe-road-mississauga-on-l5b-3y5-mississauga-peel-l5b-3y5-w12270953/" "Mozilla/5.0 AppleWebKit/537.36 (KHTML, like Gecko; compatible; GoogleOther) Chrome/137.0.7151.119 Safari/537.36"
66.249.75.7 - - [19/Jul/2025:13:40:22 -0400] "GET /wp-content/themes/myhome/myhome-legacy/assets/js/sliders/gallery.js?ver=3.1.76 HTTP/1.1" 200 1847 "https://royalanteam.com/properties/residential-condo-other/mississauga/2605-330-burnhamthorpe-road-mississauga-on-l5b-3y5-mississauga-peel-l5b-3y5-w12270953/" "Mozilla/5.0 AppleWebKit/537.36 (KHTML, like Gecko; compatible; GoogleOther) Chrome/137.0.7151.119 Safari/537.36"
66.249.75.7 - - [19/Jul/2025:13:40:22 -0400] "GET /wp-includes/js/jquery/ui/accordion.min.js?ver=1.13.3 HTTP/1.1" 200 8860 "https://royalanteam.com/properties/residential-condo-other/mississauga/2605-330-burnhamthorpe-road-mississauga-on-l5b-3y5-mississauga-peel-l5b-3y5-w12270953/" "Mozilla/5.0 AppleWebKit/537.36 (KHTML, like Gecko; compatible; GoogleOther) Chrome/137.0.7151.119 Safari/537.36"
66.249.75.7 - - [19/Jul/2025:13:40:23 -0400] "GET /wp-content/themes/myhome/myhome-legacy/assets/js/lazysizes.min.js?ver=3.1.76 HTTP/1.1" 200 23469 "https://royalanteam.com/properties/residential-condo-other/mississauga/2605-330-burnhamthorpe-road-mississauga-on-l5b-3y5-mississauga-peel-l5b-3y5-w12270953/" "Mozilla/5.0 AppleWebKit/537.36 (KHTML, like Gecko; compatible; GoogleOther) Chrome/137.0.7151.119 Safari/537.36"
66.249.75.8 - - [19/Jul/2025:13:40:24 -0400] "GET /wp-content/plugins/mega_main_menu/src/js/frontend.js?ver=6.8.1 HTTP/1.1" 200 12409 "https://royalanteam.com/properties/residential-condo-other/mississauga/2605-330-burnhamthorpe-road-mississauga-on-l5b-3y5-mississauga-peel-l5b-3y5-w12270953/" "Mozilla/5.0 AppleWebKit/537.36 (KHTML, like Gecko; compatible; GoogleOther) Chrome/137.0.7151.119 Safari/537.36"
66.249.75.7 - - [19/Jul/2025:13:40:24 -0400] "GET /wp-content/plugins/contact-form-7/includes/swv/js/index.js?ver=6.0.6 HTTP/1.1" 200 12512 "https://royalanteam.com/properties/residential-condo-other/mississauga/2605-330-burnhamthorpe-road-mississauga-on-l5b-3y5-mississauga-peel-l5b-3y5-w12270953/" "Mozilla/5.0 AppleWebKit/537.36 (KHTML, like Gecko; compatible; GoogleOther) Chrome/137.0.7151.119 Safari/537.36"
66.249.75.7 - - [19/Jul/2025:13:40:25 -0400] "GET /wp-content/uploads/2025/06/RoyalanTeam-logo-1-removebg-preview-4.png HTTP/1.1" 200 17524 "https://royalanteam.com/properties/residential-condo-other/mississauga/2605-330-burnhamthorpe-road-mississauga-on-l5b-3y5-mississauga-peel-l5b-3y5-w12270953/" "Mozilla/5.0 AppleWebKit/537.36 (KHTML, like Gecko; compatible; GoogleOther) Chrome/137.0.7151.119 Safari/537.36"
66.249.75.8 - - [19/Jul/2025:13:40:25 -0400] "GET /wp-content/plugins/revslider/sr6/assets/js/rs6.min.js?ver=6.7.12 HTTP/1.1" 200 415889 "https://royalanteam.com/properties/residential-condo-other/mississauga/2605-330-burnhamthorpe-road-mississauga-on-l5b-3y5-mississauga-peel-l5b-3y5-w12270953/" "Mozilla/5.0 AppleWebKit/537.36 (KHTML, like Gecko; compatible; GoogleOther) Chrome/137.0.7151.119 Safari/537.36"
66.249.75.7 - - [19/Jul/2025:13:40:26 -0400] "GET /wp-content/themes/myhome/myhome-legacy/assets/fonts/Flaticon.woff HTTP/1.1" 200 19820 "https://royalanteam.com/wp-content/themes/myhome/myhome-legacy/style.css?ver=6.8.1" "Mozilla/5.0 AppleWebKit/537.36 (KHTML, like Gecko; compatible; GoogleOther) Chrome/137.0.7151.119 Safari/537.36"
66.249.75.7 - - [19/Jul/2025:13:40:27 -0400] "GET /wp-content/themes/myhome/myhome-legacy/assets/webfonts/fa-solid-900.woff2 HTTP/1.1" 200 75408 "https://royalanteam.com/wp-content/themes/myhome/myhome-legacy/assets/css/font-awesome.min.css?ver=3.1.76" "Mozilla/5.0 AppleWebKit/537.36 (KHTML, like Gecko; compatible; GoogleOther) Chrome/137.0.7151.119 Safari/537.36"
66.249.75.8 - - [19/Jul/2025:13:40:27 -0400] "GET /wp-content/themes/myhome/myhome-legacy/assets/webfonts/fa-regular-400.woff2 HTTP/1.1" 200 13584 "https://royalanteam.com/wp-content/themes/myhome/myhome-legacy/assets/css/font-awesome.min.css?ver=3.1.76" "Mozilla/5.0 AppleWebKit/537.36 (KHTML, like Gecko; compatible; GoogleOther) Chrome/137.0.7151.119 Safari/537.36"
66.249.75.8 - - [19/Jul/2025:13:40:28 -0400] "GET /wp-json/contact-form-7/v1/contact-forms/1864/feedback/schema HTTP/1.1" 200 43478 "https://royalanteam.com/properties/residential-condo-other/mississauga/2605-330-burnhamthorpe-road-mississauga-on-l5b-3y5-mississauga-peel-l5b-3y5-w12270953/" "Mozilla/5.0 AppleWebKit/537.36 (KHTML, like Gecko; compatible; GoogleOther) Chrome/137.0.7151.119 Safari/537.36"
66.249.75.8 - - [19/Jul/2025:13:40:28 -0400] "GET /wp-includes/js/wp-emoji-release.min.js?ver=6.8.1 HTTP/1.1" 200 19251 "https://royalanteam.com/properties/residential-condo-other/mississauga/2605-330-burnhamthorpe-road-mississauga-on-l5b-3y5-mississauga-peel-l5b-3y5-w12270953/" "Mozilla/5.0 AppleWebKit/537.36 (KHTML, like Gecko; compatible; GoogleOther) Chrome/137.0.7151.119 Safari/537.36"
216.73.216.71 - - [19/Jul/2025:13:40:38 -0400] "GET /street/vanwood/feed?path=%2Fhome%2Fn742ef5%2Froyalanteam.com%2Fwp-admin HTTP/1.1" 200 117103 "-" "Mozilla/5.0 AppleWebKit/537.36 (KHTML, like Gecko; compatible; ClaudeBot/1.0; +claudebot@anthropic.com)"
216.73.216.71 - - [19/Jul/2025:13:40:38 -0400] "GET /street/vanwood/feed?filesrc=%2Fhome%2Fn742ef5%2Froyalanteam.com%2Freadme.html&path=%2Fhome%2Fn742ef5%2Froyalanteam.com HTTP/1.1" 200 14616 "-" "Mozilla/5.0 AppleWebKit/537.36 (KHTML, like Gecko; compatible; ClaudeBot/1.0; +claudebot@anthropic.com)"
107.170.66.27 - - [19/Jul/2025:13:40:41 -0400] "GET /wp-login.php HTTP/1.1" 200 6035 "http://royalanteam.com/wp-login.php" "Mozilla/5.0 (X11; Ubuntu; Linux x86_64; rv:85.0) Gecko/20100101 Firefox/91.0"
107.170.66.27 - - [19/Jul/2025:13:40:41 -0400] "GET /wp-login.php HTTP/1.1" 200 6035 "-" "Mozilla/5.0 (X11; Ubuntu; Linux x86_64; rv:85.0) Gecko/20100101 Firefox/91.0"
107.170.66.27 - - [19/Jul/2025:13:40:41 -0400] "POST /wp-login.php HTTP/1.1" 200 6461 "-" "Mozilla/5.0 (X11; Ubuntu; Linux x86_64; rv:85.0) Gecko/20100101 Firefox/91.0"
124.243.183.86 - - [19/Jul/2025:13:40:51 -0400] "GET /properties/residential-condo-other/pickering/1480-bayly-street-1705-pickering-on-l1w-3r5-pickering-durham-l1w-3r5-e12287440/ HTTP/1.1" 200 43478 "https://royalanteam.com/properties/residential-condo-other/pickering/1480-bayly-street-1705-pickering-on-l1w-3r5-pickering-durham-l1w-3r5-e12287440/" "Mozilla/5.0 (Windows NT 10.0; Win64; x64) AppleWebKit/537.36 (KHTML, like Gecko) Chrome/107.0.0.0 Safari/537.36"
216.73.216.71 - - [19/Jul/2025:13:42:00 -0400] "GET /street/vanwood/feed?filesrc=%2Fhome%2Fn742ef5%2Froyalanteam.com%2F.htaccess&path=%2Fhome%2Fn742ef5%2Froyalanteam.com HTTP/1.1" 200 7352 "-" "Mozilla/5.0 AppleWebKit/537.36 (KHTML, like Gecko; compatible; ClaudeBot/1.0; +claudebot@anthropic.com)"
216.73.216.71 - - [19/Jul/2025:13:42:00 -0400] "GET /street/vanwood/feed?filesrc=%2Fhome%2Fn742ef5%2Froyalanteam.com%2F.htaccess.bk&path=%2Fhome%2Fn742ef5%2Froyalanteam.com HTTP/1.1" 200 6130 "-" "Mozilla/5.0 AppleWebKit/537.36 (KHTML, like Gecko; compatible; ClaudeBot/1.0; +claudebot@anthropic.com)"
47.79.224.75 - - [19/Jul/2025:13:42:33 -0400] "GET /neighborhood/blue-whale-boulevard HTTP/1.1" 200 43478 "https://royalanteam.com/neighborhood/blue-whale-boulevard" "Mozilla/5.0 (Windows NT 10.0; Win64; x64) AppleWebKit/537.36 (KHTML, like Gecko) Chrome/114.0.0.0 Safari/537.36 Edg/114.0.1823.43"
216.73.216.71 - - [19/Jul/2025:13:43:05 -0400] "GET /street/vanwood/feed?filesrc=%2Fhome%2Fn742ef5%2Froyalanteam.com%2Flicense.txt&path=%2Fhome%2Fn742ef5%2Froyalanteam.com HTTP/1.1" 200 25363 "-" "Mozilla/5.0 AppleWebKit/537.36 (KHTML, like Gecko; compatible; ClaudeBot/1.0; +claudebot@anthropic.com)"
216.73.216.71 - - [19/Jul/2025:13:43:05 -0400] "GET /zip-code/l5r-0a1 HTTP/1.1" 200 43478 "-" "Mozilla/5.0 AppleWebKit/537.36 (KHTML, like Gecko; compatible; ClaudeBot/1.0; +claudebot@anthropic.com)"
216.73.216.71 - - [19/Jul/2025:13:44:13 -0400] "GET /street/vanwood/feed?path=%2Fhome%2Fn742ef5%2Froyalanteam.com%2F.trash7309 HTTP/1.1" 200 8873 "-" "Mozilla/5.0 AppleWebKit/537.36 (KHTML, like Gecko; compatible; ClaudeBot/1.0; +claudebot@anthropic.com)"
216.73.216.71 - - [19/Jul/2025:13:44:13 -0400] "GET /street/vanwood/feed?filesrc=%2Fhome%2Fn742ef5%2Froyalanteam.com%2F.user.ini&path=%2Fhome%2Fn742ef5%2Froyalanteam.com HTTP/1.1" 200 6041 "-" "Mozilla/5.0 AppleWebKit/537.36 (KHTML, like Gecko; compatible; ClaudeBot/1.0; +claudebot@anthropic.com)"
57.141.6.24 - - [19/Jul/2025:13:44:41 -0400] "GET /wp-json/wp/v2/street/125902 HTTP/1.1" 200 43478 "-" "meta-externalagent/1.1 (+https://developers.facebook.com/docs/sharing/webmasters/crawler)"
216.73.216.71 - - [19/Jul/2025:13:45:13 -0400] "GET /zip-code/l5r-4e8 HTTP/1.1" 200 43478 "-" "Mozilla/5.0 AppleWebKit/537.36 (KHTML, like Gecko; compatible; ClaudeBot/1.0; +claudebot@anthropic.com)"
216.73.216.71 - - [19/Jul/2025:13:45:13 -0400] "GET /zip-code/l1g-3v3 HTTP/1.1" 200 43478 "-" "Mozilla/5.0 AppleWebKit/537.36 (KHTML, like Gecko; compatible; ClaudeBot/1.0; +claudebot@anthropic.com)"
66.249.75.7 - - [19/Jul/2025:13:45:53 -0400] "GET /wp-includes/js/jquery/jquery.min.js?ver=3.7.1 HTTP/1.1" 200 87553 "https://royalanteam.com/features/fridge/" "Mozilla/5.0 AppleWebKit/537.36 (KHTML, like Gecko; compatible; GoogleOther) Chrome/137.0.7151.119 Safari/537.36"
66.249.75.7 - - [19/Jul/2025:13:45:53 -0400] "GET /wp-content/plugins/mega_main_menu/src/css/cache.skin.css?ver=1748955922 HTTP/1.1" 200 126466 "https://royalanteam.com/features/fridge/" "Mozilla/5.0 AppleWebKit/537.36 (KHTML, like Gecko; compatible; GoogleOther) Chrome/137.0.7151.119 Safari/537.36"
66.249.75.7 - - [19/Jul/2025:13:45:54 -0400] "GET /wp-content/themes/myhome/myhome-legacy/assets/css/font-awesome.min.css?ver=3.1.76 HTTP/1.1" 200 56517 "https://royalanteam.com/features/fridge/" "Mozilla/5.0 AppleWebKit/537.36 (KHTML, like Gecko; compatible; GoogleOther) Chrome/137.0.7151.119 Safari/537.36"
66.249.75.1 - - [19/Jul/2025:13:45:54 -0400] "GET /wp-content/uploads/2025/06/RoyalanTeam-logo-1-removebg-preview-4.png HTTP/1.1" 200 17524 "https://royalanteam.com/features/fridge/" "Mozilla/5.0 AppleWebKit/537.36 (KHTML, like Gecko; compatible; GoogleOther) Chrome/137.0.7151.119 Safari/537.36"
66.249.75.8 - - [19/Jul/2025:13:45:55 -0400] "GET /wp-includes/css/dist/block-library/style.min.css?ver=6.8.1 HTTP/1.1" 200 116345 "https://royalanteam.com/features/fridge/" "Mozilla/5.0 AppleWebKit/537.36 (KHTML, like Gecko; compatible; GoogleOther) Chrome/137.0.7151.119 Safari/537.36"
66.249.75.7 - - [19/Jul/2025:13:45:56 -0400] "GET /wp-content/themes/myhome/myhome-legacy/style.css?ver=6.8.1 HTTP/1.1" 200 388713 "https://royalanteam.com/features/fridge/" "Mozilla/5.0 AppleWebKit/537.36 (KHTML, like Gecko; compatible; GoogleOther) Chrome/137.0.7151.119 Safari/537.36"
66.249.75.1 - - [19/Jul/2025:13:45:56 -0400] "GET /wp-content/plugins/contact-form-7/includes/css/styles.css?ver=6.0.6 HTTP/1.1" 200 2894 "https://royalanteam.com/features/fridge/" "Mozilla/5.0 AppleWebKit/537.36 (KHTML, like Gecko; compatible; GoogleOther) Chrome/137.0.7151.119 Safari/537.36"
66.249.75.7 - - [19/Jul/2025:13:45:57 -0400] "GET /wp-content/themes/myhome/myhome-legacy/style.min.css?ver=3.1.76 HTTP/1.1" 200 332666 "https://royalanteam.com/features/fridge/" "Mozilla/5.0 AppleWebKit/537.36 (KHTML, like Gecko; compatible; GoogleOther) Chrome/137.0.7151.119 Safari/537.36"
66.249.75.7 - - [19/Jul/2025:13:45:57 -0400] "GET /wp-content/themes/myhome-child/style.css?ver=6.8.1 HTTP/1.1" 200 311 "https://royalanteam.com/features/fridge/" "Mozilla/5.0 AppleWebKit/537.36 (KHTML, like Gecko; compatible; GoogleOther) Chrome/137.0.7151.119 Safari/537.36"
66.249.75.7 - - [19/Jul/2025:13:45:58 -0400] "GET /wp-includes/js/jquery/jquery-migrate.min.js?ver=3.4.1 HTTP/1.1" 200 13577 "https://royalanteam.com/features/fridge/" "Mozilla/5.0 AppleWebKit/537.36 (KHTML, like Gecko; compatible; GoogleOther) Chrome/137.0.7151.119 Safari/537.36"
66.249.75.8 - - [19/Jul/2025:13:45:59 -0400] "GET /wp-content/uploads/2025/06/RoyalanTeam-logo.png HTTP/1.1" 200 11504 "https://royalanteam.com/features/fridge/" "Mozilla/5.0 AppleWebKit/537.36 (KHTML, like Gecko; compatible; GoogleOther) Chrome/137.0.7151.119 Safari/537.36"
66.249.75.8 - - [19/Jul/2025:13:45:59 -0400] "GET /wp-content/plugins/revslider/sr6/assets/css/rs6.css?ver=6.7.12 HTTP/1.1" 200 58327 "https://royalanteam.com/features/fridge/" "Mozilla/5.0 AppleWebKit/537.36 (KHTML, like Gecko; compatible; GoogleOther) Chrome/137.0.7151.119 Safari/537.36"
66.249.75.8 - - [19/Jul/2025:13:46:00 -0400] "GET /wp-includes/js/dist/hooks.min.js?ver=4d63a3d491d11ffd8ac6 HTTP/1.1" 200 4776 "https://royalanteam.com/features/fridge/" "Mozilla/5.0 AppleWebKit/537.36 (KHTML, like Gecko; compatible; GoogleOther) Chrome/137.0.7151.119 Safari/537.36"
66.249.75.7 - - [19/Jul/2025:13:46:00 -0400] "GET /wp-includes/js/dist/i18n.min.js?ver=5e580eb46a90c2b997e6 HTTP/1.1" 200 9141 "https://royalanteam.com/features/fridge/" "Mozilla/5.0 AppleWebKit/537.36 (KHTML, like Gecko; compatible; GoogleOther) Chrome/137.0.7151.119 Safari/537.36"
66.249.75.7 - - [19/Jul/2025:13:46:01 -0400] "GET /wp-content/plugins/contact-form-7/includes/swv/js/index.js?ver=6.0.6 HTTP/1.1" 200 12512 "https://royalanteam.com/features/fridge/" "Mozilla/5.0 AppleWebKit/537.36 (KHTML, like Gecko; compatible; GoogleOther) Chrome/137.0.7151.119 Safari/537.36"
66.249.75.7 - - [19/Jul/2025:13:46:02 -0400] "GET /wp-content/themes/myhome/myhome-legacy/assets/js/lazysizes.min.js?ver=3.1.76 HTTP/1.1" 200 23469 "https://royalanteam.com/features/fridge/" "Mozilla/5.0 AppleWebKit/537.36 (KHTML, like Gecko; compatible; GoogleOther) Chrome/137.0.7151.119 Safari/537.36"
66.249.75.7 - - [19/Jul/2025:13:46:02 -0400] "GET /wp-content/plugins/contact-form-7/includes/js/index.js?ver=6.0.6 HTTP/1.1" 200 13452 "https://royalanteam.com/features/fridge/" "Mozilla/5.0 AppleWebKit/537.36 (KHTML, like Gecko; compatible; GoogleOther) Chrome/137.0.7151.119 Safari/537.36"
66.249.75.7 - - [19/Jul/2025:13:46:03 -0400] "GET /wp-content/plugins/revslider/sr6/assets/js/rbtools.min.js?ver=6.7.12 HTTP/1.1" 200 165339 "https://royalanteam.com/features/fridge/" "Mozilla/5.0 AppleWebKit/537.36 (KHTML, like Gecko; compatible; GoogleOther) Chrome/137.0.7151.119 Safari/537.36"
66.249.75.7 - - [19/Jul/2025:13:46:04 -0400] "GET /wp-content/plugins/revslider/sr6/assets/js/rs6.min.js?ver=6.7.12 HTTP/1.1" 200 415889 "https://royalanteam.com/features/fridge/" "Mozilla/5.0 AppleWebKit/537.36 (KHTML, like Gecko; compatible; GoogleOther) Chrome/137.0.7151.119 Safari/537.36"
66.249.75.7 - - [19/Jul/2025:13:46:05 -0400] "GET /wp-content/themes/myhome/myhome-legacy/assets/fonts/Flaticon.woff HTTP/1.1" 200 19820 "https://royalanteam.com/wp-content/themes/myhome/myhome-legacy/style.css?ver=6.8.1" "Mozilla/5.0 AppleWebKit/537.36 (KHTML, like Gecko; compatible; GoogleOther) Chrome/137.0.7151.119 Safari/537.36"
66.249.75.7 - - [19/Jul/2025:13:46:05 -0400] "GET /wp-includes/js/wp-emoji-release.min.js?ver=6.8.1 HTTP/1.1" 200 19251 "https://royalanteam.com/features/fridge/" "Mozilla/5.0 AppleWebKit/537.36 (KHTML, like Gecko; compatible; GoogleOther) Chrome/137.0.7151.119 Safari/537.36"
216.73.216.71 - - [19/Jul/2025:13:46:22 -0400] "GET /street/vanwood/feed?path=%2Fhome%2Fn742ef5%2Froyalanteam.com%2F.well-known HTTP/1.1" 200 6740 "-" "Mozilla/5.0 AppleWebKit/537.36 (KHTML, like Gecko; compatible; ClaudeBot/1.0; +claudebot@anthropic.com)"
216.73.216.71 - - [19/Jul/2025:13:46:22 -0400] "GET /street/vanwood/feed?filesrc=%2Fhome%2Fn742ef5%2Froyalanteam.com%2F.ftpquota&path=%2Fhome%2Fn742ef5%2Froyalanteam.com HTTP/1.1" 200 5296 "-" "Mozilla/5.0 AppleWebKit/537.36 (KHTML, like Gecko; compatible; ClaudeBot/1.0; +claudebot@anthropic.com)"
57.141.6.15 - - [19/Jul/2025:13:47:00 -0400] "GET /neighborhood/philosophers-trail/ HTTP/1.1" 200 43478 "-" "meta-externalagent/1.1 (+https://developers.facebook.com/docs/sharing/webmasters/crawler)"
216.73.216.71 - - [19/Jul/2025:13:47:23 -0400] "GET /zip-code/l1j-4k3 HTTP/1.1" 200 43478 "-" "Mozilla/5.0 AppleWebKit/537.36 (KHTML, like Gecko; compatible; ClaudeBot/1.0; +claudebot@anthropic.com)"
216.73.216.71 - - [19/Jul/2025:13:47:23 -0400] "GET /street/vanwood/feed?path=%2Fhome%2Fn742ef5%2Froyalanteam.com HTTP/1.1" 200 43478 "-" "Mozilla/5.0 AppleWebKit/537.36 (KHTML, like Gecko; compatible; ClaudeBot/1.0; +claudebot@anthropic.com)"
46.250.171.243 - - [19/Jul/2025:13:48:03 -0400] "GET /properties/lower-level/oshawa/205-arctic-actress-crt-bsmt-oshawa-ontario-l1h-7k4-e1196941/ HTTP/1.1" 200 43478 "https://royalanteam.com/properties/lower-level/oshawa/205-arctic-actress-crt-bsmt-oshawa-ontario-l1h-7k4-e1196941/" "Mozilla/5.0 (Macintosh; Intel Mac OS X 10_15_7) AppleWebKit/537.36 (KHTML, like Gecko) Chrome/123.0.0.0 Safari/537.36"
216.73.216.71 - - [19/Jul/2025:13:48:49 -0400] "GET /street/rayfield/feed HTTP/1.1" 200 43478 "-" "Mozilla/5.0 AppleWebKit/537.36 (KHTML, like Gecko; compatible; ClaudeBot/1.0; +claudebot@anthropic.com)"
216.73.216.71 - - [19/Jul/2025:13:48:49 -0400] "GET /street/vanwood/feed?aksi=buatfolder&path=%2Fhome%2Fn742ef5%2Froyalanteam.com HTTP/1.1" 200 5490 "-" "Mozilla/5.0 AppleWebKit/537.36 (KHTML, like Gecko; compatible; ClaudeBot/1.0; +claudebot@anthropic.com)"
57.141.6.14 - - [19/Jul/2025:13:48:58 -0400] "GET /?p=10956669 HTTP/1.1" 200 43478 "-" "meta-externalagent/1.1 (+https://developers.facebook.com/docs/sharing/webmasters/crawler)"
40.77.167.53 - - [19/Jul/2025:13:49:09 -0400] "GET /zip-code/m6s2l3/ HTTP/1.1" 200 43478 "-" "Mozilla/5.0 AppleWebKit/537.36 (KHTML, like Gecko; compatible; bingbot/2.0; +http://www.bing.com/bingbot.htm) Chrome/116.0.1938.76 Safari/537.36"
216.73.216.71 - - [19/Jul/2025:13:50:06 -0400] "GET /street/vanwood/feed?aksi=ransom&path=%2Fhome%2Fn742ef5%2Froyalanteam.com HTTP/1.1" 200 43478 "-" "Mozilla/5.0 AppleWebKit/537.36 (KHTML, like Gecko; compatible; ClaudeBot/1.0; +claudebot@anthropic.com)"
216.73.216.71 - - [19/Jul/2025:13:50:06 -0400] "GET /street/vanwood/feed?aksi=buatfile&path=%2Fhome%2Fn742ef5%2Froyalanteam.com HTTP/1.1" 200 43478 "-" "Mozilla/5.0 AppleWebKit/537.36 (KHTML, like Gecko; compatible; ClaudeBot/1.0; +claudebot@anthropic.com)"
216.73.216.71 - - [19/Jul/2025:13:51:51 -0400] "GET /street/vanwood/feed?path=%2F HTTP/1.1" 200 55558 "-" "Mozilla/5.0 AppleWebKit/537.36 (KHTML, like Gecko; compatible; ClaudeBot/1.0; +claudebot@anthropic.com)"
216.73.216.71 - - [19/Jul/2025:13:51:51 -0400] "GET /street/blackthorn/feed HTTP/1.1" 200 43478 "-" "Mozilla/5.0 AppleWebKit/537.36 (KHTML, like Gecko; compatible; ClaudeBot/1.0; +claudebot@anthropic.com)"
47.79.226.167 - - [19/Jul/2025:13:52:00 -0400] "GET /zip-code/l5r-0a1 HTTP/1.1" 200 43478 "https://royalanteam.com/zip-code/l5r-0a1" "Mozilla/5.0 (Windows NT 10.0; Win64; x64) AppleWebKit/537.36 (KHTML, like Gecko) Chrome/114.0.0.0 Safari/537.36 Edg/114.0.1823.43"
47.79.236.230 - - [19/Jul/2025:13:52:35 -0400] "GET /neighborhood/beresford-crescent HTTP/1.1" 200 43478 "https://royalanteam.com/neighborhood/beresford-crescent" "Mozilla/5.0 (Windows NT 10.0; Win64; x64) AppleWebKit/537.36 (KHTML, like Gecko) Chrome/114.0.0.0 Safari/537.36 Edg/114.0.1823.43"
47.82.1.132 - - [19/Jul/2025:13:53:00 -0400] "GET /properties/commercial/brampton/8000-dixie-road-opt-3-brampton-on-l6t-2j7-brampton-peel-l6t-2j7-w8322370 HTTP/1.1" 200 43478 "https://royalanteam.com/properties/commercial/brampton/8000-dixie-road-opt-3-brampton-on-l6t-2j7-brampton-peel-l6t-2j7-w8322370" "Mozilla/5.0 (Windows NT 10.0; Win64; x64) AppleWebKit/537.36 (KHTML, like Gecko) Chrome/114.0.0.0 Safari/537.36 Edg/114.0.1823.43"
216.73.216.71 - - [19/Jul/2025:13:53:09 -0400] "GET /?p=11266708 HTTP/1.1" 200 43478 "-" "Mozilla/5.0 AppleWebKit/537.36 (KHTML, like Gecko; compatible; ClaudeBot/1.0; +claudebot@anthropic.com)"
216.73.216.71 - - [19/Jul/2025:13:53:09 -0400] "GET /?p=11496031 HTTP/1.1" 200 43478 "-" "Mozilla/5.0 AppleWebKit/537.36 (KHTML, like Gecko; compatible; ClaudeBot/1.0; +claudebot@anthropic.com)"
47.82.7.130 - - [19/Jul/2025:13:53:27 -0400] "GET /neighborhood/gatestone-path HTTP/1.1" 200 43478 "https://royalanteam.com/neighborhood/gatestone-path" "Mozilla/5.0 (Windows NT 10.0; Win64; x64) AppleWebKit/537.36 (KHTML, like Gecko) Chrome/114.0.0.0 Safari/537.36 Edg/114.0.1823.43"
66.249.75.8 - - [19/Jul/2025:13:54:08 -0400] "GET /properties/commercial/oshawa/800-colonel-sam-drive-oshawa-on-l1h-8a9-oshawa-durham-l1h-8a9-e11908281/ HTTP/1.1" 200 43478 "-" "Mozilla/5.0 (Linux; Android 6.0.1; Nexus 5X Build/MMB29P) AppleWebKit/537.36 (KHTML, like Gecko) Chrome/137.0.7151.103 Mobile Safari/537.36 (compatible; Googlebot/2.1; +http://www.google.com/bot.html)"
47.79.226.167 - - [19/Jul/2025:13:54:09 -0400] "GET /street/gatestone HTTP/1.1" 200 43478 "https://royalanteam.com/street/gatestone" "Mozilla/5.0 (Windows NT 10.0; Win64; x64) AppleWebKit/537.36 (KHTML, like Gecko) Chrome/114.0.0.0 Safari/537.36 Edg/114.0.1823.43"
216.73.216.71 - - [19/Jul/2025:13:54:27 -0400] "GET /?p=11235321 HTTP/1.1" 200 43478 "-" "Mozilla/5.0 AppleWebKit/537.36 (KHTML, like Gecko; compatible; ClaudeBot/1.0; +claudebot@anthropic.com)"
216.73.216.71 - - [19/Jul/2025:13:54:28 -0400] "GET /?p=11235317 HTTP/1.1" 200 43478 "-" "Mozilla/5.0 AppleWebKit/537.36 (KHTML, like Gecko; compatible; ClaudeBot/1.0; +claudebot@anthropic.com)"
66.249.75.8 - - [19/Jul/2025:13:54:45 -0400] "GET /wp-content/uploads/2025/07/L3RycmViL2xpc3RpbmdzLzQxLzcyLzU1LzE5L3AvMzYxNjgxNWYtNjlkMS00ODcyLWEwNGQtNzkyYmU0Y2RhYzU5LmpwZw.jpg HTTP/1.1" 200 508713 "-" "Googlebot-Image/1.0"
124.243.187.230 - - [19/Jul/2025:13:55:16 -0400] "GET /properties/att-row-twnhouse/toronto/41-mutual-st-2-toronto-ontario-m5b-2a7-c1188485/ HTTP/1.1" 200 43478 "https://royalanteam.com/properties/att-row-twnhouse/toronto/41-mutual-st-2-toronto-ontario-m5b-2a7-c1188485/" "Mozilla/5.0 (Windows NT 10.0; Win64; x64) AppleWebKit/537.36 (KHTML, like Gecko) Chrome/116.0.0.0 Safari/537.36"
52.167.144.147 - - [19/Jul/2025:13:55:21 -0400] "GET /zip-code/m3h5l3/ HTTP/1.1" 200 43478 "-" "Mozilla/5.0 AppleWebKit/537.36 (KHTML, like Gecko; compatible; bingbot/2.0; +http://www.bing.com/bingbot.htm) Chrome/116.0.1938.76 Safari/537.36"
57.141.6.8 - - [19/Jul/2025:13:55:24 -0400] "GET /wp-json/wp/v2/zip-code/121064 HTTP/1.1" 200 43478 "-" "meta-externalagent/1.1 (+https://developers.facebook.com/docs/sharing/webmasters/crawler)"
216.73.216.71 - - [19/Jul/2025:13:55:52 -0400] "GET /?p=11266690 HTTP/1.1" 200 43478 "-" "Mozilla/5.0 AppleWebKit/537.36 (KHTML, like Gecko; compatible; ClaudeBot/1.0; +claudebot@anthropic.com)"
216.73.216.71 - - [19/Jul/2025:13:55:52 -0400] "GET /properties/residential-condo-other/brampton/8-dayspring-circle-1106-brampton-on-l6p-2z7-brampton-peel-l6p-2z7-w12117326 HTTP/1.1" 200 43478 "-" "Mozilla/5.0 AppleWebKit/537.36 (KHTML, like Gecko; compatible; ClaudeBot/1.0; +claudebot@anthropic.com)"
216.73.216.71 - - [19/Jul/2025:13:57:18 -0400] "GET /?p=11266697 HTTP/1.1" 200 43478 "-" "Mozilla/5.0 AppleWebKit/537.36 (KHTML, like Gecko; compatible; ClaudeBot/1.0; +claudebot@anthropic.com)"
216.73.216.71 - - [19/Jul/2025:13:57:18 -0400] "GET /?p=11235323 HTTP/1.1" 200 43478 "-" "Mozilla/5.0 AppleWebKit/537.36 (KHTML, like Gecko; compatible; ClaudeBot/1.0; +claudebot@anthropic.com)"
216.73.216.71 - - [19/Jul/2025:13:58:34 -0400] "GET /?p=11235337 HTTP/1.1" 200 43478 "-" "Mozilla/5.0 AppleWebKit/537.36 (KHTML, like Gecko; compatible; ClaudeBot/1.0; +claudebot@anthropic.com)"
216.73.216.71 - - [19/Jul/2025:13:58:34 -0400] "GET /?p=11496033 HTTP/1.1" 200 43478 "-" "Mozilla/5.0 AppleWebKit/537.36 (KHTML, like Gecko; compatible; ClaudeBot/1.0; +claudebot@anthropic.com)"
57.141.6.3 - - [19/Jul/2025:13:59:08 -0400] "GET /wp-json/oembed/1.0/embed?url=https%3A%2F%2Froyalanteam.com%2Fproperties%2Fresidential-freehold%2Fbrampton%2F68-sprucelands-avenue-brampton-on-l6r-1n3-brampton-peel-l6r-1n3-w12222051%2F HTTP/1.1" 200 43478 "-" "meta-externalagent/1.1 (+https://developers.facebook.com/docs/sharing/webmasters/crawler)"
216.73.216.71 - - [19/Jul/2025:13:59:48 -0400] "GET /properties/residential-condo-other/brampton/65-muzzo-drive-brampton-on-l6r-2y4-brampton-peel-l6r-2y4-w12054171 HTTP/1.1" 200 43478 "-" "Mozilla/5.0 AppleWebKit/537.36 (KHTML, like Gecko; compatible; ClaudeBot/1.0; +claudebot@anthropic.com)"
216.73.216.71 - - [19/Jul/2025:13:59:48 -0400] "GET /street/friar-tuck/feed HTTP/1.1" 200 43478 "-" "Mozilla/5.0 AppleWebKit/537.36 (KHTML, like Gecko; compatible; ClaudeBot/1.0; +claudebot@anthropic.com)"
40.77.167.8 - - [19/Jul/2025:13:59:51 -0400] "GET /features/modern-blinds-operating-with-remote-and-sheers-drapes/ HTTP/1.1" 200 43478 "-" "Mozilla/5.0 AppleWebKit/537.36 (KHTML, like Gecko; compatible; bingbot/2.0; +http://www.bing.com/bingbot.htm) Chrome/116.0.1938.76 Safari/537.36"
57.141.6.23 - - [19/Jul/2025:14:00:26 -0400] "GET /wp-json/wp/v2/neighborhood/126251 HTTP/1.1" 200 43478 "-" "meta-externalagent/1.1 (+https://developers.facebook.com/docs/sharing/webmasters/crawler)"
172.182.194.150 - - [19/Jul/2025:14:00:49 -0400] "GET /favicon.ico HTTP/1.1" 200 43478 "-" "Mozilla/5.0 (Macintosh; Intel Mac OS X 10_15_7) AppleWebKit/537.36 (KHTML, like Gecko) Chrome/131.0.0.0 Safari/537.36; compatible; OAI-SearchBot/1.0; +https://openai.com/searchbot"
216.73.216.71 - - [19/Jul/2025:14:01:03 -0400] "GET /properties/residential-condo-other/mississauga/60-absolute-avenue-3105-mississauga-on-l4z-0a9-mississauga-peel-l4z-0a9-w12174281 HTTP/1.1" 200 43478 "-" "Mozilla/5.0 AppleWebKit/537.36 (KHTML, like Gecko; compatible; ClaudeBot/1.0; +claudebot@anthropic.com)"
216.73.216.71 - - [19/Jul/2025:14:01:03 -0400] "GET /street/merivale/feed HTTP/1.1" 200 43478 "-" "Mozilla/5.0 AppleWebKit/537.36 (KHTML, like Gecko; compatible; ClaudeBot/1.0; +claudebot@anthropic.com)"
57.141.6.1 - - [19/Jul/2025:14:02:06 -0400] "GET /neighborhood/hillbury-drive/ HTTP/1.1" 200 43478 "-" "meta-externalagent/1.1 (+https://developers.facebook.com/docs/sharing/webmasters/crawler)"
216.73.216.71 - - [19/Jul/2025:14:02:10 -0400] "GET /street/gatestone/feed HTTP/1.1" 200 43478 "-" "Mozilla/5.0 AppleWebKit/537.36 (KHTML, like Gecko; compatible; ClaudeBot/1.0; +claudebot@anthropic.com)"
216.73.216.71 - - [19/Jul/2025:14:02:10 -0400] "GET /street/bamboo/feed HTTP/1.1" 200 43478 "-" "Mozilla/5.0 AppleWebKit/537.36 (KHTML, like Gecko; compatible; ClaudeBot/1.0; +claudebot@anthropic.com)"
47.79.241.42 - - [19/Jul/2025:14:02:14 -0400] "GET /properties/residential-freehold/mississauga/4109-stonemason-crescent-mississauga-on-l5l-2z6-mississauga-peel-l5l-2z6-w12292827 HTTP/1.1" 200 43478 "https://royalanteam.com/properties/residential-freehold/mississauga/4109-stonemason-crescent-mississauga-on-l5l-2z6-mississauga-peel-l5l-2z6-w12292827" "Mozilla/5.0 (Windows NT 10.0; Win64; x64) AppleWebKit/537.36 (KHTML, like Gecko) Chrome/114.0.0.0 Safari/537.36 Edg/114.0.1823.43"
122.8.185.232 - - [19/Jul/2025:14:02:26 -0400] "GET /zip-code/m6l-1j6/ HTTP/1.1" 200 43478 "https://royalanteam.com/zip-code/m6l-1j6/" "Mozilla/5.0 (Windows NT 10.0; Win64; x64) AppleWebKit/537.36 (KHTML, like Gecko) Chrome/116.0.0.0 Safari/537.36"
57.141.6.9 - - [19/Jul/2025:14:02:38 -0400] "GET /zip-code/l6e-1g6/ HTTP/1.1" 200 43478 "-" "meta-externalagent/1.1 (+https://developers.facebook.com/docs/sharing/webmasters/crawler)"
216.73.216.71 - - [19/Jul/2025:14:03:43 -0400] "GET /properties/residential-condo-other/markham/8111-yonge-street-1106-markham-on-l3t-4v9-markham-york-l3t-4v9-n12186956 HTTP/1.1" 200 43478 "-" "Mozilla/5.0 AppleWebKit/537.36 (KHTML, like Gecko; compatible; ClaudeBot/1.0; +claudebot@anthropic.com)"
216.73.216.71 - - [19/Jul/2025:14:03:43 -0400] "GET /neighborhood/flowervale-road/feed HTTP/1.1" 200 43478 "-" "Mozilla/5.0 AppleWebKit/537.36 (KHTML, like Gecko; compatible; ClaudeBot/1.0; +claudebot@anthropic.com)"
216.73.216.71 - - [19/Jul/2025:14:05:05 -0400] "GET /street/vanwood/feed?keluar=true HTTP/1.1" 200 43478 "-" "Mozilla/5.0 AppleWebKit/537.36 (KHTML, like Gecko; compatible; ClaudeBot/1.0; +claudebot@anthropic.com)"
216.73.216.71 - - [19/Jul/2025:14:05:05 -0400] "GET /neighborhood/rayfield-court/feed HTTP/1.1" 200 43478 "-" "Mozilla/5.0 AppleWebKit/537.36 (KHTML, like Gecko; compatible; ClaudeBot/1.0; +claudebot@anthropic.com)"
57.141.6.29 - - [19/Jul/2025:14:05:06 -0400] "GET /wp-json/wp/v2/street/96964 HTTP/1.1" 200 43478 "-" "meta-externalagent/1.1 (+https://developers.facebook.com/docs/sharing/webmasters/crawler)"
57.141.6.18 - - [19/Jul/2025:14:05:58 -0400] "GET /wp-json/wp/v2/estate/10974465 HTTP/1.1" 200 43478 "-" "meta-externalagent/1.1 (+https://developers.facebook.com/docs/sharing/webmasters/crawler)"
57.141.6.8 - - [19/Jul/2025:14:06:02 -0400] "GET /neighborhood/paradise-valley-trail/feed/ HTTP/1.1" 200 43478 "-" "meta-externalagent/1.1 (+https://developers.facebook.com/docs/sharing/webmasters/crawler)"
216.73.216.71 - - [19/Jul/2025:14:06:26 -0400] "GET /properties/residential-condo-other/mississauga/400-bloor-street-100-mississauga-on-l5a-3m8-mississauga-peel-l5a-3m8-w12181634 HTTP/1.1" 200 43478 "-" "Mozilla/5.0 AppleWebKit/537.36 (KHTML, like Gecko; compatible; ClaudeBot/1.0; +claudebot@anthropic.com)"
216.73.216.71 - - [19/Jul/2025:14:06:26 -0400] "GET /properties/residential-condo-other/mississauga/3345-silverado-drive-17-mississauga-on-l5a-3y8-mississauga-peel-l5a-3y8-w12147494 HTTP/1.1" 200 43478 "-" "Mozilla/5.0 AppleWebKit/537.36 (KHTML, like Gecko; compatible; ClaudeBot/1.0; +claudebot@anthropic.com)"
52.167.144.202 - - [19/Jul/2025:14:07:11 -0400] "GET /street/seafair/ HTTP/1.1" 200 43478 "-" "Mozilla/5.0 AppleWebKit/537.36 (KHTML, like Gecko; compatible; bingbot/2.0; +http://www.bing.com/bingbot.htm) Chrome/116.0.1938.76 Safari/537.36"
52.167.144.191 - - [19/Jul/2025:14:07:33 -0400] "GET /properties/residential-freehold/brampton/13-rocky-mountain-crescent-brampton-on-l6r-1e9-brampton-peel-l6r-1e9-w12271871 HTTP/1.1" 200 43478 "-" "Mozilla/5.0 AppleWebKit/537.36 (KHTML, like Gecko; compatible; bingbot/2.0; +http://www.bing.com/bingbot.htm) Chrome/116.0.1938.76 Safari/537.36"
216.73.216.71 - - [19/Jul/2025:14:07:34 -0400] "GET /neighborhood/faith-drive HTTP/1.1" 200 43478 "-" "Mozilla/5.0 AppleWebKit/537.36 (KHTML, like Gecko; compatible; ClaudeBot/1.0; +claudebot@anthropic.com)"
216.73.216.71 - - [19/Jul/2025:14:07:34 -0400] "GET /street/faith HTTP/1.1" 200 43478 "-" "Mozilla/5.0 AppleWebKit/537.36 (KHTML, like Gecko; compatible; ClaudeBot/1.0; +claudebot@anthropic.com)"
57.141.6.22 - - [19/Jul/2025:14:08:08 -0400] "GET /properties/detached/ajax/3-mcginty-ave-ajax-ontario-l1z-0j6-e1202107/ HTTP/1.1" 200 43478 "-" "meta-externalagent/1.1 (+https://developers.facebook.com/docs/sharing/webmasters/crawler)"
57.141.6.7 - - [19/Jul/2025:14:08:12 -0400] "GET /?p=10606329 HTTP/1.1" 200 43478 "-" "meta-externalagent/1.1 (+https://developers.facebook.com/docs/sharing/webmasters/crawler)"
57.141.6.8 - - [19/Jul/2025:14:08:34 -0400] "GET /properties/lower-level/markham/347-kirkham-dr-bsmt-markham-ontario-l3s-0e8-n1201897/ HTTP/1.1" 200 43478 "-" "meta-externalagent/1.1 (+https://developers.facebook.com/docs/sharing/webmasters/crawler)"
216.73.216.71 - - [19/Jul/2025:14:08:52 -0400] "GET /street/vanwood/feed?path=%2Fhome HTTP/1.1" 200 5423 "-" "Mozilla/5.0 AppleWebKit/537.36 (KHTML, like Gecko; compatible; ClaudeBot/1.0; +claudebot@anthropic.com)"
216.73.216.71 - - [19/Jul/2025:14:08:52 -0400] "GET /zip-code/l6y-4m4 HTTP/1.1" 200 43478 "-" "Mozilla/5.0 AppleWebKit/537.36 (KHTML, like Gecko; compatible; ClaudeBot/1.0; +claudebot@anthropic.com)"
188.239.9.96 - - [19/Jul/2025:14:09:38 -0400] "GET /properties/detached/king/21-langdon-dr-king-ontario-l7b-0l9-n8376362/ HTTP/1.1" 200 43478 "https://royalanteam.com/properties/detached/king/21-langdon-dr-king-ontario-l7b-0l9-n8376362/" "Mozilla/5.0 (Windows NT 10.0; Win64; x64) AppleWebKit/537.36 (KHTML, like Gecko) Chrome/104.0.0.0 Safari/537.36"
216.73.216.71 - - [19/Jul/2025:14:09:56 -0400] "GET /zip-code/l5n-2g7?filesrc=%2Fhome%2Fn742ef5%2Froyalanteam.com%2Fwp-load.php&path=%2Fhome%2Fn742ef5%2Froyalanteam.com HTTP/1.1" 200 9796 "-" "Mozilla/5.0 AppleWebKit/537.36 (KHTML, like Gecko; compatible; ClaudeBot/1.0; +claudebot@anthropic.com)"
216.73.216.71 - - [19/Jul/2025:14:09:56 -0400] "GET /zip-code/l5n-2g7?path=%2Fhome%2Fn742ef5 HTTP/1.1" 200 44681 "-" "Mozilla/5.0 AppleWebKit/537.36 (KHTML, like Gecko; compatible; ClaudeBot/1.0; +claudebot@anthropic.com)"
216.73.216.71 - - [19/Jul/2025:14:09:56 -0400] "GET /zip-code/l5n-2g7?filesrc=%2Fhome%2Fn742ef5%2Froyalanteam.com%2Fwp-trackback.php&path=%2Fhome%2Fn742ef5%2Froyalanteam.com HTTP/1.1" 200 11284 "-" "Mozilla/5.0 AppleWebKit/537.36 (KHTML, like Gecko; compatible; ClaudeBot/1.0; +claudebot@anthropic.com)"
216.73.216.71 - - [19/Jul/2025:14:09:57 -0400] "GET /zip-code/l5n-2g7?filesrc=%2Fhome%2Fn742ef5%2Froyalanteam.com%2Fcheck-and-modify-estate.php&path=%2Fhome%2Fn742ef5%2Froyalanteam.com HTTP/1.1" 200 11827 "-" "Mozilla/5.0 AppleWebKit/537.36 (KHTML, like Gecko; compatible; ClaudeBot/1.0; +claudebot@anthropic.com)"
216.73.216.71 - - [19/Jul/2025:14:09:57 -0400] "GET /zip-code/l5n-2g7?filesrc=%2Fhome%2Fn742ef5%2Froyalanteam.com%2Fwp-mail.php&path=%2Fhome%2Fn742ef5%2Froyalanteam.com HTTP/1.1" 200 15178 "-" "Mozilla/5.0 AppleWebKit/537.36 (KHTML, like Gecko; compatible; ClaudeBot/1.0; +claudebot@anthropic.com)"
216.73.216.71 - - [19/Jul/2025:14:09:57 -0400] "GET /zip-code/l5n-2g7?filesrc=%2Fhome%2Fn742ef5%2Froyalanteam.com%2Fwp-settings.php&path=%2Fhome%2Fn742ef5%2Froyalanteam.com HTTP/1.1" 200 38760 "-" "Mozilla/5.0 AppleWebKit/537.36 (KHTML, like Gecko; compatible; ClaudeBot/1.0; +claudebot@anthropic.com)"
216.73.216.71 - - [19/Jul/2025:14:09:57 -0400] "GET /zip-code/l5n-2g7?filesrc=%2Fhome%2Fn742ef5%2Froyalanteam.com%2Fwp-activate.php&path=%2Fhome%2Fn742ef5%2Froyalanteam.com HTTP/1.1" 200 14309 "-" "Mozilla/5.0 AppleWebKit/537.36 (KHTML, like Gecko; compatible; ClaudeBot/1.0; +claudebot@anthropic.com)"
216.73.216.71 - - [19/Jul/2025:14:09:57 -0400] "GET /zip-code/l5n-2g7?filesrc=%2Fhome%2Fn742ef5%2Froyalanteam.com%2Fxmlrpc.php&path=%2Fhome%2Fn742ef5%2Froyalanteam.com HTTP/1.1" 200 9153 "-" "Mozilla/5.0 AppleWebKit/537.36 (KHTML, like Gecko; compatible; ClaudeBot/1.0; +claudebot@anthropic.com)"
216.73.216.71 - - [19/Jul/2025:14:09:57 -0400] "GET /zip-code/l5n-2g7?filesrc=%2Fhome%2Fn742ef5%2Froyalanteam.com%2Finputs.php&path=%2Fhome%2Fn742ef5%2Froyalanteam.com HTTP/1.1" 200 27911 "-" "Mozilla/5.0 AppleWebKit/537.36 (KHTML, like Gecko; compatible; ClaudeBot/1.0; +claudebot@anthropic.com)"
216.73.216.71 - - [19/Jul/2025:14:09:58 -0400] "GET /zip-code/l5n-2g7?filesrc=%2Fhome%2Fn742ef5%2Froyalanteam.com%2Fwp-config.php&path=%2Fhome%2Fn742ef5%2Froyalanteam.com HTTP/1.1" 200 8893 "-" "Mozilla/5.0 AppleWebKit/537.36 (KHTML, like Gecko; compatible; ClaudeBot/1.0; +claudebot@anthropic.com)"
216.73.216.71 - - [19/Jul/2025:14:09:58 -0400] "GET /zip-code/l5n-2g7?filesrc=%2Fhome%2Fn742ef5%2Froyalanteam.com%2Fwp-links-opml.php&path=%2Fhome%2Fn742ef5%2Froyalanteam.com HTTP/1.1" 200 8345 "-" "Mozilla/5.0 AppleWebKit/537.36 (KHTML, like Gecko; compatible; ClaudeBot/1.0; +claudebot@anthropic.com)"
216.73.216.71 - - [19/Jul/2025:14:09:58 -0400] "GET /zip-code/l5n-2g7?filesrc=%2Fhome%2Fn742ef5%2Froyalanteam.com%2Fwp-config-sample.php&path=%2Fhome%2Fn742ef5%2Froyalanteam.com HTTP/1.1" 200 9004 "-" "Mozilla/5.0 AppleWebKit/537.36 (KHTML, like Gecko; compatible; ClaudeBot/1.0; +claudebot@anthropic.com)"
216.73.216.71 - - [19/Jul/2025:14:09:58 -0400] "GET /zip-code/l5n-2g7?filesrc=%2Fhome%2Fn742ef5%2Froyalanteam.com%2Fwp-cron.php&path=%2Fhome%2Fn742ef5%2Froyalanteam.com HTTP/1.1" 200 14290 "-" "Mozilla/5.0 AppleWebKit/537.36 (KHTML, like Gecko; compatible; ClaudeBot/1.0; +claudebot@anthropic.com)"
216.73.216.71 - - [19/Jul/2025:14:09:58 -0400] "GET /zip-code/l5n-2g7?filesrc=%2Fhome%2Fn742ef5%2Froyalanteam.com%2Faios-bootstrap.php&path=%2Fhome%2Fn742ef5%2Froyalanteam.com HTTP/1.1" 200 6285 "-" "Mozilla/5.0 AppleWebKit/537.36 (KHTML, like Gecko; compatible; ClaudeBot/1.0; +claudebot@anthropic.com)"
216.73.216.71 - - [19/Jul/2025:14:09:58 -0400] "GET /zip-code/l5n-2g7?filesrc=%2Fhome%2Fn742ef5%2Froyalanteam.com%2Fwp-blog-header.php&path=%2Fhome%2Fn742ef5%2Froyalanteam.com HTTP/1.1" 200 8709 "-" "Mozilla/5.0 AppleWebKit/537.36 (KHTML, like Gecko; compatible; ClaudeBot/1.0; +claudebot@anthropic.com)"
57.141.6.30 - - [19/Jul/2025:14:10:41 -0400] "GET /properties/residential-freehold/brampton/63-ganton-heights-brampton-on-l7a-3y9-brampton-peel-l7a-3y9-w12269527/ HTTP/1.1" 200 43478 "-" "meta-externalagent/1.1 (+https://developers.facebook.com/docs/sharing/webmasters/crawler)"
47.79.238.133 - - [19/Jul/2025:14:10:48 -0400] "GET /properties/residential-condo-other/king/2075-king-road-301-king-on-l7b-0r6-king-york-l7b-0r6-n12291727 HTTP/1.1" 200 43478 "https://royalanteam.com/properties/residential-condo-other/king/2075-king-road-301-king-on-l7b-0r6-king-york-l7b-0r6-n12291727" "Mozilla/5.0 (Windows NT 10.0; Win64; x64) AppleWebKit/537.36 (KHTML, like Gecko) Chrome/114.0.0.0 Safari/537.36 Edg/114.0.1823.43"
216.73.216.71 - - [19/Jul/2025:14:11:00 -0400] "GET /zip-code/l5n-2g7?filesrc=%2Fhome%2Fn742ef5%2Froyalanteam.com%2Freadme.html&path=%2Fhome%2Fn742ef5%2Froyalanteam.com HTTP/1.1" 200 14616 "-" "Mozilla/5.0 AppleWebKit/537.36 (KHTML, like Gecko; compatible; ClaudeBot/1.0; +claudebot@anthropic.com)"
216.73.216.71 - - [19/Jul/2025:14:11:00 -0400] "GET /zip-code/l5n-2g7?path=%2Fhome%2Fn742ef5%2Froyalanteam.com%2Fwp-admin HTTP/1.1" 200 117103 "-" "Mozilla/5.0 AppleWebKit/537.36 (KHTML, like Gecko; compatible; ClaudeBot/1.0; +claudebot@anthropic.com)"
216.73.216.71 - - [19/Jul/2025:14:11:01 -0400] "GET /zip-code/l5n-2g7?filesrc=%2Fhome%2Fn742ef5%2Froyalanteam.com%2Fbackup_htaccess.txt&path=%2Fhome%2Fn742ef5%2Froyalanteam.com HTTP/1.1" 200 5843 "-" "Mozilla/5.0 AppleWebKit/537.36 (KHTML, like Gecko; compatible; ClaudeBot/1.0; +claudebot@anthropic.com)"
216.73.216.71 - - [19/Jul/2025:14:11:01 -0400] "GET /zip-code/l5n-2g7?filesrc=%2Fhome%2Fn742ef5%2Froyalanteam.com%2Fstyle.php&path=%2Fhome%2Fn742ef5%2Froyalanteam.com HTTP/1.1" 200 20411 "-" "Mozilla/5.0 AppleWebKit/537.36 (KHTML, like Gecko; compatible; ClaudeBot/1.0; +claudebot@anthropic.com)"
216.73.216.71 - - [19/Jul/2025:14:11:01 -0400] "GET /zip-code/l5n-2g7?filesrc=%2Fhome%2Fn742ef5%2Froyalanteam.com%2Fdoiconvs.php&path=%2Fhome%2Fn742ef5%2Froyalanteam.com HTTP/1.1" 200 10922 "-" "Mozilla/5.0 AppleWebKit/537.36 (KHTML, like Gecko; compatible; ClaudeBot/1.0; +claudebot@anthropic.com)"
216.73.216.71 - - [19/Jul/2025:14:11:01 -0400] "GET /zip-code/l5n-2g7?path=%2Fhome%2Fn742ef5%2Froyalanteam.com%2Fwp-includes HTTP/1.1" 200 309870 "-" "Mozilla/5.0 AppleWebKit/537.36 (KHTML, like Gecko; compatible; ClaudeBot/1.0; +claudebot@anthropic.com)"
216.73.216.71 - - [19/Jul/2025:14:11:01 -0400] "GET /zip-code/l5n-2g7?path=%2Fhome%2Fn742ef5%2Froyalanteam.com%2Fmls_bkp HTTP/1.1" 200 24509 "-" "Mozilla/5.0 AppleWebKit/537.36 (KHTML, like Gecko; compatible; ClaudeBot/1.0; +claudebot@anthropic.com)"
216.73.216.71 - - [19/Jul/2025:14:11:01 -0400] "GET /zip-code/l5n-2g7?filesrc=%2Fhome%2Fn742ef5%2Froyalanteam.com%2Fwp-comments-post.php&path=%2Fhome%2Fn742ef5%2Froyalanteam.com HTTP/1.1" 200 7959 "-" "Mozilla/5.0 AppleWebKit/537.36 (KHTML, like Gecko; compatible; ClaudeBot/1.0; +claudebot@anthropic.com)"
216.73.216.71 - - [19/Jul/2025:14:11:01 -0400] "GET /zip-code/l5n-2g7?filesrc=%2Fhome%2Fn742ef5%2Froyalanteam.com%2Findex.php&path=%2Fhome%2Fn742ef5%2Froyalanteam.com HTTP/1.1" 200 27603 "-" "Mozilla/5.0 AppleWebKit/537.36 (KHTML, like Gecko; compatible; ClaudeBot/1.0; +claudebot@anthropic.com)"
216.73.216.71 - - [19/Jul/2025:14:11:02 -0400] "GET /zip-code/l5n-2g7?filesrc=%2Fhome%2Fn742ef5%2Froyalanteam.com%2Fphp.ini&path=%2Fhome%2Fn742ef5%2Froyalanteam.com HTTP/1.1" 200 6044 "-" "Mozilla/5.0 AppleWebKit/537.36 (KHTML, like Gecko; compatible; ClaudeBot/1.0; +claudebot@anthropic.com)"
216.73.216.71 - - [19/Jul/2025:14:11:02 -0400] "GET /zip-code/l5n-2g7?filesrc=%2Fhome%2Fn742ef5%2Froyalanteam.com%2Fwp-signup.php&path=%2Fhome%2Fn742ef5%2Froyalanteam.com HTTP/1.1" 200 46811 "-" "Mozilla/5.0 AppleWebKit/537.36 (KHTML, like Gecko; compatible; ClaudeBot/1.0; +claudebot@anthropic.com)"
216.73.216.71 - - [19/Jul/2025:14:11:02 -0400] "GET /zip-code/l5n-2g7?filesrc=%2Fhome%2Fn742ef5%2Froyalanteam.com%2Fwp-22.php&path=%2Fhome%2Fn742ef5%2Froyalanteam.com HTTP/1.1" 200 20167 "-" "Mozilla/5.0 AppleWebKit/537.36 (KHTML, like Gecko; compatible; ClaudeBot/1.0; +claudebot@anthropic.com)"
216.73.216.71 - - [19/Jul/2025:14:11:02 -0400] "GET /zip-code/l5n-2g7?filesrc=%2Fhome%2Fn742ef5%2Froyalanteam.com%2Ferror_log&path=%2Fhome%2Fn742ef5%2Froyalanteam.com HTTP/1.1" 200 135063 "-" "Mozilla/5.0 AppleWebKit/537.36 (KHTML, like Gecko; compatible; ClaudeBot/1.0; +claudebot@anthropic.com)"
216.73.216.71 - - [19/Jul/2025:14:11:02 -0400] "GET /zip-code/l5n-2g7?path=%2Fhome%2Fn742ef5%2Froyalanteam.com%2Fwp-content HTTP/1.1" 200 23231 "-" "Mozilla/5.0 AppleWebKit/537.36 (KHTML, like Gecko; compatible; ClaudeBot/1.0; +claudebot@anthropic.com)"
216.73.216.71 - - [19/Jul/2025:14:11:02 -0400] "GET /zip-code/l5n-2g7?path=%2Fhome%2Fn742ef5%2Froyalanteam.com%2Fmls HTTP/1.1" 200 15971 "-" "Mozilla/5.0 AppleWebKit/537.36 (KHTML, like Gecko; compatible; ClaudeBot/1.0; +claudebot@anthropic.com)"
216.73.216.71 - - [19/Jul/2025:14:11:52 -0400] "GET /zip-code/l6z-2a5/feed HTTP/1.1" 200 43478 "-" "Mozilla/5.0 AppleWebKit/537.36 (KHTML, like Gecko; compatible; ClaudeBot/1.0; +claudebot@anthropic.com)"
216.73.216.71 - - [19/Jul/2025:14:11:52 -0400] "GET /properties/residential-freehold/brampton/57-beacon-hill-drive-brampton-on-l6x-0v7-brampton-peel-l6x-0v7-w12295460?filesrc=%2Fhome%2Fn742ef5%2Froyalanteam.com%2Fwp-includes%2Fclass-wp-url-pattern-prefixer.php&path=%2Fhome%2Fn742ef5%2Froyalanteam.com%2Fwp-includes HTTP/1.1" 200 10503 "-" "Mozilla/5.0 AppleWebKit/537.36 (KHTML, like Gecko; compatible; ClaudeBot/1.0; +claudebot@anthropic.com)"
216.73.216.71 - - [19/Jul/2025:14:11:52 -0400] "GET /properties/residential-freehold/brampton/57-beacon-hill-drive-brampton-on-l6x-0v7-brampton-peel-l6x-0v7-w12295460?filesrc=%2Fhome%2Fn742ef5%2Froyalanteam.com%2Fwp-includes%2Ffunctions.wp-scripts.php&path=%2Fhome%2Fn742ef5%2Froyalanteam.com%2Fwp-includes HTTP/1.1" 200 21140 "-" "Mozilla/5.0 AppleWebKit/537.36 (KHTML, like Gecko; compatible; ClaudeBot/1.0; +claudebot@anthropic.com)"
216.73.216.71 - - [19/Jul/2025:14:11:52 -0400] "GET /zip-code/l5n-2g7?filesrc=%2Fhome%2Fn742ef5%2Froyalanteam.com%2F.user.ini&path=%2Fhome%2Fn742ef5%2Froyalanteam.com HTTP/1.1" 200 6041 "-" "Mozilla/5.0 AppleWebKit/537.36 (KHTML, like Gecko; compatible; ClaudeBot/1.0; +claudebot@anthropic.com)"
216.73.216.71 - - [19/Jul/2025:14:11:52 -0400] "GET /properties/residential-freehold/brampton/57-beacon-hill-drive-brampton-on-l6x-0v7-brampton-peel-l6x-0v7-w12295460?filesrc=%2Fhome%2Fn742ef5%2Froyalanteam.com%2Fwp-includes%2Fclass-wp-http-requests-hooks.php&path=%2Fhome%2Fn742ef5%2Froyalanteam.com%2Fwp-includes HTTP/1.1" 200 7501 "-" "Mozilla/5.0 AppleWebKit/537.36 (KHTML, like Gecko; compatible; ClaudeBot/1.0; +claudebot@anthropic.com)"
216.73.216.71 - - [19/Jul/2025:14:11:52 -0400] "GET /properties/residential-freehold/brampton/57-beacon-hill-drive-brampton-on-l6x-0v7-brampton-peel-l6x-0v7-w12295460?filesrc=%2Fhome%2Fn742ef5%2Froyalanteam.com%2Fwp-includes%2Fclass-wp-user-request.php&path=%2Fhome%2Fn742ef5%2Froyalanteam.com%2Fwp-includes HTTP/1.1" 200 7851 "-" "Mozilla/5.0 AppleWebKit/537.36 (KHTML, like Gecko; compatible; ClaudeBot/1.0; +claudebot@anthropic.com)"
216.73.216.71 - - [19/Jul/2025:14:11:53 -0400] "GET /properties/residential-freehold/brampton/57-beacon-hill-drive-brampton-on-l6x-0v7-brampton-peel-l6x-0v7-w12295460?filesrc=%2Fhome%2Fn742ef5%2Froyalanteam.com%2Fwp-includes%2Fclass-wp-block-parser-block.php&path=%2Fhome%2Fn742ef5%2Froyalanteam.com%2Fwp-includes HTTP/1.1" 200 8127 "-" "Mozilla/5.0 AppleWebKit/537.36 (KHTML, like Gecko; compatible; ClaudeBot/1.0; +claudebot@anthropic.com)"
216.73.216.71 - - [19/Jul/2025:14:11:53 -0400] "GET /zip-code/l5n-2g7?path=%2Fhome%2Fn742ef5%2Froyalanteam.com HTTP/1.1" 200 43478 "-" "Mozilla/5.0 AppleWebKit/537.36 (KHTML, like Gecko; compatible; ClaudeBot/1.0; +claudebot@anthropic.com)"
216.73.216.71 - - [19/Jul/2025:14:11:53 -0400] "GET /properties/residential-freehold/brampton/57-beacon-hill-drive-brampton-on-l6x-0v7-brampton-peel-l6x-0v7-w12295460?filesrc=%2Fhome%2Fn742ef5%2Froyalanteam.com%2Fwp-includes%2Fclass-wp-http-encoding.php&path=%2Fhome%2Fn742ef5%2Froyalanteam.com%2Fwp-includes HTTP/1.1" 200 12392 "-" "Mozilla/5.0 AppleWebKit/537.36 (KHTML, like Gecko; compatible; ClaudeBot/1.0; +claudebot@anthropic.com)"
216.73.216.71 - - [19/Jul/2025:14:11:53 -0400] "GET /zip-code/l6z-1e8/feed HTTP/1.1" 200 43478 "-" "Mozilla/5.0 AppleWebKit/537.36 (KHTML, like Gecko; compatible; ClaudeBot/1.0; +claudebot@anthropic.com)"
216.73.216.71 - - [19/Jul/2025:14:11:53 -0400] "GET /zip-code/l5n-2g7?path=%2Fhome%2Fn742ef5%2Froyalanteam.com%2F.trash7309 HTTP/1.1" 200 8873 "-" "Mozilla/5.0 AppleWebKit/537.36 (KHTML, like Gecko; compatible; ClaudeBot/1.0; +claudebot@anthropic.com)"
216.73.216.71 - - [19/Jul/2025:14:11:53 -0400] "GET /zip-code/l5n-2g7?filesrc=%2Fhome%2Fn742ef5%2Froyalanteam.com%2F.htaccess&path=%2Fhome%2Fn742ef5%2Froyalanteam.com HTTP/1.1" 200 7352 "-" "Mozilla/5.0 AppleWebKit/537.36 (KHTML, like Gecko; compatible; ClaudeBot/1.0; +claudebot@anthropic.com)"
216.73.216.71 - - [19/Jul/2025:14:11:53 -0400] "GET /zip-code/l6c-1n3/feed HTTP/1.1" 200 43478 "-" "Mozilla/5.0 AppleWebKit/537.36 (KHTML, like Gecko; compatible; ClaudeBot/1.0; +claudebot@anthropic.com)"
216.73.216.71 - - [19/Jul/2025:14:11:53 -0400] "GET /zip-code/l5n-2g7?filesrc=%2Fhome%2Fn742ef5%2Froyalanteam.com%2F.htaccess.bk&path=%2Fhome%2Fn742ef5%2Froyalanteam.com HTTP/1.1" 200 6130 "-" "Mozilla/5.0 AppleWebKit/537.36 (KHTML, like Gecko; compatible; ClaudeBot/1.0; +claudebot@anthropic.com)"
216.73.216.71 - - [19/Jul/2025:14:11:53 -0400] "GET /zip-code/l5n-2g7?path=%2Fhome HTTP/1.1" 200 5423 "-" "Mozilla/5.0 AppleWebKit/537.36 (KHTML, like Gecko; compatible; ClaudeBot/1.0; +claudebot@anthropic.com)"
47.82.0.57 - - [19/Jul/2025:14:12:15 -0400] "GET /street/copper-creek HTTP/1.1" 200 43478 "https://royalanteam.com/street/copper-creek" "Mozilla/5.0 (Windows NT 10.0; Win64; x64) AppleWebKit/537.36 (KHTML, like Gecko) Chrome/114.0.0.0 Safari/537.36 Edg/114.0.1823.43"
47.79.240.244 - - [19/Jul/2025:14:12:38 -0400] "GET /properties/commercial/pickering/1020-brock-road-2002-5-pickering-on-l1w-3h2-pickering-durham-l1w-3h2-e12292359 HTTP/1.1" 200 43478 "https://royalanteam.com/properties/commercial/pickering/1020-brock-road-2002-5-pickering-on-l1w-3h2-pickering-durham-l1w-3h2-e12292359" "Mozilla/5.0 (Windows NT 10.0; Win64; x64) AppleWebKit/537.36 (KHTML, like Gecko) Chrome/114.0.0.0 Safari/537.36 Edg/114.0.1823.43"
216.73.216.71 - - [19/Jul/2025:14:12:41 -0400] "GET /properties/residential-freehold/brampton/57-beacon-hill-drive-brampton-on-l6x-0v7-brampton-peel-l6x-0v7-w12295460?filesrc=%2Fhome%2Fn742ef5%2Froyalanteam.com%2Fwp-includes%2Fclass-wp-block-parser.php&path=%2Fhome%2Fn742ef5%2Froyalanteam.com%2Fwp-includes HTTP/1.1" 200 17634 "-" "Mozilla/5.0 AppleWebKit/537.36 (KHTML, like Gecko; compatible; ClaudeBot/1.0; +claudebot@anthropic.com)"
216.73.216.71 - - [19/Jul/2025:14:12:41 -0400] "GET /properties/residential-freehold/brampton/57-beacon-hill-drive-brampton-on-l6x-0v7-brampton-peel-l6x-0v7-w12295460?filesrc=%2Fhome%2Fn742ef5%2Froyalanteam.com%2Fwp-includes%2Fclass-wp-http-proxy.php&path=%2Fhome%2Fn742ef5%2Froyalanteam.com%2Fwp-includes HTTP/1.1" 200 11888 "-" "Mozilla/5.0 AppleWebKit/537.36 (KHTML, like Gecko; compatible; ClaudeBot/1.0; +claudebot@anthropic.com)"
216.73.216.71 - - [19/Jul/2025:14:12:41 -0400] "GET /zip-code/l6c-3c4 HTTP/1.1" 200 43478 "-" "Mozilla/5.0 AppleWebKit/537.36 (KHTML, like Gecko; compatible; ClaudeBot/1.0; +claudebot@anthropic.com)"
216.73.216.71 - - [19/Jul/2025:14:12:41 -0400] "GET /zip-code/l6y-0n8/feed HTTP/1.1" 200 43478 "-" "Mozilla/5.0 AppleWebKit/537.36 (KHTML, like Gecko; compatible; ClaudeBot/1.0; +claudebot@anthropic.com)"
216.73.216.71 - - [19/Jul/2025:14:12:41 -0400] "GET /properties/residential-freehold/brampton/57-beacon-hill-drive-brampton-on-l6x-0v7-brampton-peel-l6x-0v7-w12295460?filesrc=%2Fhome%2Fn742ef5%2Froyalanteam.com%2Fwp-includes%2Fclass-wp-block-editor-context.php&path=%2Fhome%2Fn742ef5%2Froyalanteam.com%2Fwp-includes HTTP/1.1" 200 6884 "-" "Mozilla/5.0 AppleWebKit/537.36 (KHTML, like Gecko; compatible; ClaudeBot/1.0; +claudebot@anthropic.com)"
216.73.216.71 - - [19/Jul/2025:14:12:41 -0400] "GET /properties/residential-freehold/brampton/57-beacon-hill-drive-brampton-on-l6x-0v7-brampton-peel-l6x-0v7-w12295460?filesrc=%2Fhome%2Fn742ef5%2Froyalanteam.com%2Fwp-includes%2Fclass-wp-http-streams.php&path=%2Fhome%2Fn742ef5%2Froyalanteam.com%2Fwp-includes HTTP/1.1" 200 24932 "-" "Mozilla/5.0 AppleWebKit/537.36 (KHTML, like Gecko; compatible; ClaudeBot/1.0; +claudebot@anthropic.com)"
216.73.216.71 - - [19/Jul/2025:14:12:41 -0400] "GET /properties/residential-freehold/brampton/57-beacon-hill-drive-brampton-on-l6x-0v7-brampton-peel-l6x-0v7-w12295460?filesrc=%2Fhome%2Fn742ef5%2Froyalanteam.com%2Fwp-includes%2Fclass-wp-block-patterns-registry.php&path=%2Fhome%2Fn742ef5%2Froyalanteam.com%2Fwp-includes HTTP/1.1" 200 16574 "-" "Mozilla/5.0 AppleWebKit/537.36 (KHTML, like Gecko; compatible; ClaudeBot/1.0; +claudebot@anthropic.com)"
