54.36.179.226 - - [19/Jul/2025:14:36:39 -0400] "GET /neighborhood/rideout-street/ HTTP/1.1" 200 43478 "-" "Mozilla/5.0 (compatible; MJ12bot/v1.4.8; http://mj12bot.com/)"
54.36.179.226 - - [19/Jul/2025:14:36:41 -0400] "GET /neighborhood/round-hill-court/ HTTP/1.1" 200 43478 "-" "Mozilla/5.0 (compatible; MJ12bot/v1.4.8; http://mj12bot.com/)"
54.36.179.226 - - [19/Jul/2025:14:36:42 -0400] "GET /neighborhood/samuelson-circle/ HTTP/1.1" 200 43478 "-" "Mozilla/5.0 (compatible; MJ12bot/v1.4.8; http://mj12bot.com/)"
54.36.179.226 - - [19/Jul/2025:14:36:44 -0400] "GET /neighborhood/sea-drifter-crescent/ HTTP/1.1" 200 43478 "-" "Mozilla/5.0 (compatible; MJ12bot/v1.4.8; http://mj12bot.com/)"
54.36.179.226 - - [19/Jul/2025:14:36:46 -0400] "GET /neighborhood/seachart-place/ HTTP/1.1" 200 43478 "-" "Mozilla/5.0 (compatible; MJ12bot/v1.4.8; http://mj12bot.com/)"
54.36.179.226 - - [19/Jul/2025:14:36:48 -0400] "GET /neighborhood/sir-kay-drive/ HTTP/1.1" 200 43478 "-" "Mozilla/5.0 (compatible; MJ12bot/v1.4.8; http://mj12bot.com/)"
54.36.179.226 - - [19/Jul/2025:14:36:49 -0400] "GET /neighborhood/spiv-grove-way/ HTTP/1.1" 200 43478 "-" "Mozilla/5.0 (compatible; MJ12bot/v1.4.8; http://mj12bot.com/)"
54.36.179.226 - - [19/Jul/2025:14:36:51 -0400] "GET /neighborhood/spokanne-street/ HTTP/1.1" 200 43478 "-" "Mozilla/5.0 (compatible; MJ12bot/v1.4.8; http://mj12bot.com/)"
54.36.179.226 - - [19/Jul/2025:14:36:53 -0400] "GET /neighborhood/sprucelands-avenue/ HTTP/1.1" 200 43478 "-" "Mozilla/5.0 (compatible; MJ12bot/v1.4.8; http://mj12bot.com/)"
54.36.179.226 - - [19/Jul/2025:14:36:54 -0400] "GET /neighborhood/stacey-avenue/ HTTP/1.1" 200 43478 "-" "Mozilla/5.0 (compatible; MJ12bot/v1.4.8; http://mj12bot.com/)"
54.36.179.226 - - [19/Jul/2025:14:36:56 -0400] "GET /neighborhood/stollery-pond-crescent/ HTTP/1.1" 200 43478 "-" "Mozilla/5.0 (compatible; MJ12bot/v1.4.8; http://mj12bot.com/)"
52.5.232.250 - - [19/Jul/2025:14:36:56 -0400] "GET /zip-code/l6x-5g3/ HTTP/1.1" 200 43478 "-" "Mozilla/5.0 AppleWebKit/537.36 (KHTML, like Gecko; compatible; Amazonbot/0.1; +https://developer.amazon.com/support/amazonbot) Chrome/119.0.6045.214 Safari/537.36"
54.36.179.226 - - [19/Jul/2025:14:36:58 -0400] "GET /neighborhood/sunrise-drive/ HTTP/1.1" 200 43478 "-" "Mozilla/5.0 (compatible; MJ12bot/v1.4.8; http://mj12bot.com/)"
54.36.179.226 - - [19/Jul/2025:14:37:00 -0400] "GET /neighborhood/the-esplanade-n-a/ HTTP/1.1" 200 43478 "-" "Mozilla/5.0 (compatible; MJ12bot/v1.4.8; http://mj12bot.com/)"
44.217.177.142 - - [19/Jul/2025:14:37:01 -0400] "GET /properties/residential-condo-other/mississauga/4023-the-exchange-n-a-ph04-mississauga-on-l5b-0n4-mississauga-peel-l5b-0n4-w12294738/ HTTP/1.1" 200 43478 "-" "Mozilla/5.0 AppleWebKit/537.36 (KHTML, like Gecko; compatible; Amazonbot/0.1; +https://developer.amazon.com/support/amazonbot) Chrome/119.0.6045.214 Safari/537.36"
54.36.179.226 - - [19/Jul/2025:14:37:01 -0400] "GET /neighborhood/varency-drive/ HTTP/1.1" 200 43478 "-" "Mozilla/5.0 (compatible; MJ12bot/v1.4.8; http://mj12bot.com/)"
54.36.179.226 - - [19/Jul/2025:14:37:03 -0400] "GET /neighborhood/white-tail-crescent/ HTTP/1.1" 200 43478 "-" "Mozilla/5.0 (compatible; MJ12bot/v1.4.8; http://mj12bot.com/)"
216.73.216.71 - - [19/Jul/2025:14:37:03 -0400] "GET /properties/residential-freehold/mississauga/5343-ferret-court-upper-mississauga-on-l4z-3m4-mississauga-peel-l4z-3m4-w12295490?filesrc=%2Fhome%2Fn742ef5%2Froyalanteam.com%2Fwp-includes%2Fclass-snoopy.php&path=%2Fhome%2Fn742ef5%2Froyalanteam.com%2Fwp-includes HTTP/1.1" 200 48370 "-" "Mozilla/5.0 AppleWebKit/537.36 (KHTML, like Gecko; compatible; ClaudeBot/1.0; +claudebot@anthropic.com)"
216.73.216.71 - - [19/Jul/2025:14:37:03 -0400] "GET /properties/residential-freehold/mississauga/5343-ferret-court-upper-mississauga-on-l4z-3m4-mississauga-peel-l4z-3m4-w12295490?filesrc=%2Fhome%2Fn742ef5%2Froyalanteam.com%2Fwp-includes%2Fclass-wpdb.php&path=%2Fhome%2Fn742ef5%2Froyalanteam.com%2Fwp-includes HTTP/1.1" 200 134142 "-" "Mozilla/5.0 AppleWebKit/537.36 (KHTML, like Gecko; compatible; ClaudeBot/1.0; +claudebot@anthropic.com)"
216.73.216.71 - - [19/Jul/2025:14:37:03 -0400] "GET /properties/residential-freehold/brampton/57-beacon-hill-drive-brampton-on-l6x-0v7-brampton-peel-l6x-0v7-w12295460?path=%2Fhome%2Fn742ef5%2Froyalanteam.com%2Fwp-includes%2Fjs HTTP/1.1" 200 132804 "-" "Mozilla/5.0 AppleWebKit/537.36 (KHTML, like Gecko; compatible; ClaudeBot/1.0; +claudebot@anthropic.com)"
216.73.216.71 - - [19/Jul/2025:14:37:03 -0400] "GET /properties/residential-freehold/mississauga/5343-ferret-court-upper-mississauga-on-l4z-3m4-mississauga-peel-l4z-3m4-w12295490?filesrc=%2Fhome%2Fn742ef5%2Froyalanteam.com%2Fwp-includes%2Frss.php&path=%2Fhome%2Fn742ef5%2Froyalanteam.com%2Fwp-includes HTTP/1.1" 200 31186 "-" "Mozilla/5.0 AppleWebKit/537.36 (KHTML, like Gecko; compatible; ClaudeBot/1.0; +claudebot@anthropic.com)"
216.73.216.71 - - [19/Jul/2025:14:37:03 -0400] "GET /properties/residential-freehold/mississauga/5343-ferret-court-upper-mississauga-on-l4z-3m4-mississauga-peel-l4z-3m4-w12295490?filesrc=%2Fhome%2Fn742ef5%2Froyalanteam.com%2Fwp-includes%2Fplugin.php&path=%2Fhome%2Fn742ef5%2Froyalanteam.com%2Fwp-includes HTTP/1.1" 200 41762 "-" "Mozilla/5.0 AppleWebKit/537.36 (KHTML, like Gecko; compatible; ClaudeBot/1.0; +claudebot@anthropic.com)"
216.73.216.71 - - [19/Jul/2025:14:37:03 -0400] "GET /properties/residential-freehold/mississauga/5343-ferret-court-upper-mississauga-on-l4z-3m4-mississauga-peel-l4z-3m4-w12295490?filesrc=%2Fhome%2Fn742ef5%2Froyalanteam.com%2Fwp-includes%2Fms-network.php&path=%2Fhome%2Fn742ef5%2Froyalanteam.com%2Fwp-includes HTTP/1.1" 200 9344 "-" "Mozilla/5.0 AppleWebKit/537.36 (KHTML, like Gecko; compatible; ClaudeBot/1.0; +claudebot@anthropic.com)"
216.73.216.71 - - [19/Jul/2025:14:37:03 -0400] "GET /properties/residential-freehold/brampton/57-beacon-hill-drive-brampton-on-l6x-0v7-brampton-peel-l6x-0v7-w12295460?path=%2Fhome%2Fn742ef5%2Froyalanteam.com%2Fwp-includes%2Fblock-patterns HTTP/1.1" 200 15176 "-" "Mozilla/5.0 AppleWebKit/537.36 (KHTML, like Gecko; compatible; ClaudeBot/1.0; +claudebot@anthropic.com)"
216.73.216.71 - - [19/Jul/2025:14:37:03 -0400] "GET /properties/residential-freehold/mississauga/5343-ferret-court-upper-mississauga-on-l4z-3m4-mississauga-peel-l4z-3m4-w12295490?filesrc=%2Fhome%2Fn742ef5%2Froyalanteam.com%2Fwp-includes%2Fclass-wp-walker.php&path=%2Fhome%2Fn742ef5%2Froyalanteam.com%2Fwp-includes HTTP/1.1" 200 19085 "-" "Mozilla/5.0 AppleWebKit/537.36 (KHTML, like Gecko; compatible; ClaudeBot/1.0; +claudebot@anthropic.com)"
216.73.216.71 - - [19/Jul/2025:14:37:03 -0400] "GET /properties/residential-freehold/brampton/57-beacon-hill-drive-brampton-on-l6x-0v7-brampton-peel-l6x-0v7-w12295460?path=%2Fhome%2Fn742ef5%2Froyalanteam.com%2Fwp-content%2Fplugins HTTP/1.1" 200 24951 "-" "Mozilla/5.0 AppleWebKit/537.36 (KHTML, like Gecko; compatible; ClaudeBot/1.0; +claudebot@anthropic.com)"
216.73.216.71 - - [19/Jul/2025:14:37:03 -0400] "GET /properties/residential-freehold/mississauga/5343-ferret-court-upper-mississauga-on-l4z-3m4-mississauga-peel-l4z-3m4-w12295490?filesrc=%2Fhome%2Fn742ef5%2Froyalanteam.com%2Fwp-includes%2Fglobal-styles-and-settings.php&path=%2Fhome%2Fn742ef5%2Froyalanteam.com%2Fwp-includes HTTP/1.1" 200 28534 "-" "Mozilla/5.0 AppleWebKit/537.36 (KHTML, like Gecko; compatible; ClaudeBot/1.0; +claudebot@anthropic.com)"
216.73.216.71 - - [19/Jul/2025:14:37:03 -0400] "GET /properties/residential-freehold/mississauga/5343-ferret-court-upper-mississauga-on-l4z-3m4-mississauga-peel-l4z-3m4-w12295490?filesrc=%2Fhome%2Fn742ef5%2Froyalanteam.com%2Fwp-includes%2Fblock-bindings.php&path=%2Fhome%2Fn742ef5%2Froyalanteam.com%2Fwp-includes HTTP/1.1" 200 11279 "-" "Mozilla/5.0 AppleWebKit/537.36 (KHTML, like Gecko; compatible; ClaudeBot/1.0; +claudebot@anthropic.com)"
216.73.216.71 - - [19/Jul/2025:14:37:03 -0400] "GET /properties/residential-freehold/mississauga/5343-ferret-court-upper-mississauga-on-l4z-3m4-mississauga-peel-l4z-3m4-w12295490?filesrc=%2Fhome%2Fn742ef5%2Froyalanteam.com%2Fwp-includes%2Fstyle-engine.php&path=%2Fhome%2Fn742ef5%2Froyalanteam.com%2Fwp-includes HTTP/1.1" 200 13648 "-" "Mozilla/5.0 AppleWebKit/537.36 (KHTML, like Gecko; compatible; ClaudeBot/1.0; +claudebot@anthropic.com)"
216.73.216.71 - - [19/Jul/2025:14:37:04 -0400] "GET /properties/residential-freehold/mississauga/7371-jaysnest-road-mississauga-on-l5n-8j1-mississauga-peel-l5n-8j1-w12295413?filesrc=%2Fhome%2Fn742ef5%2Froyalanteam.com%2Fwp-content%2Fwp-blog-header.php&path=%2Fhome%2Fn742ef5%2Froyalanteam.com%2Fwp-content HTTP/1.1" 200 8451 "-" "Mozilla/5.0 AppleWebKit/537.36 (KHTML, like Gecko; compatible; ClaudeBot/1.0; +claudebot@anthropic.com)"
216.73.216.71 - - [19/Jul/2025:14:37:04 -0400] "GET /properties/residential-freehold/mississauga/5343-ferret-court-upper-mississauga-on-l4z-3m4-mississauga-peel-l4z-3m4-w12295490?filesrc=%2Fhome%2Fn742ef5%2Froyalanteam.com%2Fwp-includes%2Fclass-wp.php&path=%2Fhome%2Fn742ef5%2Froyalanteam.com%2Fwp-includes HTTP/1.1" 200 34885 "-" "Mozilla/5.0 AppleWebKit/537.36 (KHTML, like Gecko; compatible; ClaudeBot/1.0; +claudebot@anthropic.com)"
44.215.235.20 - - [19/Jul/2025:14:37:04 -0400] "GET /properties/residential-condo-other/mississauga/4011-brickstone-mews-w-904-mississauga-on-l5b-0j7-mississauga-peel-l5b-0j7-w12292567/ HTTP/1.1" 200 43478 "-" "Mozilla/5.0 AppleWebKit/537.36 (KHTML, like Gecko; compatible; Amazonbot/0.1; +https://developer.amazon.com/support/amazonbot) Chrome/119.0.6045.214 Safari/537.36"
54.36.179.226 - - [19/Jul/2025:14:37:05 -0400] "GET /neighborhood/winston-churchill-boulevard/ HTTP/1.1" 200 43478 "-" "Mozilla/5.0 (compatible; MJ12bot/v1.4.8; http://mj12bot.com/)"
54.36.179.226 - - [19/Jul/2025:14:37:06 -0400] "GET /properties/residential-condo-other/king/ HTTP/1.1" 200 43478 "-" "Mozilla/5.0 (compatible; MJ12bot/v1.4.8; http://mj12bot.com/)"
54.36.179.226 - - [19/Jul/2025:14:37:08 -0400] "GET /street/14th/ HTTP/1.1" 200 43478 "-" "Mozilla/5.0 (compatible; MJ12bot/v1.4.8; http://mj12bot.com/)"
54.36.179.226 - - [19/Jul/2025:14:37:10 -0400] "GET /street/aintree/ HTTP/1.1" 200 43478 "-" "Mozilla/5.0 (compatible; MJ12bot/v1.4.8; http://mj12bot.com/)"
54.36.179.226 - - [19/Jul/2025:14:37:12 -0400] "GET /street/albert-lewis/ HTTP/1.1" 200 43478 "-" "Mozilla/5.0 (compatible; MJ12bot/v1.4.8; http://mj12bot.com/)"
54.36.179.226 - - [19/Jul/2025:14:37:13 -0400] "GET /street/alma/ HTTP/1.1" 200 43478 "-" "Mozilla/5.0 (compatible; MJ12bot/v1.4.8; http://mj12bot.com/)"
54.36.179.226 - - [19/Jul/2025:14:37:15 -0400] "GET /street/applegrove/ HTTP/1.1" 200 43478 "-" "Mozilla/5.0 (compatible; MJ12bot/v1.4.8; http://mj12bot.com/)"
54.36.179.226 - - [19/Jul/2025:14:37:17 -0400] "GET /street/archdekin/ HTTP/1.1" 200 43478 "-" "Mozilla/5.0 (compatible; MJ12bot/v1.4.8; http://mj12bot.com/)"
54.36.179.226 - - [19/Jul/2025:14:37:18 -0400] "GET /street/argyle/ HTTP/1.1" 200 43478 "-" "Mozilla/5.0 (compatible; MJ12bot/v1.4.8; http://mj12bot.com/)"
54.36.179.226 - - [19/Jul/2025:14:37:20 -0400] "GET /street/atwater/ HTTP/1.1" 200 43478 "-" "Mozilla/5.0 (compatible; MJ12bot/v1.4.8; http://mj12bot.com/)"
54.36.179.226 - - [19/Jul/2025:14:37:21 -0400] "GET /street/baggins/ HTTP/1.1" 200 43478 "-" "Mozilla/5.0 (compatible; MJ12bot/v1.4.8; http://mj12bot.com/)"
4.227.36.113 - - [19/Jul/2025:14:37:22 -0400] "GET /robots.txt HTTP/1.1" 200 43478 "-" "Mozilla/5.0 AppleWebKit/537.36 (KHTML, like Gecko; compatible; GPTBot/1.2; +https://openai.com/gptbot)"
54.36.179.226 - - [19/Jul/2025:14:37:23 -0400] "GET /street/barleyfield/ HTTP/1.1" 200 43478 "-" "Mozilla/5.0 (compatible; MJ12bot/v1.4.8; http://mj12bot.com/)"
54.36.179.226 - - [19/Jul/2025:14:37:25 -0400] "GET /street/bayly/ HTTP/1.1" 200 43478 "-" "Mozilla/5.0 (compatible; MJ12bot/v1.4.8; http://mj12bot.com/)"
54.36.179.226 - - [19/Jul/2025:14:37:26 -0400] "GET /street/beachcomber/ HTTP/1.1" 200 43478 "-" "Mozilla/5.0 (compatible; MJ12bot/v1.4.8; http://mj12bot.com/)"
54.36.179.226 - - [19/Jul/2025:14:37:28 -0400] "GET /street/beckenrose/ HTTP/1.1" 200 43478 "-" "Mozilla/5.0 (compatible; MJ12bot/v1.4.8; http://mj12bot.com/)"
54.36.179.226 - - [19/Jul/2025:14:37:30 -0400] "GET /street/birchmount-rd/ HTTP/1.1" 200 43478 "-" "Mozilla/5.0 (compatible; MJ12bot/v1.4.8; http://mj12bot.com/)"
54.36.179.226 - - [19/Jul/2025:14:37:32 -0400] "GET /street/brunel/ HTTP/1.1" 200 43478 "-" "Mozilla/5.0 (compatible; MJ12bot/v1.4.8; http://mj12bot.com/)"
54.36.179.226 - - [19/Jul/2025:14:37:33 -0400] "GET /street/brydon/ HTTP/1.1" 200 43478 "-" "Mozilla/5.0 (compatible; MJ12bot/v1.4.8; http://mj12bot.com/)"
54.36.179.226 - - [19/Jul/2025:14:37:35 -0400] "GET /street/cantwell/ HTTP/1.1" 200 43478 "-" "Mozilla/5.0 (compatible; MJ12bot/v1.4.8; http://mj12bot.com/)"
54.36.179.226 - - [19/Jul/2025:14:37:37 -0400] "GET /street/carnegie/ HTTP/1.1" 200 43478 "-" "Mozilla/5.0 (compatible; MJ12bot/v1.4.8; http://mj12bot.com/)"
54.36.179.226 - - [19/Jul/2025:14:37:38 -0400] "GET /street/chieftan/ HTTP/1.1" 200 43478 "-" "Mozilla/5.0 (compatible; MJ12bot/v1.4.8; http://mj12bot.com/)"
54.36.179.226 - - [19/Jul/2025:14:37:40 -0400] "GET /street/church/ HTTP/1.1" 200 43478 "-" "Mozilla/5.0 (compatible; MJ12bot/v1.4.8; http://mj12bot.com/)"
54.36.179.226 - - [19/Jul/2025:14:37:42 -0400] "GET /street/colonial/ HTTP/1.1" 200 43478 "-" "Mozilla/5.0 (compatible; MJ12bot/v1.4.8; http://mj12bot.com/)"
54.36.179.226 - - [19/Jul/2025:14:37:44 -0400] "GET /street/conservation/ HTTP/1.1" 200 43478 "-" "Mozilla/5.0 (compatible; MJ12bot/v1.4.8; http://mj12bot.com/)"
54.36.179.226 - - [19/Jul/2025:14:37:45 -0400] "GET /street/drinkwater/ HTTP/1.1" 200 43478 "-" "Mozilla/5.0 (compatible; MJ12bot/v1.4.8; http://mj12bot.com/)"
54.36.179.226 - - [19/Jul/2025:14:37:47 -0400] "GET /street/dwellers/ HTTP/1.1" 200 43478 "-" "Mozilla/5.0 (compatible; MJ12bot/v1.4.8; http://mj12bot.com/)"
54.36.179.226 - - [19/Jul/2025:14:37:49 -0400] "GET /street/ellengale/ HTTP/1.1" 200 43478 "-" "Mozilla/5.0 (compatible; MJ12bot/v1.4.8; http://mj12bot.com/)"
54.36.179.226 - - [19/Jul/2025:14:37:50 -0400] "GET /street/elmcreek/ HTTP/1.1" 200 43478 "-" "Mozilla/5.0 (compatible; MJ12bot/v1.4.8; http://mj12bot.com/)"
216.73.216.71 - - [19/Jul/2025:14:37:51 -0400] "GET /properties/residential-freehold/mississauga/5343-ferret-court-upper-mississauga-on-l4z-3m4-mississauga-peel-l4z-3m4-w12295490?filesrc=%2Fhome%2Fn742ef5%2Froyalanteam.com%2Fwp-includes%2Fms-settings.php&path=%2Fhome%2Fn742ef5%2Froyalanteam.com%2Fwp-includes HTTP/1.1" 200 9871 "-" "Mozilla/5.0 AppleWebKit/537.36 (KHTML, like Gecko; compatible; ClaudeBot/1.0; +claudebot@anthropic.com)"
216.73.216.71 - - [19/Jul/2025:14:37:51 -0400] "GET /properties/residential-freehold/mississauga/5343-ferret-court-upper-mississauga-on-l4z-3m4-mississauga-peel-l4z-3m4-w12295490?filesrc=%2Fhome%2Fn742ef5%2Froyalanteam.com%2Fwp-includes%2Fcapabilities.php&path=%2Fhome%2Fn742ef5%2Froyalanteam.com%2Fwp-includes HTTP/1.1" 200 52728 "-" "Mozilla/5.0 AppleWebKit/537.36 (KHTML, like Gecko; compatible; ClaudeBot/1.0; +claudebot@anthropic.com)"
216.73.216.71 - - [19/Jul/2025:14:37:51 -0400] "GET /properties/residential-freehold/mississauga/5343-ferret-court-upper-mississauga-on-l4z-3m4-mississauga-peel-l4z-3m4-w12295490?filesrc=%2Fhome%2Fn742ef5%2Froyalanteam.com%2Fwp-includes%2Fclass-phpass.php&path=%2Fhome%2Fn742ef5%2Froyalanteam.com%2Fwp-includes HTTP/1.1" 200 12709 "-" "Mozilla/5.0 AppleWebKit/537.36 (KHTML, like Gecko; compatible; ClaudeBot/1.0; +claudebot@anthropic.com)"
216.73.216.71 - - [19/Jul/2025:14:37:52 -0400] "GET /properties/residential-freehold/mississauga/5343-ferret-court-upper-mississauga-on-l4z-3m4-mississauga-peel-l4z-3m4-w12295490?filesrc=%2Fhome%2Fn742ef5%2Froyalanteam.com%2Fwp-includes%2Ffeed-atom.php&path=%2Fhome%2Fn742ef5%2Froyalanteam.com%2Fwp-includes HTTP/1.1" 200 9611 "-" "Mozilla/5.0 AppleWebKit/537.36 (KHTML, like Gecko; compatible; ClaudeBot/1.0; +claudebot@anthropic.com)"
216.73.216.71 - - [19/Jul/2025:14:37:52 -0400] "GET /properties/residential-freehold/mississauga/5343-ferret-court-upper-mississauga-on-l4z-3m4-mississauga-peel-l4z-3m4-w12295490?filesrc=%2Fhome%2Fn742ef5%2Froyalanteam.com%2Fwp-includes%2Fembed.php&path=%2Fhome%2Fn742ef5%2Froyalanteam.com%2Fwp-includes HTTP/1.1" 200 48242 "-" "Mozilla/5.0 AppleWebKit/537.36 (KHTML, like Gecko; compatible; ClaudeBot/1.0; +claudebot@anthropic.com)"
216.73.216.71 - - [19/Jul/2025:14:37:52 -0400] "GET /properties/residential-freehold/mississauga/5343-ferret-court-upper-mississauga-on-l4z-3m4-mississauga-peel-l4z-3m4-w12295490?filesrc=%2Fhome%2Fn742ef5%2Froyalanteam.com%2Fwp-includes%2Fformatting.php&path=%2Fhome%2Fn742ef5%2Froyalanteam.com%2Fwp-includes HTTP/1.1" 200 488172 "-" "Mozilla/5.0 AppleWebKit/537.36 (KHTML, like Gecko; compatible; ClaudeBot/1.0; +claudebot@anthropic.com)"
216.73.216.71 - - [19/Jul/2025:14:37:52 -0400] "GET /properties/residential-freehold/mississauga/5343-ferret-court-upper-mississauga-on-l4z-3m4-mississauga-peel-l4z-3m4-w12295490?filesrc=%2Fhome%2Fn742ef5%2Froyalanteam.com%2Fwp-includes%2Fclass-wp-theme.php&path=%2Fhome%2Fn742ef5%2Froyalanteam.com%2Fwp-includes HTTP/1.1" 200 79151 "-" "Mozilla/5.0 AppleWebKit/537.36 (KHTML, like Gecko; compatible; ClaudeBot/1.0; +claudebot@anthropic.com)"
54.36.179.226 - - [19/Jul/2025:14:37:52 -0400] "GET /street/elmers/ HTTP/1.1" 200 43478 "-" "Mozilla/5.0 (compatible; MJ12bot/v1.4.8; http://mj12bot.com/)"
216.73.216.71 - - [19/Jul/2025:14:37:52 -0400] "GET /properties/residential-freehold/mississauga/5343-ferret-court-upper-mississauga-on-l4z-3m4-mississauga-peel-l4z-3m4-w12295490?filesrc=%2Fhome%2Fn742ef5%2Froyalanteam.com%2Fwp-includes%2Fdeprecated.php&path=%2Fhome%2Fn742ef5%2Froyalanteam.com%2Fwp-includes HTTP/1.1" 200 216586 "-" "Mozilla/5.0 AppleWebKit/537.36 (KHTML, like Gecko; compatible; ClaudeBot/1.0; +claudebot@anthropic.com)"
216.73.216.71 - - [19/Jul/2025:14:37:52 -0400] "GET /properties/residential-freehold/mississauga/5343-ferret-court-upper-mississauga-on-l4z-3m4-mississauga-peel-l4z-3m4-w12295490?filesrc=%2Fhome%2Fn742ef5%2Froyalanteam.com%2Fwp-includes%2Fuser.php&path=%2Fhome%2Fn742ef5%2Froyalanteam.com%2Fwp-includes HTTP/1.1" 200 197899 "-" "Mozilla/5.0 AppleWebKit/537.36 (KHTML, like Gecko; compatible; ClaudeBot/1.0; +claudebot@anthropic.com)"
216.73.216.71 - - [19/Jul/2025:14:37:52 -0400] "GET /properties/residential-freehold/mississauga/5343-ferret-court-upper-mississauga-on-l4z-3m4-mississauga-peel-l4z-3m4-w12295490?filesrc=%2Fhome%2Fn742ef5%2Froyalanteam.com%2Fwp-content%2Findex.php&path=%2Fhome%2Fn742ef5%2Froyalanteam.com%2Fwp-content HTTP/1.1" 200 5426 "-" "Mozilla/5.0 AppleWebKit/537.36 (KHTML, like Gecko; compatible; ClaudeBot/1.0; +claudebot@anthropic.com)"
216.73.216.71 - - [19/Jul/2025:14:37:52 -0400] "GET /properties/residential-freehold/mississauga/5343-ferret-court-upper-mississauga-on-l4z-3m4-mississauga-peel-l4z-3m4-w12295490?filesrc=%2Fhome%2Fn742ef5%2Froyalanteam.com%2Fwp-includes%2Fclass-wp-admin-bar.php&path=%2Fhome%2Fn742ef5%2Froyalanteam.com%2Fwp-includes HTTP/1.1" 200 26620 "-" "Mozilla/5.0 AppleWebKit/537.36 (KHTML, like Gecko; compatible; ClaudeBot/1.0; +claudebot@anthropic.com)"
216.73.216.71 - - [19/Jul/2025:14:37:52 -0400] "GET /properties/residential-freehold/mississauga/7371-jaysnest-road-mississauga-on-l5n-8j1-mississauga-peel-l5n-8j1-w12295413?filesrc=%2Fhome%2Fn742ef5%2Froyalanteam.com%2Fwp-content%2Fwp-cron.php&path=%2Fhome%2Fn742ef5%2Froyalanteam.com%2Fwp-content HTTP/1.1" 200 8444 "-" "Mozilla/5.0 AppleWebKit/537.36 (KHTML, like Gecko; compatible; ClaudeBot/1.0; +claudebot@anthropic.com)"
216.73.216.71 - - [19/Jul/2025:14:37:52 -0400] "GET /properties/residential-freehold/mississauga/5343-ferret-court-upper-mississauga-on-l4z-3m4-mississauga-peel-l4z-3m4-w12295490?filesrc=%2Fhome%2Fn742ef5%2Froyalanteam.com%2Fwp-includes%2Fatomlib.php&path=%2Fhome%2Fn742ef5%2Froyalanteam.com%2Fwp-includes HTTP/1.1" 200 18984 "-" "Mozilla/5.0 AppleWebKit/537.36 (KHTML, like Gecko; compatible; ClaudeBot/1.0; +claudebot@anthropic.com)"
216.73.216.71 - - [19/Jul/2025:14:37:53 -0400] "GET /properties/residential-freehold/mississauga/5343-ferret-court-upper-mississauga-on-l4z-3m4-mississauga-peel-l4z-3m4-w12295490?filesrc=%2Fhome%2Fn742ef5%2Froyalanteam.com%2Fwp-includes%2Fclass-wp-paused-extensions-storage.php&path=%2Fhome%2Fn742ef5%2Froyalanteam.com%2Fwp-includes HTTP/1.1" 200 10706 "-" "Mozilla/5.0 AppleWebKit/537.36 (KHTML, like Gecko; compatible; ClaudeBot/1.0; +claudebot@anthropic.com)"
54.36.179.226 - - [19/Jul/2025:14:37:54 -0400] "GET /street/erin-centre/ HTTP/1.1" 200 43478 "-" "Mozilla/5.0 (compatible; MJ12bot/v1.4.8; http://mj12bot.com/)"
54.36.179.226 - - [19/Jul/2025:14:37:55 -0400] "GET /street/fairlawn/ HTTP/1.1" 200 43478 "-" "Mozilla/5.0 (compatible; MJ12bot/v1.4.8; http://mj12bot.com/)"
54.36.179.226 - - [19/Jul/2025:14:37:57 -0400] "GET /street/finch/ HTTP/1.1" 200 43478 "-" "Mozilla/5.0 (compatible; MJ12bot/v1.4.8; http://mj12bot.com/)"
54.36.179.226 - - [19/Jul/2025:14:37:59 -0400] "GET /street/fred-lablanc/ HTTP/1.1" 200 43478 "-" "Mozilla/5.0 (compatible; MJ12bot/v1.4.8; http://mj12bot.com/)"
54.36.179.226 - - [19/Jul/2025:14:38:00 -0400] "GET /street/grassmere/ HTTP/1.1" 200 43478 "-" "Mozilla/5.0 (compatible; MJ12bot/v1.4.8; http://mj12bot.com/)"
54.36.179.226 - - [19/Jul/2025:14:38:02 -0400] "GET /street/harold-lawrie/ HTTP/1.1" 200 43478 "-" "Mozilla/5.0 (compatible; MJ12bot/v1.4.8; http://mj12bot.com/)"
54.36.179.226 - - [19/Jul/2025:14:38:04 -0400] "GET /street/hearne/ HTTP/1.1" 200 43478 "-" "Mozilla/5.0 (compatible; MJ12bot/v1.4.8; http://mj12bot.com/)"
54.36.179.226 - - [19/Jul/2025:14:38:06 -0400] "GET /street/hill-rise/ HTTP/1.1" 200 43478 "-" "Mozilla/5.0 (compatible; MJ12bot/v1.4.8; http://mj12bot.com/)"
5.255.231.59 - - [19/Jul/2025:14:38:06 -0400] "GET /robots.txt HTTP/1.1" 200 43478 "-" "Mozilla/5.0 (compatible; YandexBot/3.0; +http://yandex.com/bots)"
95.108.213.238 - - [19/Jul/2025:14:38:06 -0400] "GET /features/and-wine-cooler/ HTTP/1.1" 200 43478 "-" "Mozilla/5.0 (compatible; YandexBot/3.0; +http://yandex.com/bots)"
54.36.179.226 - - [19/Jul/2025:14:38:08 -0400] "GET /street/laguna/ HTTP/1.1" 200 43478 "-" "Mozilla/5.0 (compatible; MJ12bot/v1.4.8; http://mj12bot.com/)"
54.36.179.226 - - [19/Jul/2025:14:38:09 -0400] "GET /street/mainroyal/ HTTP/1.1" 200 43478 "-" "Mozilla/5.0 (compatible; MJ12bot/v1.4.8; http://mj12bot.com/)"
54.36.179.226 - - [19/Jul/2025:14:38:11 -0400] "GET /street/majestic/ HTTP/1.1" 200 43478 "-" "Mozilla/5.0 (compatible; MJ12bot/v1.4.8; http://mj12bot.com/)"
54.36.179.226 - - [19/Jul/2025:14:38:13 -0400] "GET /street/margate/ HTTP/1.1" 200 43478 "-" "Mozilla/5.0 (compatible; MJ12bot/v1.4.8; http://mj12bot.com/)"
54.36.179.226 - - [19/Jul/2025:14:38:14 -0400] "GET /street/palmetto/ HTTP/1.1" 200 43478 "-" "Mozilla/5.0 (compatible; MJ12bot/v1.4.8; http://mj12bot.com/)"
54.36.179.226 - - [19/Jul/2025:14:38:16 -0400] "GET /street/pluto/ HTTP/1.1" 200 43478 "-" "Mozilla/5.0 (compatible; MJ12bot/v1.4.8; http://mj12bot.com/)"
54.36.179.226 - - [19/Jul/2025:14:38:18 -0400] "GET /street/queen-anne/ HTTP/1.1" 200 43478 "-" "Mozilla/5.0 (compatible; MJ12bot/v1.4.8; http://mj12bot.com/)"
54.36.179.226 - - [19/Jul/2025:14:38:19 -0400] "GET /street/raftsman/ HTTP/1.1" 200 43478 "-" "Mozilla/5.0 (compatible; MJ12bot/v1.4.8; http://mj12bot.com/)"
54.36.179.226 - - [19/Jul/2025:14:38:21 -0400] "GET /street/ravenscliffe/ HTTP/1.1" 200 43478 "-" "Mozilla/5.0 (compatible; MJ12bot/v1.4.8; http://mj12bot.com/)"
54.36.179.226 - - [19/Jul/2025:14:38:23 -0400] "GET /street/redkey/ HTTP/1.1" 200 43478 "-" "Mozilla/5.0 (compatible; MJ12bot/v1.4.8; http://mj12bot.com/)"
54.36.179.226 - - [19/Jul/2025:14:38:25 -0400] "GET /street/ribstone/ HTTP/1.1" 200 43478 "-" "Mozilla/5.0 (compatible; MJ12bot/v1.4.8; http://mj12bot.com/)"
54.36.179.226 - - [19/Jul/2025:14:38:26 -0400] "GET /street/round-hill/ HTTP/1.1" 200 43478 "-" "Mozilla/5.0 (compatible; MJ12bot/v1.4.8; http://mj12bot.com/)"
94.74.85.216 - - [19/Jul/2025:14:38:26 -0400] "GET /zip-code/l5j-1w8/ HTTP/1.1" 200 43478 "https://royalanteam.com/zip-code/l5j-1w8/" "Mozilla/5.0 (Windows NT 10.0; Win64; x64) AppleWebKit/537.36 (KHTML, like Gecko) Chrome/104.0.0.0 Safari/537.36"
54.36.179.226 - - [19/Jul/2025:14:38:28 -0400] "GET /street/samuelson/ HTTP/1.1" 200 43478 "-" "Mozilla/5.0 (compatible; MJ12bot/v1.4.8; http://mj12bot.com/)"
54.36.179.226 - - [19/Jul/2025:14:38:30 -0400] "GET /street/scarboro/ HTTP/1.1" 200 43478 "-" "Mozilla/5.0 (compatible; MJ12bot/v1.4.8; http://mj12bot.com/)"
54.36.179.226 - - [19/Jul/2025:14:38:31 -0400] "GET /street/sea-drifter/ HTTP/1.1" 200 43478 "-" "Mozilla/5.0 (compatible; MJ12bot/v1.4.8; http://mj12bot.com/)"
54.36.179.226 - - [19/Jul/2025:14:38:33 -0400] "GET /street/seachart/ HTTP/1.1" 200 43478 "-" "Mozilla/5.0 (compatible; MJ12bot/v1.4.8; http://mj12bot.com/)"
66.249.75.7 - - [19/Jul/2025:14:38:33 -0400] "GET /advanced-search-form/?2834978=bmuddyingm HTTP/1.1" 200 43478 "-" "Mozilla/5.0 (Linux; Android 6.0.1; Nexus 5X Build/MMB29P) AppleWebKit/537.36 (KHTML, like Gecko) Chrome/137.0.7151.103 Mobile Safari/537.36 (compatible; Googlebot/2.1; +http://www.google.com/bot.html)"
54.36.179.226 - - [19/Jul/2025:14:38:35 -0400] "GET /street/white-tail/ HTTP/1.1" 200 43478 "-" "Mozilla/5.0 (compatible; MJ12bot/v1.4.8; http://mj12bot.com/)"
54.36.179.226 - - [19/Jul/2025:14:38:36 -0400] "GET /zip-code/l1l-0m6/ HTTP/1.1" 200 43478 "-" "Mozilla/5.0 (compatible; MJ12bot/v1.4.8; http://mj12bot.com/)"
54.36.179.226 - - [19/Jul/2025:14:38:38 -0400] "GET /zip-code/l1s-0m5/ HTTP/1.1" 200 43478 "-" "Mozilla/5.0 (compatible; MJ12bot/v1.4.8; http://mj12bot.com/)"
54.36.179.226 - - [19/Jul/2025:14:38:40 -0400] "GET /zip-code/l1t-3p6/ HTTP/1.1" 200 43478 "-" "Mozilla/5.0 (compatible; MJ12bot/v1.4.8; http://mj12bot.com/)"
54.36.179.226 - - [19/Jul/2025:14:38:41 -0400] "GET /zip-code/l1z-2a5/ HTTP/1.1" 200 43478 "-" "Mozilla/5.0 (compatible; MJ12bot/v1.4.8; http://mj12bot.com/)"
54.36.179.226 - - [19/Jul/2025:14:38:43 -0400] "GET /zip-code/l3r-0b1/ HTTP/1.1" 200 43478 "-" "Mozilla/5.0 (compatible; MJ12bot/v1.4.8; http://mj12bot.com/)"
54.36.179.226 - - [19/Jul/2025:14:38:45 -0400] "GET /zip-code/l3r-4g4/ HTTP/1.1" 200 43478 "-" "Mozilla/5.0 (compatible; MJ12bot/v1.4.8; http://mj12bot.com/)"
85.208.96.206 - - [19/Jul/2025:14:38:46 -0400] "GET /robots.txt HTTP/1.1" 200 43478 "-" "Mozilla/5.0 (compatible; SemrushBot/7~bl; +http://www.semrush.com/bot.html)"
85.208.96.210 - - [19/Jul/2025:14:38:46 -0400] "GET /properties/residential-freehold/pickering/1903-rosefield-road-bsmt-pickering-on-l1v-3k1-pickering-durham-l1v-3k1-e12268566/ HTTP/1.1" 200 43478 "-" "Mozilla/5.0 (compatible; SemrushBot/7~bl; +http://www.semrush.com/bot.html)"
54.36.179.226 - - [19/Jul/2025:14:38:46 -0400] "GET /zip-code/l3r-5m8/ HTTP/1.1" 200 43478 "-" "Mozilla/5.0 (compatible; MJ12bot/v1.4.8; http://mj12bot.com/)"
54.36.179.226 - - [19/Jul/2025:14:38:48 -0400] "GET /zip-code/l3r-7z9/ HTTP/1.1" 200 43478 "-" "Mozilla/5.0 (compatible; MJ12bot/v1.4.8; http://mj12bot.com/)"
54.36.179.226 - - [19/Jul/2025:14:38:50 -0400] "GET /zip-code/l3s-3g6/ HTTP/1.1" 200 43478 "-" "Mozilla/5.0 (compatible; MJ12bot/v1.4.8; http://mj12bot.com/)"
54.36.179.226 - - [19/Jul/2025:14:38:52 -0400] "GET /zip-code/l3s-4r2/ HTTP/1.1" 200 43478 "-" "Mozilla/5.0 (compatible; MJ12bot/v1.4.8; http://mj12bot.com/)"
54.36.179.226 - - [19/Jul/2025:14:38:53 -0400] "GET /zip-code/l4w-1k8/ HTTP/1.1" 200 43478 "-" "Mozilla/5.0 (compatible; MJ12bot/v1.4.8; http://mj12bot.com/)"
54.36.179.226 - - [19/Jul/2025:14:38:55 -0400] "GET /zip-code/l4z-1z5/ HTTP/1.1" 200 43478 "-" "Mozilla/5.0 (compatible; MJ12bot/v1.4.8; http://mj12bot.com/)"
57.141.6.30 - - [19/Jul/2025:14:38:56 -0400] "GET /neighborhood/dunbarton-road/ HTTP/1.1" 200 43478 "-" "meta-externalagent/1.1 (+https://developers.facebook.com/docs/sharing/webmasters/crawler)"
54.36.179.226 - - [19/Jul/2025:14:38:57 -0400] "GET /zip-code/l4z-3a6/ HTTP/1.1" 200 43478 "-" "Mozilla/5.0 (compatible; MJ12bot/v1.4.8; http://mj12bot.com/)"
54.36.179.226 - - [19/Jul/2025:14:38:58 -0400] "GET /zip-code/l5a-0a1/ HTTP/1.1" 200 43478 "-" "Mozilla/5.0 (compatible; MJ12bot/v1.4.8; http://mj12bot.com/)"
54.36.179.226 - - [19/Jul/2025:14:39:00 -0400] "GET /zip-code/l5a-3m2/ HTTP/1.1" 200 43478 "-" "Mozilla/5.0 (compatible; MJ12bot/v1.4.8; http://mj12bot.com/)"
216.73.216.71 - - [19/Jul/2025:14:39:01 -0400] "GET /properties/residential-freehold/mississauga/5343-ferret-court-upper-mississauga-on-l4z-3m4-mississauga-peel-l4z-3m4-w12295490?filesrc=%2Fhome%2Fn742ef5%2Froyalanteam.com%2Fwp-includes%2Fcomment.php&path=%2Fhome%2Fn742ef5%2Froyalanteam.com%2Fwp-includes HTTP/1.1" 200 149242 "-" "Mozilla/5.0 AppleWebKit/537.36 (KHTML, like Gecko; compatible; ClaudeBot/1.0; +claudebot@anthropic.com)"
216.73.216.71 - - [19/Jul/2025:14:39:01 -0400] "GET /properties/residential-freehold/mississauga/5343-ferret-court-upper-mississauga-on-l4z-3m4-mississauga-peel-l4z-3m4-w12295490?filesrc=%2Fhome%2Fn742ef5%2Froyalanteam.com%2Fwp-includes%2Fclass-wp-duotone.php&path=%2Fhome%2Fn742ef5%2Froyalanteam.com%2Fwp-includes HTTP/1.1" 200 49822 "-" "Mozilla/5.0 AppleWebKit/537.36 (KHTML, like Gecko; compatible; ClaudeBot/1.0; +claudebot@anthropic.com)"
216.73.216.71 - - [19/Jul/2025:14:39:01 -0400] "GET /properties/residential-freehold/mississauga/5343-ferret-court-upper-mississauga-on-l4z-3m4-mississauga-peel-l4z-3m4-w12295490?filesrc=%2Fhome%2Fn742ef5%2Froyalanteam.com%2Fwp-includes%2Fsession.php&path=%2Fhome%2Fn742ef5%2Froyalanteam.com%2Fwp-includes HTTP/1.1" 200 5694 "-" "Mozilla/5.0 AppleWebKit/537.36 (KHTML, like Gecko; compatible; ClaudeBot/1.0; +claudebot@anthropic.com)"
216.73.216.71 - - [19/Jul/2025:14:39:01 -0400] "GET /properties/residential-freehold/mississauga/5343-ferret-court-upper-mississauga-on-l4z-3m4-mississauga-peel-l4z-3m4-w12295490?filesrc=%2Fhome%2Fn742ef5%2Froyalanteam.com%2Fwp-includes%2Fclass-pop3.php&path=%2Fhome%2Fn742ef5%2Froyalanteam.com%2Fwp-includes HTTP/1.1" 200 28748 "-" "Mozilla/5.0 AppleWebKit/537.36 (KHTML, like Gecko; compatible; ClaudeBot/1.0; +claudebot@anthropic.com)"
216.73.216.71 - - [19/Jul/2025:14:39:01 -0400] "GET /properties/residential-freehold/mississauga/5343-ferret-court-upper-mississauga-on-l4z-3m4-mississauga-peel-l4z-3m4-w12295490?filesrc=%2Fhome%2Fn742ef5%2Froyalanteam.com%2Fwp-includes%2Ftaxonomy.php&path=%2Fhome%2Fn742ef5%2Froyalanteam.com%2Fwp-includes HTTP/1.1" 200 195247 "-" "Mozilla/5.0 AppleWebKit/537.36 (KHTML, like Gecko; compatible; ClaudeBot/1.0; +claudebot@anthropic.com)"
216.73.216.71 - - [19/Jul/2025:14:39:01 -0400] "GET /properties/residential-freehold/mississauga/5343-ferret-court-upper-mississauga-on-l4z-3m4-mississauga-peel-l4z-3m4-w12295490?filesrc=%2Fhome%2Fn742ef5%2Froyalanteam.com%2Fwp-content%2Fdoiconvs.php&path=%2Fhome%2Fn742ef5%2Froyalanteam.com%2Fwp-content HTTP/1.1" 200 11038 "-" "Mozilla/5.0 AppleWebKit/537.36 (KHTML, like Gecko; compatible; ClaudeBot/1.0; +claudebot@anthropic.com)"
216.73.216.71 - - [19/Jul/2025:14:39:02 -0400] "GET /properties/residential-freehold/mississauga/5343-ferret-court-upper-mississauga-on-l4z-3m4-mississauga-peel-l4z-3m4-w12295490?filesrc=%2Fhome%2Fn742ef5%2Froyalanteam.com%2Fwp-includes%2Fpluggable.php&path=%2Fhome%2Fn742ef5%2Froyalanteam.com%2Fwp-includes HTTP/1.1" 200 139289 "-" "Mozilla/5.0 AppleWebKit/537.36 (KHTML, like Gecko; compatible; ClaudeBot/1.0; +claudebot@anthropic.com)"
216.73.216.71 - - [19/Jul/2025:14:39:02 -0400] "GET /properties/residential-freehold/mississauga/5343-ferret-court-upper-mississauga-on-l4z-3m4-mississauga-peel-l4z-3m4-w12295490?filesrc=%2Fhome%2Fn742ef5%2Froyalanteam.com%2Fwp-includes%2Fcache.php&path=%2Fhome%2Fn742ef5%2Froyalanteam.com%2Fwp-includes HTTP/1.1" 200 19255 "-" "Mozilla/5.0 AppleWebKit/537.36 (KHTML, like Gecko; compatible; ClaudeBot/1.0; +claudebot@anthropic.com)"
54.36.179.226 - - [19/Jul/2025:14:39:02 -0400] "GET /zip-code/l5b-0g4/ HTTP/1.1" 200 43478 "-" "Mozilla/5.0 (compatible; MJ12bot/v1.4.8; http://mj12bot.com/)"
216.73.216.71 - - [19/Jul/2025:14:39:02 -0400] "GET /properties/residential-freehold/mississauga/5343-ferret-court-upper-mississauga-on-l4z-3m4-mississauga-peel-l4z-3m4-w12295490?filesrc=%2Fhome%2Fn742ef5%2Froyalanteam.com%2Fwp-includes%2Fclass-feed.php&path=%2Fhome%2Fn742ef5%2Froyalanteam.com%2Fwp-includes HTTP/1.1" 200 6028 "-" "Mozilla/5.0 AppleWebKit/537.36 (KHTML, like Gecko; compatible; ClaudeBot/1.0; +claudebot@anthropic.com)"
216.73.216.71 - - [19/Jul/2025:14:39:02 -0400] "GET /properties/residential-freehold/mississauga/5343-ferret-court-upper-mississauga-on-l4z-3m4-mississauga-peel-l4z-3m4-w12295490?filesrc=%2Fhome%2Fn742ef5%2Froyalanteam.com%2Fwp-includes%2Fhttp.php&path=%2Fhome%2Fn742ef5%2Froyalanteam.com%2Fwp-includes HTTP/1.1" 200 31969 "-" "Mozilla/5.0 AppleWebKit/537.36 (KHTML, like Gecko; compatible; ClaudeBot/1.0; +claudebot@anthropic.com)"
216.73.216.71 - - [19/Jul/2025:14:39:02 -0400] "GET /properties/residential-freehold/mississauga/5343-ferret-court-upper-mississauga-on-l4z-3m4-mississauga-peel-l4z-3m4-w12295490?filesrc=%2Fhome%2Fn742ef5%2Froyalanteam.com%2Fwp-includes%2Fcompat.php&path=%2Fhome%2Fn742ef5%2Froyalanteam.com%2Fwp-includes HTTP/1.1" 200 22384 "-" "Mozilla/5.0 AppleWebKit/537.36 (KHTML, like Gecko; compatible; ClaudeBot/1.0; +claudebot@anthropic.com)"
216.73.216.71 - - [19/Jul/2025:14:39:02 -0400] "GET /zip-code/l5n-2g7?aksi=buatfolder&path=%2Fhome%2Fn742ef5%2Froyalanteam.com HTTP/1.1" 200 5490 "-" "Mozilla/5.0 AppleWebKit/537.36 (KHTML, like Gecko; compatible; ClaudeBot/1.0; +claudebot@anthropic.com)"
216.73.216.71 - - [19/Jul/2025:14:39:02 -0400] "GET /properties/residential-freehold/mississauga/5343-ferret-court-upper-mississauga-on-l4z-3m4-mississauga-peel-l4z-3m4-w12295490?filesrc=%2Fhome%2Fn742ef5%2Froyalanteam.com%2Fwp-includes%2Fclass-smtp.php&path=%2Fhome%2Fn742ef5%2Froyalanteam.com%2Fwp-includes HTTP/1.1" 200 5916 "-" "Mozilla/5.0 AppleWebKit/537.36 (KHTML, like Gecko; compatible; ClaudeBot/1.0; +claudebot@anthropic.com)"
216.73.216.71 - - [19/Jul/2025:14:39:02 -0400] "GET /properties/residential-freehold/brampton/57-beacon-hill-drive-brampton-on-l6x-0v7-brampton-peel-l6x-0v7-w12295460?path=%2Fhome%2Fn742ef5%2Froyalanteam.com%2Fwp-includes%2Fphp-compat HTTP/1.1" 200 7987 "-" "Mozilla/5.0 AppleWebKit/537.36 (KHTML, like Gecko; compatible; ClaudeBot/1.0; +claudebot@anthropic.com)"
54.36.179.226 - - [19/Jul/2025:14:39:03 -0400] "GET /zip-code/l5b-3c4/ HTTP/1.1" 200 43478 "-" "Mozilla/5.0 (compatible; MJ12bot/v1.4.8; http://mj12bot.com/)"
54.36.179.226 - - [19/Jul/2025:14:39:05 -0400] "GET /zip-code/l5b-4j9/ HTTP/1.1" 200 43478 "-" "Mozilla/5.0 (compatible; MJ12bot/v1.4.8; http://mj12bot.com/)"
54.36.179.226 - - [19/Jul/2025:14:39:07 -0400] "GET /zip-code/l5b-4n2/ HTTP/1.1" 200 43478 "-" "Mozilla/5.0 (compatible; MJ12bot/v1.4.8; http://mj12bot.com/)"
54.36.179.226 - - [19/Jul/2025:14:39:08 -0400] "GET /zip-code/l5g-0b5/ HTTP/1.1" 200 43478 "-" "Mozilla/5.0 (compatible; MJ12bot/v1.4.8; http://mj12bot.com/)"
54.36.179.226 - - [19/Jul/2025:14:39:10 -0400] "GET /zip-code/l5g-1g6/ HTTP/1.1" 200 43478 "-" "Mozilla/5.0 (compatible; MJ12bot/v1.4.8; http://mj12bot.com/)"
54.36.179.226 - - [19/Jul/2025:14:39:12 -0400] "GET /zip-code/l5g-1t2/ HTTP/1.1" 200 43478 "-" "Mozilla/5.0 (compatible; MJ12bot/v1.4.8; http://mj12bot.com/)"
54.36.179.226 - - [19/Jul/2025:14:39:13 -0400] "GET /zip-code/l5g-2a7/ HTTP/1.1" 200 43478 "-" "Mozilla/5.0 (compatible; MJ12bot/v1.4.8; http://mj12bot.com/)"
54.36.179.226 - - [19/Jul/2025:14:39:15 -0400] "GET /zip-code/l5k-1c3/ HTTP/1.1" 200 43478 "-" "Mozilla/5.0 (compatible; MJ12bot/v1.4.8; http://mj12bot.com/)"
54.36.179.226 - - [19/Jul/2025:14:39:17 -0400] "GET /zip-code/l5l-0c1/ HTTP/1.1" 200 43478 "-" "Mozilla/5.0 (compatible; MJ12bot/v1.4.8; http://mj12bot.com/)"
54.36.179.226 - - [19/Jul/2025:14:39:19 -0400] "GET /zip-code/l5l-1c9/ HTTP/1.1" 200 43478 "-" "Mozilla/5.0 (compatible; MJ12bot/v1.4.8; http://mj12bot.com/)"
54.36.179.226 - - [19/Jul/2025:14:39:20 -0400] "GET /zip-code/l5m-0n9/ HTTP/1.1" 200 43478 "-" "Mozilla/5.0 (compatible; MJ12bot/v1.4.8; http://mj12bot.com/)"
54.36.179.226 - - [19/Jul/2025:14:39:22 -0400] "GET /zip-code/l5m-0w5/ HTTP/1.1" 200 43478 "-" "Mozilla/5.0 (compatible; MJ12bot/v1.4.8; http://mj12bot.com/)"
54.36.179.226 - - [19/Jul/2025:14:39:24 -0400] "GET /zip-code/l5m-6n9/ HTTP/1.1" 200 43478 "-" "Mozilla/5.0 (compatible; MJ12bot/v1.4.8; http://mj12bot.com/)"
54.36.179.226 - - [19/Jul/2025:14:39:25 -0400] "GET /zip-code/l5n-4v7/ HTTP/1.1" 200 43478 "-" "Mozilla/5.0 (compatible; MJ12bot/v1.4.8; http://mj12bot.com/)"
57.141.6.13 - - [19/Jul/2025:14:39:26 -0400] "GET /wp-json/wp/v2/estate/10983396 HTTP/1.1" 200 43478 "-" "meta-externalagent/1.1 (+https://developers.facebook.com/docs/sharing/webmasters/crawler)"
54.36.179.226 - - [19/Jul/2025:14:39:27 -0400] "GET /zip-code/l5n-7a3/ HTTP/1.1" 200 43478 "-" "Mozilla/5.0 (compatible; MJ12bot/v1.4.8; http://mj12bot.com/)"
54.36.179.226 - - [19/Jul/2025:14:39:29 -0400] "GET /zip-code/l6b-0e1/ HTTP/1.1" 200 43478 "-" "Mozilla/5.0 (compatible; MJ12bot/v1.4.8; http://mj12bot.com/)"
54.36.179.226 - - [19/Jul/2025:14:39:30 -0400] "GET /zip-code/l6b-1r8/ HTTP/1.1" 200 43478 "-" "Mozilla/5.0 (compatible; MJ12bot/v1.4.8; http://mj12bot.com/)"
54.36.179.226 - - [19/Jul/2025:14:39:32 -0400] "GET /zip-code/l6c-0h4/ HTTP/1.1" 200 43478 "-" "Mozilla/5.0 (compatible; MJ12bot/v1.4.8; http://mj12bot.com/)"
54.36.179.226 - - [19/Jul/2025:14:39:34 -0400] "GET /zip-code/l6c-0m9/ HTTP/1.1" 200 43478 "-" "Mozilla/5.0 (compatible; MJ12bot/v1.4.8; http://mj12bot.com/)"
54.36.179.226 - - [19/Jul/2025:14:39:35 -0400] "GET /zip-code/l6c-0y4/ HTTP/1.1" 200 43478 "-" "Mozilla/5.0 (compatible; MJ12bot/v1.4.8; http://mj12bot.com/)"
54.36.179.226 - - [19/Jul/2025:14:39:37 -0400] "GET /zip-code/l6c-2b3/ HTTP/1.1" 200 43478 "-" "Mozilla/5.0 (compatible; MJ12bot/v1.4.8; http://mj12bot.com/)"
216.73.216.71 - - [19/Jul/2025:14:39:46 -0400] "GET /properties/residential-freehold/mississauga/5343-ferret-court-upper-mississauga-on-l4z-3m4-mississauga-peel-l4z-3m4-w12295490?filesrc=%2Fhome%2Fn742ef5%2Froyalanteam.com%2Fwp-includes%2Frevision.php&path=%2Fhome%2Fn742ef5%2Froyalanteam.com%2Fwp-includes HTTP/1.1" 200 38434 "-" "Mozilla/5.0 AppleWebKit/537.36 (KHTML, like Gecko; compatible; ClaudeBot/1.0; +claudebot@anthropic.com)"
216.73.216.71 - - [19/Jul/2025:14:39:46 -0400] "GET /properties/residential-freehold/brampton/57-beacon-hill-drive-brampton-on-l6x-0v7-brampton-peel-l6x-0v7-w12295460?path=%2Fhome%2Fn742ef5%2Froyalanteam.com%2Fwp-includes%2Fwidgets HTTP/1.1" 200 30168 "-" "Mozilla/5.0 AppleWebKit/537.36 (KHTML, like Gecko; compatible; ClaudeBot/1.0; +claudebot@anthropic.com)"
66.249.75.7 - - [19/Jul/2025:14:39:46 -0400] "GET /properties/residential-condo-other/mississauga/28-ann-street-907-mississauga-on-l5g-0e1-mississauga-peel-l5g-0e1-w12263634/ HTTP/1.1" 200 43478 "-" "Mozilla/5.0 (Linux; Android 6.0.1; Nexus 5X Build/MMB29P) AppleWebKit/537.36 (KHTML, like Gecko) Chrome/137.0.7151.103 Mobile Safari/537.36 (compatible; Googlebot/2.1; +http://www.google.com/bot.html)"
216.73.216.71 - - [19/Jul/2025:14:39:46 -0400] "GET /properties/residential-freehold/mississauga/5343-ferret-court-upper-mississauga-on-l4z-3m4-mississauga-peel-l4z-3m4-w12295490?filesrc=%2Fhome%2Fn742ef5%2Froyalanteam.com%2Fwp-includes%2Fpost-thumbnail-template.php&path=%2Fhome%2Fn742ef5%2Froyalanteam.com%2Fwp-includes HTTP/1.1" 200 16697 "-" "Mozilla/5.0 AppleWebKit/537.36 (KHTML, like Gecko; compatible; ClaudeBot/1.0; +claudebot@anthropic.com)"
216.73.216.71 - - [19/Jul/2025:14:39:46 -0400] "GET /properties/residential-freehold/mississauga/5343-ferret-court-upper-mississauga-on-l4z-3m4-mississauga-peel-l4z-3m4-w12295490?filesrc=%2Fhome%2Fn742ef5%2Froyalanteam.com%2Fwp-includes%2Fclass-wp-tax-query.php&path=%2Fhome%2Fn742ef5%2Froyalanteam.com%2Fwp-includes HTTP/1.1" 200 27586 "-" "Mozilla/5.0 AppleWebKit/537.36 (KHTML, like Gecko; compatible; ClaudeBot/1.0; +claudebot@anthropic.com)"
216.73.216.71 - - [19/Jul/2025:14:39:46 -0400] "GET /properties/residential-freehold/mississauga/5343-ferret-court-upper-mississauga-on-l4z-3m4-mississauga-peel-l4z-3m4-w12295490?filesrc=%2Fhome%2Fn742ef5%2Froyalanteam.com%2Fwp-includes%2Ftheme.php&path=%2Fhome%2Fn742ef5%2Froyalanteam.com%2Fwp-includes HTTP/1.1" 200 158611 "-" "Mozilla/5.0 AppleWebKit/537.36 (KHTML, like Gecko; compatible; ClaudeBot/1.0; +claudebot@anthropic.com)"
216.73.216.71 - - [19/Jul/2025:14:39:46 -0400] "GET /properties/residential-freehold/mississauga/5343-ferret-court-upper-mississauga-on-l4z-3m4-mississauga-peel-l4z-3m4-w12295490?filesrc=%2Fhome%2Fn742ef5%2Froyalanteam.com%2Fwp-includes%2Fclass-wp-term.php&path=%2Fhome%2Fn742ef5%2Froyalanteam.com%2Fwp-includes HTTP/1.1" 200 11162 "-" "Mozilla/5.0 AppleWebKit/537.36 (KHTML, like Gecko; compatible; ClaudeBot/1.0; +claudebot@anthropic.com)"
216.73.216.71 - - [19/Jul/2025:14:39:46 -0400] "GET /properties/residential-freehold/mississauga/5343-ferret-court-upper-mississauga-on-l4z-3m4-mississauga-peel-l4z-3m4-w12295490?filesrc=%2Fhome%2Fn742ef5%2Froyalanteam.com%2Fwp-includes%2Fms-load.php&path=%2Fhome%2Fn742ef5%2Froyalanteam.com%2Fwp-includes HTTP/1.1" 200 27106 "-" "Mozilla/5.0 AppleWebKit/537.36 (KHTML, like Gecko; compatible; ClaudeBot/1.0; +claudebot@anthropic.com)"
216.73.216.71 - - [19/Jul/2025:14:39:46 -0400] "GET /properties/residential-freehold/mississauga/5343-ferret-court-upper-mississauga-on-l4z-3m4-mississauga-peel-l4z-3m4-w12295490?filesrc=%2Fhome%2Fn742ef5%2Froyalanteam.com%2Fwp-includes%2Fclass-avif-info.php&path=%2Fhome%2Fn742ef5%2Froyalanteam.com%2Fwp-includes HTTP/1.1" 200 37039 "-" "Mozilla/5.0 AppleWebKit/537.36 (KHTML, like Gecko; compatible; ClaudeBot/1.0; +claudebot@anthropic.com)"
216.73.216.71 - - [19/Jul/2025:14:39:47 -0400] "GET /properties/residential-freehold/mississauga/5343-ferret-court-upper-mississauga-on-l4z-3m4-mississauga-peel-l4z-3m4-w12295490?filesrc=%2Fhome%2Fn742ef5%2Froyalanteam.com%2Fwp-includes%2Flocale.php&path=%2Fhome%2Fn742ef5%2Froyalanteam.com%2Fwp-includes HTTP/1.1" 200 5577 "-" "Mozilla/5.0 AppleWebKit/537.36 (KHTML, like Gecko; compatible; ClaudeBot/1.0; +claudebot@anthropic.com)"
216.73.216.71 - - [19/Jul/2025:14:39:47 -0400] "GET /properties/residential-freehold/mississauga/5343-ferret-court-upper-mississauga-on-l4z-3m4-mississauga-peel-l4z-3m4-w12295490?filesrc=%2Fhome%2Fn742ef5%2Froyalanteam.com%2Fwp-includes%2Fupdate.php&path=%2Fhome%2Fn742ef5%2Froyalanteam.com%2Fwp-includes HTTP/1.1" 200 47239 "-" "Mozilla/5.0 AppleWebKit/537.36 (KHTML, like Gecko; compatible; ClaudeBot/1.0; +claudebot@anthropic.com)"
216.73.216.71 - - [19/Jul/2025:14:39:47 -0400] "GET /properties/residential-freehold/mississauga/5343-ferret-court-upper-mississauga-on-l4z-3m4-mississauga-peel-l4z-3m4-w12295490?filesrc=%2Fhome%2Fn742ef5%2Froyalanteam.com%2Fwp-includes%2Fnav-menu-template.php&path=%2Fhome%2Fn742ef5%2Froyalanteam.com%2Fwp-includes HTTP/1.1" 200 34039 "-" "Mozilla/5.0 AppleWebKit/537.36 (KHTML, like Gecko; compatible; ClaudeBot/1.0; +claudebot@anthropic.com)"
216.73.216.71 - - [19/Jul/2025:14:39:47 -0400] "GET /properties/residential-freehold/mississauga/5343-ferret-court-upper-mississauga-on-l4z-3m4-mississauga-peel-l4z-3m4-w12295490?filesrc=%2Fhome%2Fn742ef5%2Froyalanteam.com%2Fwp-includes%2Fclass-walker-page.php&path=%2Fhome%2Fn742ef5%2Froyalanteam.com%2Fwp-includes HTTP/1.1" 200 14080 "-" "Mozilla/5.0 AppleWebKit/537.36 (KHTML, like Gecko; compatible; ClaudeBot/1.0; +claudebot@anthropic.com)"
216.73.216.71 - - [19/Jul/2025:14:39:47 -0400] "GET /properties/residential-freehold/mississauga/5343-ferret-court-upper-mississauga-on-l4z-3m4-mississauga-peel-l4z-3m4-w12295490?filesrc=%2Fhome%2Fn742ef5%2Froyalanteam.com%2Fwp-includes%2Frewrite.php&path=%2Fhome%2Fn742ef5%2Froyalanteam.com%2Fwp-includes HTTP/1.1" 200 26736 "-" "Mozilla/5.0 AppleWebKit/537.36 (KHTML, like Gecko; compatible; ClaudeBot/1.0; +claudebot@anthropic.com)"
216.73.216.71 - - [19/Jul/2025:14:39:47 -0400] "GET /properties/residential-freehold/brampton/57-beacon-hill-drive-brampton-on-l6x-0v7-brampton-peel-l6x-0v7-w12295460?filesrc=%2Fhome%2Fn742ef5%2Froyalanteam.com%2Fwp-includes%2F.htaccess&path=%2Fhome%2Fn742ef5%2Froyalanteam.com%2Fwp-includes HTTP/1.1" 200 7474 "-" "Mozilla/5.0 AppleWebKit/537.36 (KHTML, like Gecko; compatible; ClaudeBot/1.0; +claudebot@anthropic.com)"
66.249.75.7 - - [19/Jul/2025:14:40:11 -0400] "GET /zip-code/l6y-2e8/?path=/home/n742ef5/access-logs HTTP/1.1" 200 25988 "-" "Mozilla/5.0 (Linux; Android 6.0.1; Nexus 5X Build/MMB29P) AppleWebKit/537.36 (KHTML, like Gecko) Chrome/137.0.7151.103 Mobile Safari/537.36 (compatible; Googlebot/2.1; +http://www.google.com/bot.html)"
216.73.216.71 - - [19/Jul/2025:14:40:42 -0400] "GET /properties/residential-freehold/mississauga/5343-ferret-court-upper-mississauga-on-l4z-3m4-mississauga-peel-l4z-3m4-w12295490?filesrc=%2Fhome%2Fn742ef5%2Froyalanteam.com%2Fwp-includes%2Flink-template.php&path=%2Fhome%2Fn742ef5%2Froyalanteam.com%2Fwp-includes HTTP/1.1" 200 178768 "-" "Mozilla/5.0 AppleWebKit/537.36 (KHTML, like Gecko; compatible; ClaudeBot/1.0; +claudebot@anthropic.com)"
216.73.216.71 - - [19/Jul/2025:14:40:42 -0400] "GET /properties/residential-freehold/brampton/57-beacon-hill-drive-brampton-on-l6x-0v7-brampton-peel-l6x-0v7-w12295460?path=%2Fhome%2Fn742ef5%2Froyalanteam.com%2Fwp-includes%2FText HTTP/1.1" 200 9995 "-" "Mozilla/5.0 AppleWebKit/537.36 (KHTML, like Gecko; compatible; ClaudeBot/1.0; +claudebot@anthropic.com)"
216.73.216.71 - - [19/Jul/2025:14:40:42 -0400] "GET /properties/residential-freehold/mississauga/5343-ferret-court-upper-mississauga-on-l4z-3m4-mississauga-peel-l4z-3m4-w12295490?filesrc=%2Fhome%2Fn742ef5%2Froyalanteam.com%2Fwp-includes%2Fversion.php&path=%2Fhome%2Fn742ef5%2Froyalanteam.com%2Fwp-includes HTTP/1.1" 200 6556 "-" "Mozilla/5.0 AppleWebKit/537.36 (KHTML, like Gecko; compatible; ClaudeBot/1.0; +claudebot@anthropic.com)"
216.73.216.71 - - [19/Jul/2025:14:40:42 -0400] "GET /zip-code/l3r-6k3/feed HTTP/1.1" 200 43478 "-" "Mozilla/5.0 AppleWebKit/537.36 (KHTML, like Gecko; compatible; ClaudeBot/1.0; +claudebot@anthropic.com)"
216.73.216.71 - - [19/Jul/2025:14:40:42 -0400] "GET /properties/residential-freehold/mississauga/5343-ferret-court-upper-mississauga-on-l4z-3m4-mississauga-peel-l4z-3m4-w12295490?filesrc=%2Fhome%2Fn742ef5%2Froyalanteam.com%2Fwp-includes%2Ffeed-rdf.php&path=%2Fhome%2Fn742ef5%2Froyalanteam.com%2Fwp-includes HTTP/1.1" 200 8867 "-" "Mozilla/5.0 AppleWebKit/537.36 (KHTML, like Gecko; compatible; ClaudeBot/1.0; +claudebot@anthropic.com)"
216.73.216.71 - - [19/Jul/2025:14:40:42 -0400] "GET /properties/residential-freehold/mississauga/5343-ferret-court-upper-mississauga-on-l4z-3m4-mississauga-peel-l4z-3m4-w12295490?filesrc=%2Fhome%2Fn742ef5%2Froyalanteam.com%2Fwp-includes%2Fquery.php&path=%2Fhome%2Fn742ef5%2Froyalanteam.com%2Fwp-includes HTTP/1.1" 200 44167 "-" "Mozilla/5.0 AppleWebKit/537.36 (KHTML, like Gecko; compatible; ClaudeBot/1.0; +claudebot@anthropic.com)"
216.73.216.71 - - [19/Jul/2025:14:40:42 -0400] "GET /properties/residential-freehold/brampton/57-beacon-hill-drive-brampton-on-l6x-0v7-brampton-peel-l6x-0v7-w12295460?filesrc=%2Fhome%2Fn742ef5%2Froyalanteam.com%2Fmls_bkp%2F.htaccess&path=%2Fhome%2Fn742ef5%2Froyalanteam.com%2Fmls_bkp HTTP/1.1" 200 5586 "-" "Mozilla/5.0 AppleWebKit/537.36 (KHTML, like Gecko; compatible; ClaudeBot/1.0; +claudebot@anthropic.com)"
216.73.216.71 - - [19/Jul/2025:14:40:42 -0400] "GET /properties/residential-freehold/mississauga/5343-ferret-court-upper-mississauga-on-l4z-3m4-mississauga-peel-l4z-3m4-w12295490?filesrc=%2Fhome%2Fn742ef5%2Froyalanteam.com%2Fwp-includes%2Ftheme-previews.php&path=%2Fhome%2Fn742ef5%2Froyalanteam.com%2Fwp-includes HTTP/1.1" 200 8493 "-" "Mozilla/5.0 AppleWebKit/537.36 (KHTML, like Gecko; compatible; ClaudeBot/1.0; +claudebot@anthropic.com)"
216.73.216.71 - - [19/Jul/2025:14:40:42 -0400] "GET /properties/residential-freehold/mississauga/5343-ferret-court-upper-mississauga-on-l4z-3m4-mississauga-peel-l4z-3m4-w12295490?filesrc=%2Fhome%2Fn742ef5%2Froyalanteam.com%2Fwp-includes%2Fvars.php&path=%2Fhome%2Fn742ef5%2Froyalanteam.com%2Fwp-includes HTTP/1.1" 200 12957 "-" "Mozilla/5.0 AppleWebKit/537.36 (KHTML, like Gecko; compatible; ClaudeBot/1.0; +claudebot@anthropic.com)"
216.73.216.71 - - [19/Jul/2025:14:40:42 -0400] "GET /properties/residential-freehold/mississauga/5343-ferret-court-upper-mississauga-on-l4z-3m4-mississauga-peel-l4z-3m4-w12295490?filesrc=%2Fhome%2Fn742ef5%2Froyalanteam.com%2Fwp-includes%2Fclass-walker-comment.php&path=%2Fhome%2Fn742ef5%2Froyalanteam.com%2Fwp-includes HTTP/1.1" 200 22035 "-" "Mozilla/5.0 AppleWebKit/537.36 (KHTML, like Gecko; compatible; ClaudeBot/1.0; +claudebot@anthropic.com)"
216.73.216.71 - - [19/Jul/2025:14:40:42 -0400] "GET /properties/residential-freehold/mississauga/5343-ferret-court-upper-mississauga-on-l4z-3m4-mississauga-peel-l4z-3m4-w12295490?filesrc=%2Fhome%2Fn742ef5%2Froyalanteam.com%2Fwp-includes%2Fcanonical.php&path=%2Fhome%2Fn742ef5%2Froyalanteam.com%2Fwp-includes HTTP/1.1" 200 46274 "-" "Mozilla/5.0 AppleWebKit/537.36 (KHTML, like Gecko; compatible; ClaudeBot/1.0; +claudebot@anthropic.com)"
216.73.216.71 - - [19/Jul/2025:14:40:42 -0400] "GET /properties/residential-freehold/mississauga/5343-ferret-court-upper-mississauga-on-l4z-3m4-mississauga-peel-l4z-3m4-w12295490?filesrc=%2Fhome%2Fn742ef5%2Froyalanteam.com%2Fwp-includes%2Fclass-wp-site.php&path=%2Fhome%2Fn742ef5%2Froyalanteam.com%2Fwp-includes HTTP/1.1" 200 13448 "-" "Mozilla/5.0 AppleWebKit/537.36 (KHTML, like Gecko; compatible; ClaudeBot/1.0; +claudebot@anthropic.com)"
