193.70.34.35 - - [19/Jul/2025:11:35:40 -0400] "GET /zip-code/l1z-1k2/ HTTP/1.1" 200 43478 "-" "Mozilla/5.0 (compatible; MJ12bot/v1.4.8; http://mj12bot.com/)"
193.70.34.35 - - [19/Jul/2025:11:35:42 -0400] "GET /zip-code/l1z-1y4/ HTTP/1.1" 200 43478 "-" "Mozilla/5.0 (compatible; MJ12bot/v1.4.8; http://mj12bot.com/)"
193.70.34.35 - - [19/Jul/2025:11:35:44 -0400] "GET /zip-code/l3r-1g6/ HTTP/1.1" 200 43478 "-" "Mozilla/5.0 (compatible; MJ12bot/v1.4.8; http://mj12bot.com/)"
193.70.34.35 - - [19/Jul/2025:11:35:45 -0400] "GET /zip-code/l3r-2j3/ HTTP/1.1" 200 43478 "-" "Mozilla/5.0 (compatible; MJ12bot/v1.4.8; http://mj12bot.com/)"
193.70.34.35 - - [19/Jul/2025:11:35:47 -0400] "GET /zip-code/l3r-3y5/ HTTP/1.1" 200 43478 "-" "Mozilla/5.0 (compatible; MJ12bot/v1.4.8; http://mj12bot.com/)"
193.70.34.35 - - [19/Jul/2025:11:35:48 -0400] "GET /zip-code/l3r-5y7/ HTTP/1.1" 200 43478 "-" "Mozilla/5.0 (compatible; MJ12bot/v1.4.8; http://mj12bot.com/)"
193.70.34.35 - - [19/Jul/2025:11:35:50 -0400] "GET /zip-code/l3r-8w6/ HTTP/1.1" 200 43478 "-" "Mozilla/5.0 (compatible; MJ12bot/v1.4.8; http://mj12bot.com/)"
193.70.34.35 - - [19/Jul/2025:11:35:52 -0400] "GET /zip-code/l3s-4a5/ HTTP/1.1" 200 43478 "-" "Mozilla/5.0 (compatible; MJ12bot/v1.4.8; http://mj12bot.com/)"
193.70.34.35 - - [19/Jul/2025:11:35:53 -0400] "GET /zip-code/l3t-0b6/ HTTP/1.1" 200 43478 "-" "Mozilla/5.0 (compatible; MJ12bot/v1.4.8; http://mj12bot.com/)"
193.70.34.35 - - [19/Jul/2025:11:35:55 -0400] "GET /zip-code/l3t-0c8/ HTTP/1.1" 200 43478 "-" "Mozilla/5.0 (compatible; MJ12bot/v1.4.8; http://mj12bot.com/)"
193.70.34.35 - - [19/Jul/2025:11:35:57 -0400] "GET /zip-code/l3t-0c9/ HTTP/1.1" 200 43478 "-" "Mozilla/5.0 (compatible; MJ12bot/v1.4.8; http://mj12bot.com/)"
193.70.34.35 - - [19/Jul/2025:11:35:58 -0400] "GET /zip-code/l3t-0g9/ HTTP/1.1" 200 43478 "-" "Mozilla/5.0 (compatible; MJ12bot/v1.4.8; http://mj12bot.com/)"
193.70.34.35 - - [19/Jul/2025:11:36:00 -0400] "GET /zip-code/l3t-7t8/ HTTP/1.1" 200 43478 "-" "Mozilla/5.0 (compatible; MJ12bot/v1.4.8; http://mj12bot.com/)"
193.70.34.35 - - [19/Jul/2025:11:36:02 -0400] "GET /zip-code/l3t-7y6/ HTTP/1.1" 200 43478 "-" "Mozilla/5.0 (compatible; MJ12bot/v1.4.8; http://mj12bot.com/)"
193.70.34.35 - - [19/Jul/2025:11:36:03 -0400] "GET /zip-code/l4c-1z4/ HTTP/1.1" 200 43478 "-" "Mozilla/5.0 (compatible; MJ12bot/v1.4.8; http://mj12bot.com/)"
193.70.34.35 - - [19/Jul/2025:11:36:05 -0400] "GET /zip-code/l4t-1b3/ HTTP/1.1" 200 43478 "-" "Mozilla/5.0 (compatible; MJ12bot/v1.4.8; http://mj12bot.com/)"
193.70.34.35 - - [19/Jul/2025:11:36:06 -0400] "GET /zip-code/l4t-1v9/ HTTP/1.1" 200 43478 "-" "Mozilla/5.0 (compatible; MJ12bot/v1.4.8; http://mj12bot.com/)"
193.70.34.35 - - [19/Jul/2025:11:36:08 -0400] "GET /zip-code/l4x-1j2/ HTTP/1.1" 200 43478 "-" "Mozilla/5.0 (compatible; MJ12bot/v1.4.8; http://mj12bot.com/)"
193.70.34.35 - - [19/Jul/2025:11:36:10 -0400] "GET /zip-code/l4z-0a5/ HTTP/1.1" 200 43478 "-" "Mozilla/5.0 (compatible; MJ12bot/v1.4.8; http://mj12bot.com/)"
193.70.34.35 - - [19/Jul/2025:11:36:12 -0400] "GET /zip-code/l4z-0c9/ HTTP/1.1" 200 43478 "-" "Mozilla/5.0 (compatible; MJ12bot/v1.4.8; http://mj12bot.com/)"
193.70.34.35 - - [19/Jul/2025:11:36:13 -0400] "GET /zip-code/l4z-3p2/ HTTP/1.1" 200 43478 "-" "Mozilla/5.0 (compatible; MJ12bot/v1.4.8; http://mj12bot.com/)"
193.70.34.35 - - [19/Jul/2025:11:36:15 -0400] "GET /zip-code/l5b-0g6/ HTTP/1.1" 200 43478 "-" "Mozilla/5.0 (compatible; MJ12bot/v1.4.8; http://mj12bot.com/)"
193.70.34.35 - - [19/Jul/2025:11:36:17 -0400] "GET /zip-code/l5b-1l9/ HTTP/1.1" 200 43478 "-" "Mozilla/5.0 (compatible; MJ12bot/v1.4.8; http://mj12bot.com/)"
216.73.216.71 - - [19/Jul/2025:11:36:18 -0400] "GET /street/los-palmas HTTP/1.1" 200 43478 "-" "Mozilla/5.0 AppleWebKit/537.36 (KHTML, like Gecko; compatible; ClaudeBot/1.0; +claudebot@anthropic.com)"
193.70.34.35 - - [19/Jul/2025:11:36:18 -0400] "GET /zip-code/l5c-3a7/ HTTP/1.1" 200 43478 "-" "Mozilla/5.0 (compatible; MJ12bot/v1.4.8; http://mj12bot.com/)"
216.73.216.71 - - [19/Jul/2025:11:36:18 -0400] "GET /street/humewood HTTP/1.1" 200 43478 "-" "Mozilla/5.0 AppleWebKit/537.36 (KHTML, like Gecko; compatible; ClaudeBot/1.0; +claudebot@anthropic.com)"
216.73.216.71 - - [19/Jul/2025:11:36:19 -0400] "GET /neighborhood/pleasant-valley-place HTTP/1.1" 200 43478 "-" "Mozilla/5.0 AppleWebKit/537.36 (KHTML, like Gecko; compatible; ClaudeBot/1.0; +claudebot@anthropic.com)"
216.73.216.71 - - [19/Jul/2025:11:36:19 -0400] "GET /neighborhood/king-street HTTP/1.1" 200 43478 "-" "Mozilla/5.0 AppleWebKit/537.36 (KHTML, like Gecko; compatible; ClaudeBot/1.0; +claudebot@anthropic.com)"
216.73.216.71 - - [19/Jul/2025:11:36:19 -0400] "GET /neighborhood/herkes-drive HTTP/1.1" 200 43478 "-" "Mozilla/5.0 AppleWebKit/537.36 (KHTML, like Gecko; compatible; ClaudeBot/1.0; +claudebot@anthropic.com)"
193.70.34.35 - - [19/Jul/2025:11:36:20 -0400] "GET /zip-code/l5j-4r3/ HTTP/1.1" 200 43478 "-" "Mozilla/5.0 (compatible; MJ12bot/v1.4.8; http://mj12bot.com/)"
193.70.34.35 - - [19/Jul/2025:11:36:22 -0400] "GET /zip-code/l5k-1v6/ HTTP/1.1" 200 43478 "-" "Mozilla/5.0 (compatible; MJ12bot/v1.4.8; http://mj12bot.com/)"
193.70.34.35 - - [19/Jul/2025:11:36:23 -0400] "GET /zip-code/l5k-2p6/ HTTP/1.1" 200 43478 "-" "Mozilla/5.0 (compatible; MJ12bot/v1.4.8; http://mj12bot.com/)"
193.70.34.35 - - [19/Jul/2025:11:36:25 -0400] "GET /zip-code/l5l-5p5/ HTTP/1.1" 200 43478 "-" "Mozilla/5.0 (compatible; MJ12bot/v1.4.8; http://mj12bot.com/)"
193.70.34.35 - - [19/Jul/2025:11:36:27 -0400] "GET /zip-code/l5m-0h2/ HTTP/1.1" 200 43478 "-" "Mozilla/5.0 (compatible; MJ12bot/v1.4.8; http://mj12bot.com/)"
193.70.34.35 - - [19/Jul/2025:11:36:28 -0400] "GET /zip-code/l5m-2t2/ HTTP/1.1" 200 43478 "-" "Mozilla/5.0 (compatible; MJ12bot/v1.4.8; http://mj12bot.com/)"
193.70.34.35 - - [19/Jul/2025:11:36:30 -0400] "GET /zip-code/l5m-5r3/ HTTP/1.1" 200 43478 "-" "Mozilla/5.0 (compatible; MJ12bot/v1.4.8; http://mj12bot.com/)"
193.70.34.35 - - [19/Jul/2025:11:36:32 -0400] "GET /zip-code/l5m-6e8/ HTTP/1.1" 200 43478 "-" "Mozilla/5.0 (compatible; MJ12bot/v1.4.8; http://mj12bot.com/)"
193.70.34.35 - - [19/Jul/2025:11:36:33 -0400] "GET /zip-code/l5m-7s2/ HTTP/1.1" 200 43478 "-" "Mozilla/5.0 (compatible; MJ12bot/v1.4.8; http://mj12bot.com/)"
193.70.34.35 - - [19/Jul/2025:11:36:35 -0400] "GET /zip-code/l5m-8c5/ HTTP/1.1" 200 43478 "-" "Mozilla/5.0 (compatible; MJ12bot/v1.4.8; http://mj12bot.com/)"
193.70.34.35 - - [19/Jul/2025:11:36:37 -0400] "GET /zip-code/l5n-1z6/ HTTP/1.1" 200 43478 "-" "Mozilla/5.0 (compatible; MJ12bot/v1.4.8; http://mj12bot.com/)"
193.70.34.35 - - [19/Jul/2025:11:36:39 -0400] "GET /zip-code/l5n-7z2/ HTTP/1.1" 200 43478 "-" "Mozilla/5.0 (compatible; MJ12bot/v1.4.8; http://mj12bot.com/)"
193.70.34.35 - - [19/Jul/2025:11:36:40 -0400] "GET /zip-code/l5r-0e4/ HTTP/1.1" 200 43478 "-" "Mozilla/5.0 (compatible; MJ12bot/v1.4.8; http://mj12bot.com/)"
193.70.34.35 - - [19/Jul/2025:11:36:42 -0400] "GET /zip-code/l5r-1t5/ HTTP/1.1" 200 43478 "-" "Mozilla/5.0 (compatible; MJ12bot/v1.4.8; http://mj12bot.com/)"
193.70.34.35 - - [19/Jul/2025:11:36:44 -0400] "GET /zip-code/l5v-1t7/ HTTP/1.1" 200 43478 "-" "Mozilla/5.0 (compatible; MJ12bot/v1.4.8; http://mj12bot.com/)"
193.70.34.35 - - [19/Jul/2025:11:36:45 -0400] "GET /zip-code/l6c-2e4/ HTTP/1.1" 200 43478 "-" "Mozilla/5.0 (compatible; MJ12bot/v1.4.8; http://mj12bot.com/)"
193.70.34.35 - - [19/Jul/2025:11:36:47 -0400] "GET /zip-code/l6g-0c9/ HTTP/1.1" 200 43478 "-" "Mozilla/5.0 (compatible; MJ12bot/v1.4.8; http://mj12bot.com/)"
193.70.34.35 - - [19/Jul/2025:11:36:49 -0400] "GET /zip-code/l6g-0h1/ HTTP/1.1" 200 43478 "-" "Mozilla/5.0 (compatible; MJ12bot/v1.4.8; http://mj12bot.com/)"
193.70.34.35 - - [19/Jul/2025:11:36:50 -0400] "GET /zip-code/l6g-0h5/ HTTP/1.1" 200 43478 "-" "Mozilla/5.0 (compatible; MJ12bot/v1.4.8; http://mj12bot.com/)"
193.70.34.35 - - [19/Jul/2025:11:36:52 -0400] "GET /zip-code/l6g-0h6/ HTTP/1.1" 200 43478 "-" "Mozilla/5.0 (compatible; MJ12bot/v1.4.8; http://mj12bot.com/)"
193.70.34.35 - - [19/Jul/2025:11:36:54 -0400] "GET /zip-code/l6p-3e1/ HTTP/1.1" 200 43478 "-" "Mozilla/5.0 (compatible; MJ12bot/v1.4.8; http://mj12bot.com/)"
193.70.34.35 - - [19/Jul/2025:11:36:55 -0400] "GET /zip-code/l6r-1n3/ HTTP/1.1" 200 43478 "-" "Mozilla/5.0 (compatible; MJ12bot/v1.4.8; http://mj12bot.com/)"
193.70.34.35 - - [19/Jul/2025:11:36:57 -0400] "GET /zip-code/l6r-3e8/ HTTP/1.1" 200 43478 "-" "Mozilla/5.0 (compatible; MJ12bot/v1.4.8; http://mj12bot.com/)"
193.70.34.35 - - [19/Jul/2025:11:36:59 -0400] "GET /zip-code/l6r-3g8/ HTTP/1.1" 200 43478 "-" "Mozilla/5.0 (compatible; MJ12bot/v1.4.8; http://mj12bot.com/)"
193.70.34.35 - - [19/Jul/2025:11:37:00 -0400] "GET /zip-code/l6s-1c9/ HTTP/1.1" 200 43478 "-" "Mozilla/5.0 (compatible; MJ12bot/v1.4.8; http://mj12bot.com/)"
193.70.34.35 - - [19/Jul/2025:11:37:02 -0400] "GET /zip-code/l6s-2z6/ HTTP/1.1" 200 43478 "-" "Mozilla/5.0 (compatible; MJ12bot/v1.4.8; http://mj12bot.com/)"
193.70.34.35 - - [19/Jul/2025:11:37:03 -0400] "GET /zip-code/l6t-3a5/ HTTP/1.1" 200 43478 "-" "Mozilla/5.0 (compatible; MJ12bot/v1.4.8; http://mj12bot.com/)"
193.70.34.35 - - [19/Jul/2025:11:37:05 -0400] "GET /zip-code/l6w-0a8/ HTTP/1.1" 200 43478 "-" "Mozilla/5.0 (compatible; MJ12bot/v1.4.8; http://mj12bot.com/)"
193.70.34.35 - - [19/Jul/2025:11:37:07 -0400] "GET /zip-code/l6w-1e7/ HTTP/1.1" 200 43478 "-" "Mozilla/5.0 (compatible; MJ12bot/v1.4.8; http://mj12bot.com/)"
193.70.34.35 - - [19/Jul/2025:11:37:08 -0400] "GET /zip-code/l6y-0w2/ HTTP/1.1" 200 43478 "-" "Mozilla/5.0 (compatible; MJ12bot/v1.4.8; http://mj12bot.com/)"
193.70.34.35 - - [19/Jul/2025:11:37:10 -0400] "GET /zip-code/l6y-1s1/ HTTP/1.1" 200 43478 "-" "Mozilla/5.0 (compatible; MJ12bot/v1.4.8; http://mj12bot.com/)"
193.70.34.35 - - [19/Jul/2025:11:37:12 -0400] "GET /zip-code/l7a-1x7/ HTTP/1.1" 200 43478 "-" "Mozilla/5.0 (compatible; MJ12bot/v1.4.8; http://mj12bot.com/)"
193.70.34.35 - - [19/Jul/2025:11:37:13 -0400] "GET /zip-code/l7a-4k6/ HTTP/1.1" 200 43478 "-" "Mozilla/5.0 (compatible; MJ12bot/v1.4.8; http://mj12bot.com/)"
193.70.34.35 - - [19/Jul/2025:11:37:15 -0400] "GET /zip-code/l7b-1h3/ HTTP/1.1" 200 43478 "-" "Mozilla/5.0 (compatible; MJ12bot/v1.4.8; http://mj12bot.com/)"
216.73.216.71 - - [19/Jul/2025:11:37:18 -0400] "GET /zip-code/l6x-1l7 HTTP/1.1" 200 43478 "-" "Mozilla/5.0 AppleWebKit/537.36 (KHTML, like Gecko; compatible; ClaudeBot/1.0; +claudebot@anthropic.com)"
216.73.216.71 - - [19/Jul/2025:11:37:18 -0400] "GET /properties/residential-condo-other/markham/16a-elgin-street-202-markham-on-l3t-4t4-markham-york-l3t-4t4-n12238586?filesrc=%2Fhome%2Fn742ef5%2Froyalanteam.com%2Faios-bootstrap.php&path=%2Fhome%2Fn742ef5%2Froyalanteam.com HTTP/1.1" 200 6285 "-" "Mozilla/5.0 AppleWebKit/537.36 (KHTML, like Gecko; compatible; ClaudeBot/1.0; +claudebot@anthropic.com)"
57.141.6.10 - - [19/Jul/2025:11:38:05 -0400] "GET /wp-json/oembed/1.0/embed?url=https%3A%2F%2Froyalanteam.com%2Fproperties%2Fcommercial%2Fmississauga%2F1107-lorne-park-road-15-mississauga-on-l5h-3a1-mississauga-peel-l5h-3a1-w12281997%2F HTTP/1.1" 200 43478 "-" "meta-externalagent/1.1 (+https://developers.facebook.com/docs/sharing/webmasters/crawler)"
57.141.6.21 - - [19/Jul/2025:11:38:19 -0400] "GET /neighborhood/stonebridge-lane/feed/ HTTP/1.1" 200 43478 "-" "meta-externalagent/1.1 (+https://developers.facebook.com/docs/sharing/webmasters/crawler)"
216.73.216.71 - - [19/Jul/2025:11:38:35 -0400] "GET /properties/residential-condo-other/markham/16a-elgin-street-202-markham-on-l3t-4t4-markham-york-l3t-4t4-n12238586?filesrc=%2Fhome%2Fn742ef5%2Froyalanteam.com%2Fwp-config-sample.php&path=%2Fhome%2Fn742ef5%2Froyalanteam.com HTTP/1.1" 200 9004 "-" "Mozilla/5.0 AppleWebKit/537.36 (KHTML, like Gecko; compatible; ClaudeBot/1.0; +claudebot@anthropic.com)"
216.73.216.71 - - [19/Jul/2025:11:38:35 -0400] "GET /properties/residential-condo-other/markham/16a-elgin-street-202-markham-on-l3t-4t4-markham-york-l3t-4t4-n12238586?filesrc=%2Fhome%2Fn742ef5%2Froyalanteam.com%2Fwp-cron.php&path=%2Fhome%2Fn742ef5%2Froyalanteam.com HTTP/1.1" 200 14290 "-" "Mozilla/5.0 AppleWebKit/537.36 (KHTML, like Gecko; compatible; ClaudeBot/1.0; +claudebot@anthropic.com)"
57.141.6.16 - - [19/Jul/2025:11:39:21 -0400] "GET /neighborhood/durie-road/feed/ HTTP/1.1" 200 43478 "-" "meta-externalagent/1.1 (+https://developers.facebook.com/docs/sharing/webmasters/crawler)"
216.73.216.71 - - [19/Jul/2025:11:39:37 -0400] "GET /properties/residential-condo-other/markham/16a-elgin-street-202-markham-on-l3t-4t4-markham-york-l3t-4t4-n12238586?filesrc=%2Fhome%2Fn742ef5%2Froyalanteam.com%2Fcheck-and-modify-estate.php&path=%2Fhome%2Fn742ef5%2Froyalanteam.com HTTP/1.1" 200 11827 "-" "Mozilla/5.0 AppleWebKit/537.36 (KHTML, like Gecko; compatible; ClaudeBot/1.0; +claudebot@anthropic.com)"
216.73.216.71 - - [19/Jul/2025:11:39:37 -0400] "GET /zip-code/l5w-1l2/feed HTTP/1.1" 200 43478 "-" "Mozilla/5.0 AppleWebKit/537.36 (KHTML, like Gecko; compatible; ClaudeBot/1.0; +claudebot@anthropic.com)"
101.46.14.246 - - [19/Jul/2025:11:39:38 -0400] "GET /properties/upper-level/markham/25-rocking-horse-st-coach-markham-ontario-l6b-1l9-n9397258/ HTTP/1.1" 200 43478 "https://royalanteam.com/properties/upper-level/markham/25-rocking-horse-st-coach-markham-ontario-l6b-1l9-n9397258/" "Mozilla/5.0 (Windows NT 10.0; Win64; x64) AppleWebKit/537.36 (KHTML, like Gecko) Chrome/107.0.0.0 Safari/537.36"
216.73.216.71 - - [19/Jul/2025:11:40:42 -0400] "GET /properties/residential-condo-other/markham/16a-elgin-street-202-markham-on-l3t-4t4-markham-york-l3t-4t4-n12238586?filesrc=%2Fhome%2Fn742ef5%2Froyalanteam.com%2Fwp-blog-header.php&path=%2Fhome%2Fn742ef5%2Froyalanteam.com HTTP/1.1" 200 8709 "-" "Mozilla/5.0 AppleWebKit/537.36 (KHTML, like Gecko; compatible; ClaudeBot/1.0; +claudebot@anthropic.com)"
216.73.216.71 - - [19/Jul/2025:11:40:42 -0400] "GET /zip-code/l5m-6w3 HTTP/1.1" 200 43478 "-" "Mozilla/5.0 AppleWebKit/537.36 (KHTML, like Gecko; compatible; ClaudeBot/1.0; +claudebot@anthropic.com)"
216.73.216.71 - - [19/Jul/2025:11:41:44 -0400] "GET /properties/residential-condo-other/markham/16a-elgin-street-202-markham-on-l3t-4t4-markham-york-l3t-4t4-n12238586?filesrc=%2Fhome%2Fn742ef5%2Froyalanteam.com%2Fwp-trackback.php&path=%2Fhome%2Fn742ef5%2Froyalanteam.com HTTP/1.1" 200 11284 "-" "Mozilla/5.0 AppleWebKit/537.36 (KHTML, like Gecko; compatible; ClaudeBot/1.0; +claudebot@anthropic.com)"
216.73.216.71 - - [19/Jul/2025:11:41:44 -0400] "GET /properties/residential-condo-other/markham/16a-elgin-street-202-markham-on-l3t-4t4-markham-york-l3t-4t4-n12238586?filesrc=%2Fhome%2Fn742ef5%2Froyalanteam.com%2Fwp-links-opml.php&path=%2Fhome%2Fn742ef5%2Froyalanteam.com HTTP/1.1" 200 8345 "-" "Mozilla/5.0 AppleWebKit/537.36 (KHTML, like Gecko; compatible; ClaudeBot/1.0; +claudebot@anthropic.com)"
47.79.242.105 - - [19/Jul/2025:11:42:19 -0400] "GET /properties/residential-freehold/markham/58-gordon-weeden-road-markham-on-l6e-2g4-markham-york-l6e-2g4-n12254236 HTTP/1.1" 200 43478 "https://royalanteam.com/properties/residential-freehold/markham/58-gordon-weeden-road-markham-on-l6e-2g4-markham-york-l6e-2g4-n12254236" "Mozilla/5.0 (Windows NT 10.0; Win64; x64) AppleWebKit/537.36 (KHTML, like Gecko) Chrome/114.0.0.0 Safari/537.36 Edg/114.0.1823.43"
85.208.96.201 - - [19/Jul/2025:11:42:44 -0400] "GET /robots.txt HTTP/1.1" 200 43478 "-" "Mozilla/5.0 (compatible; SemrushBot/7~bl; +http://www.semrush.com/bot.html)"
185.191.171.12 - - [19/Jul/2025:11:42:44 -0400] "GET /properties/residential-condo-other/mississauga/1012-4065-confederation-parkway-mississauga-on-l5b-0l4-mississauga-peel-l5b-0l4-w12267531/ HTTP/1.1" 200 43478 "-" "Mozilla/5.0 (compatible; SemrushBot/7~bl; +http://www.semrush.com/bot.html)"
57.141.6.31 - - [19/Jul/2025:11:42:53 -0400] "GET /properties/residential-condo-other/markham/29-spiv-grove-way-92-markham-on-l6e-0t6-markham-york-l6e-0t6-n12289300/ HTTP/1.1" 200 43478 "-" "meta-externalagent/1.1 (+https://developers.facebook.com/docs/sharing/webmasters/crawler)"
216.73.216.71 - - [19/Jul/2025:11:43:08 -0400] "GET /properties/residential-condo-other/markham/16a-elgin-street-202-markham-on-l3t-4t4-markham-york-l3t-4t4-n12238586?filesrc=%2Fhome%2Fn742ef5%2Froyalanteam.com%2Finputs.php&path=%2Fhome%2Fn742ef5%2Froyalanteam.com HTTP/1.1" 200 27911 "-" "Mozilla/5.0 AppleWebKit/537.36 (KHTML, like Gecko; compatible; ClaudeBot/1.0; +claudebot@anthropic.com)"
216.73.216.71 - - [19/Jul/2025:11:43:08 -0400] "GET /properties/residential-condo-other/markham/16a-elgin-street-202-markham-on-l3t-4t4-markham-york-l3t-4t4-n12238586?filesrc=%2Fhome%2Fn742ef5%2Froyalanteam.com%2Fwp-config.php&path=%2Fhome%2Fn742ef5%2Froyalanteam.com HTTP/1.1" 200 8893 "-" "Mozilla/5.0 AppleWebKit/537.36 (KHTML, like Gecko; compatible; ClaudeBot/1.0; +claudebot@anthropic.com)"
121.144.120.196 - - [19/Jul/2025:11:43:18 -0400] "GET /wp-login.php HTTP/1.1" 200 6035 "http://royalanteam.com/wp-login.php" "Mozilla/5.0 (X11; Ubuntu; Linux x86_64; rv:85.0) Gecko/20100101 Firefox/91.0"
121.144.120.196 - - [19/Jul/2025:11:43:19 -0400] "GET /wp-login.php HTTP/1.1" 200 6035 "-" "Mozilla/5.0 (X11; Ubuntu; Linux x86_64; rv:85.0) Gecko/20100101 Firefox/91.0"
121.144.120.196 - - [19/Jul/2025:11:43:20 -0400] "POST /wp-login.php HTTP/1.1" 200 6463 "-" "Mozilla/5.0 (X11; Ubuntu; Linux x86_64; rv:85.0) Gecko/20100101 Firefox/91.0"
47.79.121.193 - - [19/Jul/2025:11:43:25 -0400] "GET /properties/residential-condo-other/mississauga/4011-brickstone-mews-w-602-mississauga-on-l5b-0j7-mississauga-peel-l5b-0j7-w12257595 HTTP/1.1" 200 43478 "https://royalanteam.com/properties/residential-condo-other/mississauga/4011-brickstone-mews-w-602-mississauga-on-l5b-0j7-mississauga-peel-l5b-0j7-w12257595" "Mozilla/5.0 (Windows NT 10.0; Win64; x64) AppleWebKit/537.36 (KHTML, like Gecko) Chrome/114.0.0.0 Safari/537.36 Edg/114.0.1823.43"
57.141.6.8 - - [19/Jul/2025:11:43:28 -0400] "GET /properties/residential-condo-other/pickering/1360-glenanna-road-9a-pickering-on-l1v-2t5-pickering-durham-l1v-2t5-e12235297/ HTTP/1.1" 200 43478 "-" "meta-externalagent/1.1 (+https://developers.facebook.com/docs/sharing/webmasters/crawler)"
57.141.6.19 - - [19/Jul/2025:11:44:02 -0400] "GET /wp-json/wp/v2/estate/8972571 HTTP/1.1" 200 43478 "-" "meta-externalagent/1.1 (+https://developers.facebook.com/docs/sharing/webmasters/crawler)"
216.73.216.71 - - [19/Jul/2025:11:44:08 -0400] "GET /properties/residential-condo-other/markham/16a-elgin-street-202-markham-on-l3t-4t4-markham-york-l3t-4t4-n12238586?filesrc=%2Fhome%2Fn742ef5%2Froyalanteam.com%2Fwp-load.php&path=%2Fhome%2Fn742ef5%2Froyalanteam.com HTTP/1.1" 200 9796 "-" "Mozilla/5.0 AppleWebKit/537.36 (KHTML, like Gecko; compatible; ClaudeBot/1.0; +claudebot@anthropic.com)"
216.73.216.71 - - [19/Jul/2025:11:44:08 -0400] "GET /properties/residential-condo-other/markham/16a-elgin-street-202-markham-on-l3t-4t4-markham-york-l3t-4t4-n12238586?filesrc=%2Fhome%2Fn742ef5%2Froyalanteam.com%2Fwp-mail.php&path=%2Fhome%2Fn742ef5%2Froyalanteam.com HTTP/1.1" 200 15178 "-" "Mozilla/5.0 AppleWebKit/537.36 (KHTML, like Gecko; compatible; ClaudeBot/1.0; +claudebot@anthropic.com)"
216.73.216.71 - - [19/Jul/2025:11:45:13 -0400] "GET /properties/residential-condo-other/markham/16a-elgin-street-202-markham-on-l3t-4t4-markham-york-l3t-4t4-n12238586?filesrc=%2Fhome%2Fn742ef5%2Froyalanteam.com%2Fwp-settings.php&path=%2Fhome%2Fn742ef5%2Froyalanteam.com HTTP/1.1" 200 38760 "-" "Mozilla/5.0 AppleWebKit/537.36 (KHTML, like Gecko; compatible; ClaudeBot/1.0; +claudebot@anthropic.com)"
216.73.216.71 - - [19/Jul/2025:11:45:13 -0400] "GET /properties/residential-condo-other/markham/16a-elgin-street-202-markham-on-l3t-4t4-markham-york-l3t-4t4-n12238586?filesrc=%2Fhome%2Fn742ef5%2Froyalanteam.com%2Fbackup_htaccess.txt&path=%2Fhome%2Fn742ef5%2Froyalanteam.com HTTP/1.1" 200 5843 "-" "Mozilla/5.0 AppleWebKit/537.36 (KHTML, like Gecko; compatible; ClaudeBot/1.0; +claudebot@anthropic.com)"
57.141.6.16 - - [19/Jul/2025:11:45:39 -0400] "GET /properties/residential-freehold/markham/20-grosvenor-court-markham-on-l3t-5t5-markham-york-l3t-5t5-n12276192/ HTTP/1.1" 200 43478 "-" "meta-externalagent/1.1 (+https://developers.facebook.com/docs/sharing/webmasters/crawler)"
57.141.6.2 - - [19/Jul/2025:11:45:54 -0400] "GET /wp-json/wp/v2/estate/8254419 HTTP/1.1" 200 43478 "-" "meta-externalagent/1.1 (+https://developers.facebook.com/docs/sharing/webmasters/crawler)"
216.73.216.71 - - [19/Jul/2025:11:46:18 -0400] "GET /properties/residential-condo-other/markham/16a-elgin-street-202-markham-on-l3t-4t4-markham-york-l3t-4t4-n12238586?filesrc=%2Fhome%2Fn742ef5%2Froyalanteam.com%2Fwp-signup.php&path=%2Fhome%2Fn742ef5%2Froyalanteam.com HTTP/1.1" 200 46811 "-" "Mozilla/5.0 AppleWebKit/537.36 (KHTML, like Gecko; compatible; ClaudeBot/1.0; +claudebot@anthropic.com)"
216.73.216.71 - - [19/Jul/2025:11:46:18 -0400] "GET /properties/residential-condo-other/markham/16a-elgin-street-202-markham-on-l3t-4t4-markham-york-l3t-4t4-n12238586?filesrc=%2Fhome%2Fn742ef5%2Froyalanteam.com%2Fwp-comments-post.php&path=%2Fhome%2Fn742ef5%2Froyalanteam.com HTTP/1.1" 200 7959 "-" "Mozilla/5.0 AppleWebKit/537.36 (KHTML, like Gecko; compatible; ClaudeBot/1.0; +claudebot@anthropic.com)"
111.119.203.26 - - [19/Jul/2025:11:46:27 -0400] "GET /zip-code/l3p-1k2/ HTTP/1.1" 200 43478 "https://royalanteam.com/zip-code/l3p-1k2/" "Mozilla/5.0 (Windows NT 10.0; Win64; x64) AppleWebKit/537.36 (KHTML, like Gecko) Chrome/101.0.4951.67 Safari/537.36"
216.73.216.71 - - [19/Jul/2025:11:47:18 -0400] "GET /properties/residential-condo-other/markham/16a-elgin-street-202-markham-on-l3t-4t4-markham-york-l3t-4t4-n12238586?filesrc=%2Fhome%2Fn742ef5%2Froyalanteam.com%2Fwp-22.php&path=%2Fhome%2Fn742ef5%2Froyalanteam.com HTTP/1.1" 200 20167 "-" "Mozilla/5.0 AppleWebKit/537.36 (KHTML, like Gecko; compatible; ClaudeBot/1.0; +claudebot@anthropic.com)"
216.73.216.71 - - [19/Jul/2025:11:47:18 -0400] "GET /properties/residential-condo-other/markham/16a-elgin-street-202-markham-on-l3t-4t4-markham-york-l3t-4t4-n12238586?filesrc=%2Fhome%2Fn742ef5%2Froyalanteam.com%2Fdoiconvs.php&path=%2Fhome%2Fn742ef5%2Froyalanteam.com HTTP/1.1" 200 10922 "-" "Mozilla/5.0 AppleWebKit/537.36 (KHTML, like Gecko; compatible; ClaudeBot/1.0; +claudebot@anthropic.com)"
57.141.6.4 - - [19/Jul/2025:11:47:22 -0400] "GET /wp-json/wp/v2/zip-code/115389 HTTP/1.1" 200 43478 "-" "meta-externalagent/1.1 (+https://developers.facebook.com/docs/sharing/webmasters/crawler)"
156.59.198.135 - - [19/Jul/2025:11:48:27 -0400] "GET /wp-content/uploads/2024/04/PhotoC8264764-21.jpeg HTTP/1.1" 200 43478 "-" "Mozilla/5.0 (Linux; Android 5.0) AppleWebKit/537.36 (KHTML, like Gecko) Mobile Safari/537.36 (compatible; Bytespider; spider-feedback@bytedance.com)"
216.73.216.71 - - [19/Jul/2025:11:49:06 -0400] "GET /properties/residential-condo-other/markham/16a-elgin-street-202-markham-on-l3t-4t4-markham-york-l3t-4t4-n12238586?filesrc=%2Fhome%2Fn742ef5%2Froyalanteam.com%2Fstyle.php&path=%2Fhome%2Fn742ef5%2Froyalanteam.com HTTP/1.1" 200 20411 "-" "Mozilla/5.0 AppleWebKit/537.36 (KHTML, like Gecko; compatible; ClaudeBot/1.0; +claudebot@anthropic.com)"
216.73.216.71 - - [19/Jul/2025:11:49:06 -0400] "GET /properties/residential-condo-other/markham/16a-elgin-street-202-markham-on-l3t-4t4-markham-york-l3t-4t4-n12238586?filesrc=%2Fhome%2Fn742ef5%2Froyalanteam.com%2Findex.php&path=%2Fhome%2Fn742ef5%2Froyalanteam.com HTTP/1.1" 200 27603 "-" "Mozilla/5.0 AppleWebKit/537.36 (KHTML, like Gecko; compatible; ClaudeBot/1.0; +claudebot@anthropic.com)"
57.141.6.30 - - [19/Jul/2025:11:49:44 -0400] "GET /zip-code/l5m-7n7/feed/ HTTP/1.1" 200 43478 "-" "meta-externalagent/1.1 (+https://developers.facebook.com/docs/sharing/webmasters/crawler)"
216.73.216.71 - - [19/Jul/2025:11:50:39 -0400] "GET /properties/residential-condo-other/markham/16a-elgin-street-202-markham-on-l3t-4t4-markham-york-l3t-4t4-n12238586?filesrc=%2Fhome%2Fn742ef5%2Froyalanteam.com%2Fphp.ini&path=%2Fhome%2Fn742ef5%2Froyalanteam.com HTTP/1.1" 200 6044 "-" "Mozilla/5.0 AppleWebKit/537.36 (KHTML, like Gecko; compatible; ClaudeBot/1.0; +claudebot@anthropic.com)"
216.73.216.71 - - [19/Jul/2025:11:50:39 -0400] "GET /properties/residential-condo-other/markham/16a-elgin-street-202-markham-on-l3t-4t4-markham-york-l3t-4t4-n12238586?filesrc=%2Fhome%2Fn742ef5%2Froyalanteam.com%2Ferror_log&path=%2Fhome%2Fn742ef5%2Froyalanteam.com HTTP/1.1" 200 135063 "-" "Mozilla/5.0 AppleWebKit/537.36 (KHTML, like Gecko; compatible; ClaudeBot/1.0; +claudebot@anthropic.com)"
47.79.2.5 - - [19/Jul/2025:11:51:48 -0400] "GET /zip-code/l5j-0a2 HTTP/1.1" 200 43478 "https://royalanteam.com/zip-code/l5j-0a2" "Mozilla/5.0 (Windows NT 10.0; Win64; x64) AppleWebKit/537.36 (KHTML, like Gecko) Chrome/114.0.0.0 Safari/537.36 Edg/114.0.1823.43"
216.73.216.71 - - [19/Jul/2025:11:52:02 -0400] "GET /zip-code/l5a-2n6 HTTP/1.1" 200 43478 "-" "Mozilla/5.0 AppleWebKit/537.36 (KHTML, like Gecko; compatible; ClaudeBot/1.0; +claudebot@anthropic.com)"
216.73.216.71 - - [19/Jul/2025:11:52:02 -0400] "GET /properties/residential-condo-other/markham/16a-elgin-street-202-markham-on-l3t-4t4-markham-york-l3t-4t4-n12238586?path=%2Fhome%2Fn742ef5%2Froyalanteam.com%2Fmls_bkp HTTP/1.1" 200 24509 "-" "Mozilla/5.0 AppleWebKit/537.36 (KHTML, like Gecko; compatible; ClaudeBot/1.0; +claudebot@anthropic.com)"
156.59.198.135 - - [19/Jul/2025:11:52:39 -0400] "GET /wp-content/uploads/2024/04/PhotoW8103534-22.jpeg HTTP/1.1" 200 43478 "-" "Mozilla/5.0 (Linux; Android 5.0) AppleWebKit/537.36 (KHTML, like Gecko) Mobile Safari/537.36 (compatible; Bytespider; spider-feedback@bytedance.com)"
47.82.7.88 - - [19/Jul/2025:11:53:03 -0400] "GET /street/yellow-brick HTTP/1.1" 200 43478 "https://royalanteam.com/street/yellow-brick" "Mozilla/5.0 (Windows NT 10.0; Win64; x64) AppleWebKit/537.36 (KHTML, like Gecko) Chrome/114.0.0.0 Safari/537.36 Edg/114.0.1823.43"
52.167.144.163 - - [19/Jul/2025:11:53:06 -0400] "GET /wp-sitemap-taxonomies-zip-code-2.xml HTTP/1.1" 200 43478 "-" "Mozilla/5.0 AppleWebKit/537.36 (KHTML, like Gecko; compatible; bingbot/2.0; +http://www.bing.com/bingbot.htm) Chrome/116.0.1938.76 Safari/537.36"
119.12.166.100 - - [19/Jul/2025:11:53:13 -0400] "GET /neighborhood/fleetwood-crescent/ HTTP/1.1" 200 43478 "https://royalanteam.com/neighborhood/fleetwood-crescent/" "Mozilla/5.0 (Windows NT 10.0; Win64; x64) AppleWebKit/537.36 (KHTML, like Gecko) Chrome/104.0.0.0 Safari/537.36"
216.73.216.71 - - [19/Jul/2025:11:53:27 -0400] "GET /properties/residential-condo-other/markham/16a-elgin-street-202-markham-on-l3t-4t4-markham-york-l3t-4t4-n12238586?path=%2Fhome%2Fn742ef5%2Froyalanteam.com%2Fwp-includes HTTP/1.1" 200 309870 "-" "Mozilla/5.0 AppleWebKit/537.36 (KHTML, like Gecko; compatible; ClaudeBot/1.0; +claudebot@anthropic.com)"
216.73.216.71 - - [19/Jul/2025:11:53:27 -0400] "GET /properties/residential-condo-other/markham/16a-elgin-street-202-markham-on-l3t-4t4-markham-york-l3t-4t4-n12238586?filesrc=%2Fhome%2Fn742ef5%2Froyalanteam.com%2F.ftpquota&path=%2Fhome%2Fn742ef5%2Froyalanteam.com HTTP/1.1" 200 5296 "-" "Mozilla/5.0 AppleWebKit/537.36 (KHTML, like Gecko; compatible; ClaudeBot/1.0; +claudebot@anthropic.com)"
66.249.75.1 - - [19/Jul/2025:11:54:04 -0400] "GET /properties/residential-freehold/brampton/basement-43-stewardship-road-brampton-on-l7a-0g1-brampton-peel-l7a-0g1-w11970697/ HTTP/1.1" 200 43478 "-" "Mozilla/5.0 (Linux; Android 6.0.1; Nexus 5X Build/MMB29P) AppleWebKit/537.36 (KHTML, like Gecko) Chrome/137.0.7151.103 Mobile Safari/537.36 (compatible; Googlebot/2.1; +http://www.google.com/bot.html)"
57.141.6.30 - - [19/Jul/2025:11:54:13 -0400] "GET /zip-code/l1h-3y8/feed/ HTTP/1.1" 200 43478 "-" "meta-externalagent/1.1 (+https://developers.facebook.com/docs/sharing/webmasters/crawler)"
47.79.120.109 - - [19/Jul/2025:11:54:15 -0400] "GET /zip-code/l5h-3t9/ HTTP/1.1" 200 43478 "https://royalanteam.com/zip-code/l5h-3t9/" "Mozilla/5.0 (Windows NT 10.0; Win64; x64) AppleWebKit/537.36 (KHTML, like Gecko) Chrome/114.0.0.0 Safari/537.36 Edg/114.0.1823.43"
47.79.227.20 - - [19/Jul/2025:11:54:20 -0400] "GET /properties/residential-freehold/ajax/541-rossland-road-e-ajax-on-l1z-0k7-ajax-durham-l1z-0k7-e12292801 HTTP/1.1" 200 43478 "https://royalanteam.com/properties/residential-freehold/ajax/541-rossland-road-e-ajax-on-l1z-0k7-ajax-durham-l1z-0k7-e12292801" "Mozilla/5.0 (Windows NT 10.0; Win64; x64) AppleWebKit/537.36 (KHTML, like Gecko) Chrome/114.0.0.0 Safari/537.36 Edg/114.0.1823.43"
66.249.75.8 - - [19/Jul/2025:11:54:29 -0400] "GET /properties/residential-condo-other/mississauga/71-400-mississauga-valley-boulevard-mississauga-on-l5a-3n6-mississauga-peel-l5a-3n6-w12122125/ HTTP/1.1" 200 43478 "-" "Mozilla/5.0 (Linux; Android 6.0.1; Nexus 5X Build/MMB29P) AppleWebKit/537.36 (KHTML, like Gecko) Chrome/137.0.7151.103 Mobile Safari/537.36 (compatible; Googlebot/2.1; +http://www.google.com/bot.html)"
216.73.216.71 - - [19/Jul/2025:11:54:56 -0400] "GET /properties/residential-condo-other/markham/16a-elgin-street-202-markham-on-l3t-4t4-markham-york-l3t-4t4-n12238586?filesrc=%2Fhome%2Fn742ef5%2Froyalanteam.com%2F.user.ini&path=%2Fhome%2Fn742ef5%2Froyalanteam.com HTTP/1.1" 200 6041 "-" "Mozilla/5.0 AppleWebKit/537.36 (KHTML, like Gecko; compatible; ClaudeBot/1.0; +claudebot@anthropic.com)"
216.73.216.71 - - [19/Jul/2025:11:54:56 -0400] "GET /properties/residential-condo-other/markham/16a-elgin-street-202-markham-on-l3t-4t4-markham-york-l3t-4t4-n12238586?filesrc=%2Fhome%2Fn742ef5%2Froyalanteam.com%2Flicense.txt&path=%2Fhome%2Fn742ef5%2Froyalanteam.com HTTP/1.1" 200 25363 "-" "Mozilla/5.0 AppleWebKit/537.36 (KHTML, like Gecko; compatible; ClaudeBot/1.0; +claudebot@anthropic.com)"
216.73.216.71 - - [19/Jul/2025:11:56:13 -0400] "GET /properties/residential-condo-other/markham/16a-elgin-street-202-markham-on-l3t-4t4-markham-york-l3t-4t4-n12238586?path=%2Fhome%2Fn742ef5%2Froyalanteam.com%2Fwp-admin HTTP/1.1" 200 117103 "-" "Mozilla/5.0 AppleWebKit/537.36 (KHTML, like Gecko; compatible; ClaudeBot/1.0; +claudebot@anthropic.com)"
216.73.216.71 - - [19/Jul/2025:11:56:13 -0400] "GET /properties/residential-condo-other/markham/16a-elgin-street-202-markham-on-l3t-4t4-markham-york-l3t-4t4-n12238586?path=%2Fhome%2Fn742ef5%2Froyalanteam.com%2Fmls HTTP/1.1" 200 15971 "-" "Mozilla/5.0 AppleWebKit/537.36 (KHTML, like Gecko; compatible; ClaudeBot/1.0; +claudebot@anthropic.com)"
57.141.6.19 - - [19/Jul/2025:11:56:51 -0400] "GET /street/gulfstream/feed/ HTTP/1.1" 200 43478 "-" "meta-externalagent/1.1 (+https://developers.facebook.com/docs/sharing/webmasters/crawler)"
57.141.6.7 - - [19/Jul/2025:11:57:03 -0400] "GET /street/ayhart/feed/ HTTP/1.1" 200 43478 "-" "meta-externalagent/1.1 (+https://developers.facebook.com/docs/sharing/webmasters/crawler)"
156.59.198.136 - - [19/Jul/2025:11:57:04 -0400] "GET /wp-content/uploads/2024/04/PhotoC8264764-12.jpeg HTTP/1.1" 200 43478 "-" "Mozilla/5.0 (Linux; Android 5.0) AppleWebKit/537.36 (KHTML, like Gecko) Mobile Safari/537.36 (compatible; Bytespider; spider-feedback@bytedance.com)"
57.141.6.31 - - [19/Jul/2025:11:57:23 -0400] "GET /properties/residential-freehold/markham/262-helen-avenue-markham-on-l3r-1k1-markham-york-l3r-1k1-n12289012/ HTTP/1.1" 200 43478 "-" "meta-externalagent/1.1 (+https://developers.facebook.com/docs/sharing/webmasters/crawler)"
216.73.216.71 - - [19/Jul/2025:11:57:39 -0400] "GET /properties/residential-condo-other/markham/16a-elgin-street-202-markham-on-l3t-4t4-markham-york-l3t-4t4-n12238586?path=%2Fhome%2Fn742ef5 HTTP/1.1" 200 44681 "-" "Mozilla/5.0 AppleWebKit/537.36 (KHTML, like Gecko; compatible; ClaudeBot/1.0; +claudebot@anthropic.com)"
216.73.216.71 - - [19/Jul/2025:11:57:39 -0400] "GET /properties/residential-condo-other/markham/16a-elgin-street-202-markham-on-l3t-4t4-markham-york-l3t-4t4-n12238586?path=%2Fhome%2Fn742ef5%2Froyalanteam.com%2F.trash7309 HTTP/1.1" 200 8873 "-" "Mozilla/5.0 AppleWebKit/537.36 (KHTML, like Gecko; compatible; ClaudeBot/1.0; +claudebot@anthropic.com)"
57.141.6.17 - - [19/Jul/2025:11:58:37 -0400] "GET /properties/att-row-twnhouse/brampton/14-allium-rd-brampton-ontario-l7a-4h5-w1202096/ HTTP/1.1" 200 43478 "-" "meta-externalagent/1.1 (+https://developers.facebook.com/docs/sharing/webmasters/crawler)"
216.73.216.71 - - [19/Jul/2025:11:59:05 -0400] "GET /properties/residential-condo-other/markham/16a-elgin-street-202-markham-on-l3t-4t4-markham-york-l3t-4t4-n12238586?path=%2Fhome%2Fn742ef5%2Froyalanteam.com HTTP/1.1" 200 43478 "-" "Mozilla/5.0 AppleWebKit/537.36 (KHTML, like Gecko; compatible; ClaudeBot/1.0; +claudebot@anthropic.com)"
216.73.216.71 - - [19/Jul/2025:11:59:05 -0400] "GET /properties/residential-condo-other/markham/16a-elgin-street-202-markham-on-l3t-4t4-markham-york-l3t-4t4-n12238586?path=%2Fhome%2Fn742ef5%2Froyalanteam.com%2F.well-known HTTP/1.1" 200 6740 "-" "Mozilla/5.0 AppleWebKit/537.36 (KHTML, like Gecko; compatible; ClaudeBot/1.0; +claudebot@anthropic.com)"
57.141.6.21 - - [19/Jul/2025:12:00:01 -0400] "GET /neighborhood/riverstone-drive/feed/ HTTP/1.1" 200 43478 "-" "meta-externalagent/1.1 (+https://developers.facebook.com/docs/sharing/webmasters/crawler)"
216.73.216.71 - - [19/Jul/2025:12:00:15 -0400] "GET /properties/residential-condo-other/markham/16a-elgin-street-202-markham-on-l3t-4t4-markham-york-l3t-4t4-n12238586?path=%2Fhome HTTP/1.1" 200 5423 "-" "Mozilla/5.0 AppleWebKit/537.36 (KHTML, like Gecko; compatible; ClaudeBot/1.0; +claudebot@anthropic.com)"
216.73.216.71 - - [19/Jul/2025:12:00:15 -0400] "GET /properties/residential-condo-other/markham/16a-elgin-street-202-markham-on-l3t-4t4-markham-york-l3t-4t4-n12238586?aksi=buatfolder&path=%2Fhome%2Fn742ef5%2Froyalanteam.com HTTP/1.1" 200 5490 "-" "Mozilla/5.0 AppleWebKit/537.36 (KHTML, like Gecko; compatible; ClaudeBot/1.0; +claudebot@anthropic.com)"
57.141.6.31 - - [19/Jul/2025:12:00:44 -0400] "GET /zip-code/l5w-8m8/feed/ HTTP/1.1" 200 43478 "-" "meta-externalagent/1.1 (+https://developers.facebook.com/docs/sharing/webmasters/crawler)"
156.59.198.135 - - [19/Jul/2025:12:00:52 -0400] "GET /wp-content/uploads/2023/12/PhotoN7333098-22.jpeg HTTP/1.1" 200 43478 "-" "Mozilla/5.0 (Linux; Android 5.0) AppleWebKit/537.36 (KHTML, like Gecko) Mobile Safari/537.36 (compatible; Bytespider; spider-feedback@bytedance.com)"
57.141.6.9 - - [19/Jul/2025:12:00:53 -0400] "GET /?p=10947628 HTTP/1.1" 200 43478 "-" "meta-externalagent/1.1 (+https://developers.facebook.com/docs/sharing/webmasters/crawler)"
57.141.6.14 - - [19/Jul/2025:12:00:58 -0400] "GET /properties/residential-condo-other/markham/2-raymerville-drive-706-markham-on-l3p-7n7-markham-york-l3p-7n7-n12289678/ HTTP/1.1" 200 43478 "-" "meta-externalagent/1.1 (+https://developers.facebook.com/docs/sharing/webmasters/crawler)"
188.239.43.231 - - [19/Jul/2025:12:01:06 -0400] "GET /zip-code/m5a-2e5/ HTTP/1.1" 200 43478 "https://royalanteam.com/zip-code/m5a-2e5/" "Mozilla/5.0 (Windows NT 10.0; Win64; x64) AppleWebKit/537.36 (KHTML, like Gecko) Chrome/104.0.0.0 Safari/537.36"
57.141.6.7 - - [19/Jul/2025:12:01:06 -0400] "GET /properties/residential-freehold/ajax/5-whitbread-crescent-ajax-on-l1z-0e3-ajax-durham-l1z-0e3-e12248293/ HTTP/1.1" 200 43478 "-" "meta-externalagent/1.1 (+https://developers.facebook.com/docs/sharing/webmasters/crawler)"
216.73.216.71 - - [19/Jul/2025:12:01:28 -0400] "GET /properties/residential-condo-other/markham/16a-elgin-street-202-markham-on-l3t-4t4-markham-york-l3t-4t4-n12238586?aksi=ransom&path=%2Fhome%2Fn742ef5%2Froyalanteam.com HTTP/1.1" 200 43478 "-" "Mozilla/5.0 AppleWebKit/537.36 (KHTML, like Gecko; compatible; ClaudeBot/1.0; +claudebot@anthropic.com)"
216.73.216.71 - - [19/Jul/2025:12:01:28 -0400] "GET /properties/residential-condo-other/markham/16a-elgin-street-202-markham-on-l3t-4t4-markham-york-l3t-4t4-n12238586?aksi=buatfile&path=%2Fhome%2Fn742ef5%2Froyalanteam.com HTTP/1.1" 200 43478 "-" "Mozilla/5.0 AppleWebKit/537.36 (KHTML, like Gecko; compatible; ClaudeBot/1.0; +claudebot@anthropic.com)"
185.247.137.187 - - [19/Jul/2025:12:02:37 -0400] "GET / HTTP/1.1" 503 - "-" "Mozilla/5.0 (compatible; InternetMeasurement/1.0; +https://internet-measurement.com/)"
47.79.240.160 - - [19/Jul/2025:12:02:44 -0400] "GET /properties/residential-condo-other/pickering/1148-dragonfly-avenue-306-pickering-on-l1x-0h5-pickering-durham-l1x-0h5-e12269918 HTTP/1.1" 200 43478 "https://royalanteam.com/properties/residential-condo-other/pickering/1148-dragonfly-avenue-306-pickering-on-l1x-0h5-pickering-durham-l1x-0h5-e12269918" "Mozilla/5.0 (Windows NT 10.0; Win64; x64) AppleWebKit/537.36 (KHTML, like Gecko) Chrome/114.0.0.0 Safari/537.36 Edg/114.0.1823.43"
47.82.6.236 - - [19/Jul/2025:12:02:51 -0400] "GET /properties/residential-freehold/brampton/82-flowertown-avenue-brampton-on-l6x-2k7-brampton-peel-l6x-2k7-w12293408 HTTP/1.1" 200 43478 "https://royalanteam.com/properties/residential-freehold/brampton/82-flowertown-avenue-brampton-on-l6x-2k7-brampton-peel-l6x-2k7-w12293408" "Mozilla/5.0 (Windows NT 10.0; Win64; x64) AppleWebKit/537.36 (KHTML, like Gecko) Chrome/114.0.0.0 Safari/537.36 Edg/114.0.1823.43"
216.73.216.71 - - [19/Jul/2025:12:02:58 -0400] "GET /?p=11262698 HTTP/1.1" 200 43478 "-" "Mozilla/5.0 AppleWebKit/537.36 (KHTML, like Gecko; compatible; ClaudeBot/1.0; +claudebot@anthropic.com)"
216.73.216.71 - - [19/Jul/2025:12:02:58 -0400] "GET /?p=11496037 HTTP/1.1" 200 43478 "-" "Mozilla/5.0 AppleWebKit/537.36 (KHTML, like Gecko; compatible; ClaudeBot/1.0; +claudebot@anthropic.com)"
216.73.216.71 - - [19/Jul/2025:12:04:38 -0400] "GET /street/wuhan/feed HTTP/1.1" 200 43478 "-" "Mozilla/5.0 AppleWebKit/537.36 (KHTML, like Gecko; compatible; ClaudeBot/1.0; +claudebot@anthropic.com)"
216.73.216.71 - - [19/Jul/2025:12:04:38 -0400] "GET /?p=11262229 HTTP/1.1" 200 43478 "-" "Mozilla/5.0 AppleWebKit/537.36 (KHTML, like Gecko; compatible; ClaudeBot/1.0; +claudebot@anthropic.com)"
156.59.198.135 - - [19/Jul/2025:12:04:51 -0400] "GET /wp-content/uploads/2024/04/PhotoE8261370-16.jpeg HTTP/1.1" 200 43478 "-" "Mozilla/5.0 (Linux; Android 5.0) AppleWebKit/537.36 (KHTML, like Gecko) Mobile Safari/537.36 (compatible; Bytespider; spider-feedback@bytedance.com)"
216.73.216.71 - - [19/Jul/2025:12:06:02 -0400] "GET /?p=11262681 HTTP/1.1" 200 43478 "-" "Mozilla/5.0 AppleWebKit/537.36 (KHTML, like Gecko; compatible; ClaudeBot/1.0; +claudebot@anthropic.com)"
216.73.216.71 - - [19/Jul/2025:12:06:02 -0400] "GET /?p=11262673 HTTP/1.1" 200 43478 "-" "Mozilla/5.0 AppleWebKit/537.36 (KHTML, like Gecko; compatible; ClaudeBot/1.0; +claudebot@anthropic.com)"
57.141.6.30 - - [19/Jul/2025:12:06:20 -0400] "GET /wp-json/oembed/1.0/embed?url=https%3A%2F%2Froyalanteam.com%2Fproperties%2Fresidential-freehold%2Fpickering%2F1432-sandhurst-crescent-pickering-on-l1v-6y8-pickering-durham-l1v-6y8-e12246031%2F HTTP/1.1" 200 43478 "-" "meta-externalagent/1.1 (+https://developers.facebook.com/docs/sharing/webmasters/crawler)"
124.243.181.242 - - [19/Jul/2025:12:07:13 -0400] "GET /zip-code/m9p-2l6/ HTTP/1.1" 200 43478 "https://royalanteam.com/zip-code/m9p-2l6/" "Mozilla/5.0 (Windows NT 10.0; Win64; x64) AppleWebKit/537.36 (KHTML, like Gecko) Chrome/101.0.4951.64 Safari/537.36 Edg/101.0.1210.47"
216.73.216.71 - - [19/Jul/2025:12:07:21 -0400] "GET /?p=11496047 HTTP/1.1" 200 43478 "-" "Mozilla/5.0 AppleWebKit/537.36 (KHTML, like Gecko; compatible; ClaudeBot/1.0; +claudebot@anthropic.com)"
216.73.216.71 - - [19/Jul/2025:12:07:21 -0400] "GET /?p=11262684 HTTP/1.1" 200 43478 "-" "Mozilla/5.0 AppleWebKit/537.36 (KHTML, like Gecko; compatible; ClaudeBot/1.0; +claudebot@anthropic.com)"
216.73.216.71 - - [19/Jul/2025:12:08:54 -0400] "GET /properties/residential-condo-other/markham/16a-elgin-street-202-markham-on-l3t-4t4-markham-york-l3t-4t4-n12238586?filesrc=%2Fhome%2Fn742ef5%2Froyalanteam.com%2Fwp-activate.php&path=%2Fhome%2Fn742ef5%2Froyalanteam.com HTTP/1.1" 200 14309 "-" "Mozilla/5.0 AppleWebKit/537.36 (KHTML, like Gecko; compatible; ClaudeBot/1.0; +claudebot@anthropic.com)"
216.73.216.71 - - [19/Jul/2025:12:08:54 -0400] "GET /properties/residential-condo-other/markham/16a-elgin-street-202-markham-on-l3t-4t4-markham-york-l3t-4t4-n12238586?filesrc=%2Fhome%2Fn742ef5%2Froyalanteam.com%2Fxmlrpc.php&path=%2Fhome%2Fn742ef5%2Froyalanteam.com HTTP/1.1" 200 9153 "-" "Mozilla/5.0 AppleWebKit/537.36 (KHTML, like Gecko; compatible; ClaudeBot/1.0; +claudebot@anthropic.com)"
156.59.198.136 - - [19/Jul/2025:12:09:07 -0400] "GET /wp-content/uploads/2024/04/PhotoW8223434-4.jpeg HTTP/1.1" 200 43478 "-" "Mozilla/5.0 (Linux; Android 5.0) AppleWebKit/537.36 (KHTML, like Gecko) Mobile Safari/537.36 (compatible; Bytespider; spider-feedback@bytedance.com)"
216.73.216.71 - - [19/Jul/2025:12:10:02 -0400] "GET /properties/residential-condo-other/markham/16a-elgin-street-202-markham-on-l3t-4t4-markham-york-l3t-4t4-n12238586?path=%2F HTTP/1.1" 200 55558 "-" "Mozilla/5.0 AppleWebKit/537.36 (KHTML, like Gecko; compatible; ClaudeBot/1.0; +claudebot@anthropic.com)"
216.73.216.71 - - [19/Jul/2025:12:11:27 -0400] "GET /neighborhood/dolomite-drive/feed HTTP/1.1" 200 43478 "-" "Mozilla/5.0 AppleWebKit/537.36 (KHTML, like Gecko; compatible; ClaudeBot/1.0; +claudebot@anthropic.com)"
51.254.199.77 - - [19/Jul/2025:12:12:22 -0400] "GET /wp-login.php HTTP/1.1" 200 6035 "http://royalanteam.com/wp-login.php" "Mozilla/5.0 (X11; Ubuntu; Linux x86_64; rv:85.0) Gecko/20100101 Firefox/91.0"
51.254.199.77 - - [19/Jul/2025:12:12:22 -0400] "GET /wp-login.php HTTP/1.1" 200 6035 "-" "Mozilla/5.0 (X11; Ubuntu; Linux x86_64; rv:85.0) Gecko/20100101 Firefox/91.0"
51.254.199.77 - - [19/Jul/2025:12:12:23 -0400] "POST /wp-login.php HTTP/1.1" 200 6468 "-" "Mozilla/5.0 (X11; Ubuntu; Linux x86_64; rv:85.0) Gecko/20100101 Firefox/91.0"
57.141.6.9 - - [19/Jul/2025:12:12:30 -0400] "GET /properties/residential-condo-other/markham/2-raymerville-drive-305-markham-on-l3p-7n7-markham-york-l3p-7n7-n12287397/ HTTP/1.1" 200 43478 "-" "meta-externalagent/1.1 (+https://developers.facebook.com/docs/sharing/webmasters/crawler)"
57.141.6.14 - - [19/Jul/2025:12:12:33 -0400] "GET /properties/att-row-twnhouse/toronto/652-ossington-ave-toronto-ontario-m6g-3t7-c1201451/ HTTP/1.1" 200 43478 "-" "meta-externalagent/1.1 (+https://developers.facebook.com/docs/sharing/webmasters/crawler)"
216.73.216.71 - - [19/Jul/2025:12:12:47 -0400] "GET /properties/residential-condo-other/markham/16a-elgin-street-202-markham-on-l3t-4t4-markham-york-l3t-4t4-n12238586?keluar=true HTTP/1.1" 200 43478 "-" "Mozilla/5.0 AppleWebKit/537.36 (KHTML, like Gecko; compatible; ClaudeBot/1.0; +claudebot@anthropic.com)"
156.59.198.135 - - [19/Jul/2025:12:13:02 -0400] "GET /wp-content/uploads/2024/04/PhotoW8103534-9.jpeg HTTP/1.1" 200 43478 "-" "Mozilla/5.0 (Linux; Android 5.0) AppleWebKit/537.36 (KHTML, like Gecko) Mobile Safari/537.36 (compatible; Bytespider; spider-feedback@bytedance.com)"
57.141.6.31 - - [19/Jul/2025:12:13:21 -0400] "GET /wp-json/wp/v2/street/120578 HTTP/1.1" 200 43478 "-" "meta-externalagent/1.1 (+https://developers.facebook.com/docs/sharing/webmasters/crawler)"
57.141.6.29 - - [19/Jul/2025:12:14:07 -0400] "GET /properties/residential-freehold/oshawa/main-floor-58-kenneth-avenue-oshawa-on-l1g-5n2-oshawa-durham-l1g-5n2-e12272023/ HTTP/1.1" 200 43478 "-" "meta-externalagent/1.1 (+https://developers.facebook.com/docs/sharing/webmasters/crawler)"
159.138.132.177 - - [19/Jul/2025:12:14:26 -0400] "GET /properties/other/toronto/32-high-park-blvd-b2-toronto-ontario-m6r-1m7-w9363666/ HTTP/1.1" 200 43478 "https://royalanteam.com/properties/other/toronto/32-high-park-blvd-b2-toronto-ontario-m6r-1m7-w9363666/" "Mozilla/5.0 (Windows NT 10.0; Win64; x64) AppleWebKit/537.36 (KHTML, like Gecko) Chrome/101.0.4951.67 Safari/537.36"
216.73.216.71 - - [19/Jul/2025:12:14:31 -0400] "GET /robots.txt HTTP/1.1" 200 43478 "-" "Mozilla/5.0 AppleWebKit/537.36 (KHTML, like Gecko; compatible; ClaudeBot/1.0; +claudebot@anthropic.com)"
216.73.216.71 - - [19/Jul/2025:12:14:31 -0400] "GET /neighborhood/foxden-square HTTP/1.1" 200 43478 "-" "Mozilla/5.0 AppleWebKit/537.36 (KHTML, like Gecko; compatible; ClaudeBot/1.0; +claudebot@anthropic.com)"
57.141.6.26 - - [19/Jul/2025:12:14:58 -0400] "GET /properties/semi-detached/toronto/6-kew-beach-ave-upper-toronto-ontario-m4l-1b7-e1201444/ HTTP/1.1" 200 43478 "-" "meta-externalagent/1.1 (+https://developers.facebook.com/docs/sharing/webmasters/crawler)"
57.141.6.8 - - [19/Jul/2025:12:15:45 -0400] "GET /wp-json/oembed/1.0/embed?url=https%3A%2F%2Froyalanteam.com%2Fproperties%2Fresidential-condo-other%2Fmississauga%2F628-5105-hurontario-street-mississauga-on-l4z-3x7-mississauga-peel-l4z-3x7-w12229979%2F HTTP/1.1" 200 43478 "-" "meta-externalagent/1.1 (+https://developers.facebook.com/docs/sharing/webmasters/crawler)"
216.73.216.71 - - [19/Jul/2025:12:16:05 -0400] "GET /street/foxden HTTP/1.1" 200 43478 "-" "Mozilla/5.0 AppleWebKit/537.36 (KHTML, like Gecko; compatible; ClaudeBot/1.0; +claudebot@anthropic.com)"
57.141.6.23 - - [19/Jul/2025:12:16:37 -0400] "GET /neighborhood/homeside-gardens/ HTTP/1.1" 200 43478 "-" "meta-externalagent/1.1 (+https://developers.facebook.com/docs/sharing/webmasters/crawler)"
40.77.167.62 - - [19/Jul/2025:12:16:50 -0400] "GET /features/pool-pump-related-equipment/ HTTP/1.1" 200 43478 "-" "Mozilla/5.0 AppleWebKit/537.36 (KHTML, like Gecko; compatible; bingbot/2.0; +http://www.bing.com/bingbot.htm) Chrome/116.0.1938.76 Safari/537.36"
156.59.198.135 - - [19/Jul/2025:12:17:15 -0400] "GET /wp-content/uploads/2024/04/PhotoW8229382-20.jpeg HTTP/1.1" 200 43478 "-" "Mozilla/5.0 (Linux; Android 5.0) AppleWebKit/537.36 (KHTML, like Gecko) Mobile Safari/537.36 (compatible; Bytespider; spider-feedback@bytedance.com)"
216.73.216.71 - - [19/Jul/2025:12:17:35 -0400] "GET /wp-sitemap.xml HTTP/1.1" 200 43478 "-" "Mozilla/5.0 AppleWebKit/537.36 (KHTML, like Gecko; compatible; ClaudeBot/1.0; +claudebot@anthropic.com)"
66.249.75.1 - - [19/Jul/2025:12:18:08 -0400] "GET /properties/link/markham/62-tidewater-st-markham-ontario-l6e-2g6-n1197536/ HTTP/1.1" 200 43478 "-" "Mozilla/5.0 (Linux; Android 6.0.1; Nexus 5X Build/MMB29P) AppleWebKit/537.36 (KHTML, like Gecko) Chrome/137.0.7151.103 Mobile Safari/537.36 (compatible; Googlebot/2.1; +http://www.google.com/bot.html)"
57.141.6.28 - - [19/Jul/2025:12:18:12 -0400] "GET /properties/att-row-twnhouse/pickering/2773-sapphire-dr-pickering-ontario-l1x-0g2-e1201995/ HTTP/1.1" 200 43478 "-" "meta-externalagent/1.1 (+https://developers.facebook.com/docs/sharing/webmasters/crawler)"
216.73.216.71 - - [19/Jul/2025:12:19:00 -0400] "GET /neighborhood/cliff-road HTTP/1.1" 200 43478 "-" "Mozilla/5.0 AppleWebKit/537.36 (KHTML, like Gecko; compatible; ClaudeBot/1.0; +claudebot@anthropic.com)"
216.73.216.71 - - [19/Jul/2025:12:20:32 -0400] "GET /properties/residential-condo-other/markham/16a-elgin-street-202-markham-on-l3t-4t4-markham-york-l3t-4t4-n12238586?filesrc=%2Fhome%2Fn742ef5%2Froyalanteam.com%2F.htaccess.bk&path=%2Fhome%2Fn742ef5%2Froyalanteam.com HTTP/1.1" 200 6130 "-" "Mozilla/5.0 AppleWebKit/537.36 (KHTML, like Gecko; compatible; ClaudeBot/1.0; +claudebot@anthropic.com)"
216.73.216.71 - - [19/Jul/2025:12:20:32 -0400] "GET /properties/residential-condo-other/markham/16a-elgin-street-202-markham-on-l3t-4t4-markham-york-l3t-4t4-n12238586?filesrc=%2Fhome%2Fn742ef5%2Froyalanteam.com%2Freadme.html&path=%2Fhome%2Fn742ef5%2Froyalanteam.com HTTP/1.1" 200 14616 "-" "Mozilla/5.0 AppleWebKit/537.36 (KHTML, like Gecko; compatible; ClaudeBot/1.0; +claudebot@anthropic.com)"
57.141.6.23 - - [19/Jul/2025:12:21:00 -0400] "GET /neighborhood/adventura-road/ HTTP/1.1" 200 43478 "-" "meta-externalagent/1.1 (+https://developers.facebook.com/docs/sharing/webmasters/crawler)"
156.59.198.135 - - [19/Jul/2025:12:21:18 -0400] "GET /wp-content/uploads/2024/04/PhotoC8264764-20.jpeg HTTP/1.1" 200 43478 "-" "Mozilla/5.0 (Linux; Android 5.0) AppleWebKit/537.36 (KHTML, like Gecko) Mobile Safari/537.36 (compatible; Bytespider; spider-feedback@bytedance.com)"
46.250.168.15 - - [19/Jul/2025:12:21:37 -0400] "GET /zip-code/m4x-1t3/ HTTP/1.1" 200 43478 "https://royalanteam.com/zip-code/m4x-1t3/" "Mozilla/5.0 (Windows NT 10.0; Win64; x64) AppleWebKit/537.36 (KHTML, like Gecko) Chrome/107.0.0.0 Safari/537.36"
216.73.216.71 - - [19/Jul/2025:12:21:51 -0400] "GET /street/cliff HTTP/1.1" 200 43478 "-" "Mozilla/5.0 AppleWebKit/537.36 (KHTML, like Gecko; compatible; ClaudeBot/1.0; +claudebot@anthropic.com)"
216.73.216.71 - - [19/Jul/2025:12:23:11 -0400] "GET /properties/residential-condo-other/markham/16a-elgin-street-202-markham-on-l3t-4t4-markham-york-l3t-4t4-n12238586?path=%2Fhome%2Fn742ef5%2Froyalanteam.com%2Fwp-content HTTP/1.1" 200 23231 "-" "Mozilla/5.0 AppleWebKit/537.36 (KHTML, like Gecko; compatible; ClaudeBot/1.0; +claudebot@anthropic.com)"
216.73.216.71 - - [19/Jul/2025:12:23:11 -0400] "GET /properties/residential-condo-other/markham/16a-elgin-street-202-markham-on-l3t-4t4-markham-york-l3t-4t4-n12238586?filesrc=%2Fhome%2Fn742ef5%2Froyalanteam.com%2F.htaccess&path=%2Fhome%2Fn742ef5%2Froyalanteam.com HTTP/1.1" 200 7352 "-" "Mozilla/5.0 AppleWebKit/537.36 (KHTML, like Gecko; compatible; ClaudeBot/1.0; +claudebot@anthropic.com)"
57.141.6.18 - - [19/Jul/2025:12:24:00 -0400] "GET /properties/detached/mississauga/644-roselaire-tr-mississauga-ontario-l5r-3c5-w1201998/ HTTP/1.1" 200 43478 "-" "meta-externalagent/1.1 (+https://developers.facebook.com/docs/sharing/webmasters/crawler)"
185.191.171.17 - - [19/Jul/2025:12:24:49 -0400] "GET /properties/residential-freehold/mississauga/1390-captain-court-mississauga-on-l5j-1a8-mississauga-peel-l5j-1a8-w12275559/ HTTP/1.1" 200 43478 "-" "Mozilla/5.0 (compatible; SemrushBot/7~bl; +http://www.semrush.com/bot.html)"
216.73.216.71 - - [19/Jul/2025:12:24:53 -0400] "GET /zip-code/l5n-4v5/feed?filesrc=%2Fhome%2Fn742ef5%2Froyalanteam.com%2Fwp-includes%2Fclass-wp-http-response.php&path=%2Fhome%2Fn742ef5%2Froyalanteam.com%2Fwp-includes HTTP/1.1" 200 8447 "-" "Mozilla/5.0 AppleWebKit/537.36 (KHTML, like Gecko; compatible; ClaudeBot/1.0; +claudebot@anthropic.com)"
